{"id":220,"date":"2022-09-08T14:49:17","date_gmt":"2022-09-08T17:49:17","guid":{"rendered":"https:\/\/paisdemossoro.com.br\/wordpress\/progep\/?page_id=220"},"modified":"2023-02-08T12:59:17","modified_gmt":"2023-02-08T15:59:17","slug":"aposentadoria","status":"publish","type":"page","link":"https:\/\/portal.uern.br\/progep\/aposentadoria\/","title":{"rendered":"Aposentadoria"},"content":{"rendered":"<h3>UM OLHAR PARA O AMANH\u00c3<\/h3>\n<h4>Programa de Prepara\u00e7\u00e3o Para Aposentadoria (PPA)<\/h4>\n<p>A aposentadoria \u00e9 um direito garantido a quem trabalhou por determinado per\u00edodo de tempo. Do ponto de vista psicol\u00f3gico e social, sua aproxima\u00e7\u00e3o se configura muitas vezes como um momento de estresse e de expectativa para o trabalhador, capaz de suscitar rea\u00e7\u00f5es distintas, que v\u00e3o desde um sentimento\u00a0 de dever cumprido a uma impress\u00e3o de inatividade. Deste modo, a decis\u00e3o de se desvincular das atividades funcionais provoca mudan\u00e7as importantes na vida das pessoas, principalmente quando os v\u00ednculos estabelecidos s\u00e3o profundos.<\/p>\n<p>Ao se aposentar, \u00e9 necess\u00e1rio que a pessoa aprenda a fazer uso do seu tempo livre. Por isso, em muitos casos, essa nova etapa da vida pode gerar ang\u00fastias, d\u00favidas e inseguran\u00e7as. Deste modo, quanto mais cedo as reflex\u00f5es sobre esse novo momento forem iniciadas, mais tranquila e prazerosa ser\u00e1 a transi\u00e7\u00e3o.<\/p>\n<p>Buscando uma maneira de atenuar os conflitos pr\u00e9 e p\u00f3s vida funcional, a Pr\u00f3-Reitoria de Gest\u00e3o de Pessoas\/PROGEP promove o Programa de Prepara\u00e7\u00e3o Para Aposentadoria, tendo como t\u00edtulo o\u00a0<strong>\u201cUm olhar para o Amanh\u00e3\u201d<\/strong>, destinado aos servidores que est\u00e3o em processo de aposentadoria e aos j\u00e1 aposentados.<\/p>\n<p>O Programa \u00e9 composto por diversas atividades voltadas a instruir e acompanhar o servidor a ingressar na vida p\u00f3s-carreira, fazendo com que o mesmo continue se sentindo \u00fatil, produtivo e com a autoestima elevada, capaz de continuar desfrutando da vida com plenitude e motiva\u00e7\u00e3o.<\/p>\n<p>Um Olhar para o Amanh\u00e3\u00a0comp\u00f5e-se de diversas atividade que abordam assuntos relacionados ao processo de aposentadoria, ajudando a aprofundar as reflex\u00f5es sobre o tema, al\u00e9m de proporcionar troca de experi\u00eancias com outros colegas. Somando uma Carga Hor\u00e1ria de 30 horas.<\/p>\n<hr \/>\n<h4>Objetivo<\/h4>\n<p>Proporcionar melhor compreens\u00e3o e aceita\u00e7\u00e3o da transi\u00e7\u00e3o da vida laboral para a aposentadoria, auxiliando no planejamento e encerramento de suas atividades no servi\u00e7o p\u00fablico, nos aspectos profissional, psicol\u00f3gico, pessoal e relacional com seus colegas de trabalho e seus familiares.<\/p>\n<hr \/>\n<p><img decoding=\"async\" src=\"https:\/\/www.uern.br\/controledepaginas\/progep-assistencia\/imagens\/60396039curso_do_ppa_na_faef_19092016_(12)_2000x1333.jpg\" alt=\"\" \/><\/p>\n<h4>Das Atividades<\/h4>\n<p>As atividades s\u00e3o desenvolvidas em tr\u00eas etapas distintas com foco nos aspectos de\u00a0<strong>Integra\u00e7\u00e3o<\/strong>,\u00a0<strong>Orienta\u00e7\u00e3o<\/strong>\u00a0e\u00a0<strong>Vivencial<\/strong>, por meio de m\u00f3dulos tem\u00e1ticos com dura\u00e7\u00e3o de quatro horas cada, totalizando 30 horas:<\/p>\n<p>1\u00b0 ETAPA\u00a0\u2013\u00a0<strong>Integra\u00e7\u00e3o dos servidores com o programa;<\/strong><\/p>\n<p>2\u00b0 ETAPA\u00a0\u2013\u00a0<strong>Minicursos de orienta\u00e7\u00e3o para um novo estilo de vida;<\/strong><\/p>\n<p>3\u00b0 ETAPA\u00a0\u2013\u00a0<strong>Promo\u00e7\u00e3o de atividades direcionadas \u00e0 Sa\u00fade, Cultura, Esporte e Lazer.<\/strong><\/p>\n<hr \/>\n<h4>PROGRAMA\u00c7\u00c3O COMPLETA<\/h4>\n<p>Para conhecer nossa programa\u00e7\u00e3o Clique AQUI<\/p>\n<hr \/>\n<h4>DICAS DE FILMES<\/h4>\n","protected":false},"excerpt":{"rendered":"<p>UM OLHAR PARA O AMANH\u00c3 Programa de Prepara\u00e7\u00e3o Para Aposentadoria (PPA) A aposentadoria \u00e9 um direito garantido a quem trabalhou por determinado per\u00edodo de tempo. Do ponto de vista psicol\u00f3gico e social, sua aproxima\u00e7\u00e3o se configura muitas vezes como um momento de estresse e de expectativa para o trabalhador, capaz de suscitar rea\u00e7\u00f5es distintas, que [&hellip;]<\/p>\n","protected":false},"author":1,"featured_media":0,"parent":0,"menu_order":0,"comment_status":"closed","ping_status":"closed","template":"","meta":{"footnotes":""},"class_list":["post-220","page","type-page","status-publish","hentry"],"_links":{"self":[{"href":"https:\/\/portal.uern.br\/progep\/wp-json\/wp\/v2\/pages\/220","targetHints":{"allow":["GET"]}}],"collection":[{"href":"https:\/\/portal.uern.br\/progep\/wp-json\/wp\/v2\/pages"}],"about":[{"href":"https:\/\/portal.uern.br\/progep\/wp-json\/wp\/v2\/types\/page"}],"author":[{"embeddable":true,"href":"https:\/\/portal.uern.br\/progep\/wp-json\/wp\/v2\/users\/1"}],"replies":[{"embeddable":true,"href":"https:\/\/portal.uern.br\/progep\/wp-json\/wp\/v2\/comments?post=220"}],"version-history":[{"count":3,"href":"https:\/\/portal.uern.br\/progep\/wp-json\/wp\/v2\/pages\/220\/revisions"}],"predecessor-version":[{"id":496,"href":"https:\/\/portal.uern.br\/progep\/wp-json\/wp\/v2\/pages\/220\/revisions\/496"}],"wp:attachment":[{"href":"https:\/\/portal.uern.br\/progep\/wp-json\/wp\/v2\/media?parent=220"}],"curies":[{"name":"wp","href":"https:\/\/api.w.org\/{rel}","templated":true}]}}

<h3>UM OLHAR PARA O AMANHÃ</h3>
<h4>Programa de Preparação Para Aposentadoria (PPA)</h4>
<p>A aposentadoria é um direito garantido a quem trabalhou por determinado período de tempo. Do ponto de vista psicológico e social, sua aproximação se configura muitas vezes como um momento de estresse e de expectativa para o trabalhador, capaz de suscitar reações distintas, que vão desde um sentimento  de dever cumprido a uma impressão de inatividade. Deste modo, a decisão de se desvincular das atividades funcionais provoca mudanças importantes na vida das pessoas, principalmente quando os vínculos estabelecidos são profundos.</p>
<p>Ao se aposentar, é necessário que a pessoa aprenda a fazer uso do seu tempo livre. Por isso, em muitos casos, essa nova etapa da vida pode gerar angústias, dúvidas e inseguranças. Deste modo, quanto mais cedo as reflexões sobre esse novo momento forem iniciadas, mais tranquila e prazerosa será a transição.</p>
<p>Buscando uma maneira de atenuar os conflitos pré e pós vida funcional, a Pró-Reitoria de Gestão de Pessoas/PROGEP promove o Programa de Preparação Para Aposentadoria, tendo como título o <strong>“Um olhar para o Amanhã”</strong>, destinado aos servidores que estão em processo de aposentadoria e aos já aposentados.</p>
<p>O Programa é composto por diversas atividades voltadas a instruir e acompanhar o servidor a ingressar na vida pós-carreira, fazendo com que o mesmo continue se sentindo útil, produtivo e com a autoestima elevada, capaz de continuar desfrutando da vida com plenitude e motivação.</p>
<p>Um Olhar para o Amanhã compõe-se de diversas atividade que abordam assuntos relacionados ao processo de aposentadoria, ajudando a aprofundar as reflexões sobre o tema, além de proporcionar troca de experiências com outros colegas. Somando uma Carga Horária de 30 horas.</p>
<hr />
<h4>Objetivo</h4>
<p>Proporcionar melhor compreensão e aceitação da transição da vida laboral para a aposentadoria, auxiliando no planejamento e encerramento de suas atividades no serviço público, nos aspectos profissional, psicológico, pessoal e relacional com seus colegas de trabalho e seus familiares.</p>
<hr />
<p><img decoding="async" src="https://www.uern.br/controledepaginas/progep-assistencia/imagens/60396039curso_do_ppa_na_faef_19092016_(12)_2000x1333.jpg" alt="" /></p>
<h4>Das Atividades</h4>
<p>As atividades são desenvolvidas em três etapas distintas com foco nos aspectos de <strong>Integração</strong>, <strong>Orientação</strong> e <strong>Vivencial</strong>, por meio de módulos temáticos com duração de quatro horas cada, totalizando 30 horas:</p>
<p>1° ETAPA – <strong>Integração dos servidores com o programa;</strong></p>
<p>2° ETAPA – <strong>Minicursos de orientação para um novo estilo de vida;</strong></p>
<p>3° ETAPA – <strong>Promoção de atividades direcionadas à Saúde, Cultura, Esporte e Lazer.</strong></p>
<hr />
<h4>PROGRAMAÇÃO COMPLETA</h4>
<p>Para conhecer nossa programação Clique AQUI</p>
<hr />
<h4>DICAS DE FILMES</h4>

<p>UM OLHAR PARA O AMANHÃ Programa de Preparação Para Aposentadoria (PPA) A aposentadoria é um direito garantido a quem trabalhou por determinado período de tempo. Do ponto de vista psicológico e social, sua aproximação se configura muitas vezes como um momento de estresse e de expectativa para o trabalhador, capaz de suscitar reações distintas, que [&hellip;]</p>
