{"id":201,"date":"2022-09-08T14:38:10","date_gmt":"2022-09-08T17:38:10","guid":{"rendered":"https:\/\/paisdemossoro.com.br\/wordpress\/progep\/?page_id=201"},"modified":"2023-02-08T13:54:34","modified_gmt":"2023-02-08T16:54:34","slug":"plano-individual-de-trabalho-pit","status":"publish","type":"page","link":"https:\/\/portal.uern.br\/progep\/plano-individual-de-trabalho-pit\/","title":{"rendered":"Plano Individual de Trabalho \u2013 PIT"},"content":{"rendered":"<h3>PLANO INDIVIDUAL DE TRABALHO (PIT)<\/h3>\n<p>&nbsp;<\/p>\n<ul>\n<li><a href=\"https:\/\/progep.uern.br\/cdcd\/default.asp?item=cdcd-apresentacao\" target=\"_blank\" rel=\"noopener\">Comiss\u00e3o de Distribui\u00e7\u00e3o de Carga Hor\u00e1ria Docente &#8211; CDCD<\/a><\/li>\n<li><a href=\"http:\/\/www.uern.br\/controledepaginas\/cdcd-resolucoes\/arquivos\/56892014_resolucao_n_036_2014_consepe.pdf\" target=\"_blank\" rel=\"noopener\">Resolu\u00e7\u00e3o n\u00ba 36\/2014-CONSEPE<\/a>\u00a0com acr\u00e9scimos\/altera\u00e7\u00f5es* &#8211; Aprova as normas de Distribui\u00e7\u00e3o de Carga Hor\u00e1ria Docente da UERN. (<strong>REVOGADA<\/strong>) *Contendo as altera\u00e7\u00f5es das resolu\u00e7\u00f5es: n\u00ba 40\/2014, n\u00ba 41\/2014, n\u00ba 34\/2017, n\u00ba 41\/2018, n\u00ba 13\/2021; n\u00ba 19\/2021.<\/li>\n<li><a href=\"http:\/\/www.uern.br\/controledepaginas\/cdcd-resolucoes\/arquivos\/56892021_resolucao_n_045_2021_consepe.pdf\" target=\"_blank\" rel=\"noopener\">Resolu\u00e7\u00e3o n\u00ba 045\/2021-CONSEPE<\/a>\u00a0&#8211;\u00a0Acrescenta atividades Administrativas ao quadro de distribui\u00e7\u00e3o de carga hor\u00e1riadocente, anexo \u00e0 Resolu\u00e7\u00e3o n\u00ba 36\/2014-CONSEPE.<\/li>\n<li><a href=\"http:\/\/www.uern.br\/controledepaginas\/cdcd-resolucoes\/arquivos\/56892021_resolucao_n_070_2021_consepe.pdf\" target=\"_blank\" rel=\"noopener\">Resolu\u00e7\u00e3o n\u00ba 070\/2021-CONSEPE<\/a>\u00a0&#8211;\u00a0Aprova as normas para a distribui\u00e7\u00e3o de carga hor\u00e1ria docente na Universidade do Estado do Rio Grande do Norte e revoga as Resolu\u00e7\u00f5es de n\u00bas 36, 40 e 41\/2014; n\u00ba 34\/2017; n\u00ba 41\/2018; n\u00ba 13 e 19\/2021 \u2013 CONSEPE.<\/li>\n<\/ul>\n<p>&nbsp;<\/p>\n<hr \/>\n<h3><strong>\u00a0 \u00a0<\/strong><\/h3>\n<h3><strong>EDITAL VIGENTE PARA 2022.2<\/strong><\/h3>\n<ul>\n<li><a href=\"http:\/\/www.uern.br\/controledepaginas\/cdcd-editais\/arquivos\/56882022_2_edital_pit_2022_2.pdf\" target=\"_blank\" rel=\"noopener\">Edital n\u00ba 071\/2022 \u2013 PROEG\/PROGEP<\/a>\u00a0&#8211; publicado na edi\u00e7\u00e3o do\u00a0<a href=\"http:\/\/portal.uern.br\/jouern\/wp-content\/uploads\/sites\/18\/2022\/07\/JOUERN-166-1.pdf\" target=\"_blank\" rel=\"noopener\">JOUERN, N\u00ba 166, p. 6, Ano IV em 15 de julho de 2022<\/a>.<\/li>\n<li><a href=\"http:\/\/www.uern.br\/controledepaginas\/cdcd-editais\/arquivos\/56882022_2_edital_pit_2022_2_formulario_de_solicitacao_docente_2022_2.zip\" target=\"_blank\" rel=\"noopener\">Formul\u00e1rio para An\u00e1lise de Solicita\u00e7\u00e3o de Contratos de Docente<\/a>\u00a0&#8211; Publicado em 15\/07\/2022<\/li>\n<li><a href=\"http:\/\/www.uern.br\/controledepaginas\/cdcd-editais\/arquivos\/56882022_2_edital_pit_2022_2_aditivo_01.pdf\" target=\"_blank\" rel=\"noopener\">Aditivo n\u00ba 01<\/a>\u00a0&#8211; Publicado em 23\/08\/2022 &#8211;\u00a0<a href=\"http:\/\/portal.uern.br\/jouern\/wp-content\/uploads\/sites\/18\/2022\/08\/JOUERN-194-24-ago-22.pdf\" target=\"_blank\" rel=\"noopener\">JOUERN<\/a><\/li>\n<\/ul>\n<p>&nbsp;<\/p>\n<p><strong>DATAS IMPORTANTES<\/strong><strong>\u00a0\u00a0<\/strong><\/p>\n<p><strong>30\/08\/2022 a 01\/09\/2022<br \/>\n<\/strong>Per\u00edodo destinado ao preenchimento, pelos docentes EFETIVOS e CONTRATADOS na Plataforma \u00cdntegra, do Plano Individual de Trabalho (PIT) referente ao semestre letivo 2022.2.<\/p>\n<p><strong>02\/09\/2022 e 05\/09\/2022<\/strong><br \/>\nPer\u00edodo destinado \u00e0 confer\u00eancia, pela Chefia do Departamento Acad\u00eamico, para inclus\u00f5es e\/ou ajustes nos PIT dos Docentes.<\/p>\n<p><strong>30\/08\/2022 a 05\/09\/2022<\/strong><br \/>\nPer\u00edodo destinado ao envio, pela Chefia do Departamento \u00e0 PROGEP, via SEI RN, do Relat\u00f3rio Anal\u00edtico e da Solicita\u00e7\u00e3o de Contratos de Docente para 2022.2 para substitui\u00e7\u00e3o de docentes efetivos nos termos da Lei estadual n\u00ba 9.939\/2015.<\/p>\n<p><strong>12\/09\/2022 a 23\/09\/2022<\/strong><br \/>\nPer\u00edodo de an\u00e1lise da distribui\u00e7\u00e3o da carga hor\u00e1ria pela Comiss\u00e3o de Distribui\u00e7\u00e3o de Carga Hor\u00e1ria Docente &#8211; CDCD.<\/p>\n<p><strong>19\/09\/2022 a 29\/09\/2022<\/strong><br \/>\nPer\u00edodo de ajustes e\/ou novo(s) cadastro(s) do(s) Componente(s) Curricular(es) Regular(es) e Especial(is) (nas formas de Acompanhamento Individual e Turma especial), pelas secretarias das Unidades Universit\u00e1rias\/Departamentos Acad\u00eamicos, para o semestre letivo 2022.2<\/p>\n<p><strong>23\/09\/2022<\/strong><br \/>\nPrazo final para recebimento de requerimento para inclus\u00e3o de novo(s) aluno(s) com pedido(s) julgado(s) favor\u00e1vel(is), pelo Departamento Acad\u00eamico, aos processos de oferta de Componente(s) Curricular(es) em car\u00e1ter especial nas formas de Acompanhamento Individual ou Turma Especial para o semestre letivo 2022.2.<\/p>\n<p><strong>29\/09\/2022<\/strong><br \/>\n\u00daltimo dia de cadastro no SAE, pelas Secretarias das Unidades Acad\u00eamicas\/Departamentos Acad\u00eamicos, do(s) novo(s) aluno(s) incluso(s) no processo que teve (tiveram) o(s) pedido(s) julgado(s) favor\u00e1vel(is) pelo Departamento Acad\u00eamico, para oferta de Componente(s) Curricular(s) em car\u00e1ter especial na forma de Acompanhamento Individual ou Turma Especial para o semestre letivo 2022.2.<\/p>\n<p><strong>04\/10\/2022<\/strong><br \/>\nPrazo final para publica\u00e7\u00e3o de edital, pelas Unidades Universit\u00e1rias, da oferta de Componente(s) Curricular(es) Regular(es) e Componente(s) Curricular(es) Especial(is) (nas formas de Acompanhamento Individual ou Turma Especial), com seus respectivos hor\u00e1rios de aulas, para o semestre letivo 2022.2.<\/p>\n<h3><strong>\u00a0<\/strong><\/h3>\n<p>&nbsp;<\/p>\n<p>&nbsp;<\/p>\n<hr \/>\n<p><strong>\u00a0 \u00a0<\/strong><\/p>\n<p><strong>2022.1\u00a0<\/strong><strong>(encerrado)<\/strong><\/p>\n<ul>\n<li><a href=\"http:\/\/www.uern.br\/controledepaginas\/cdcd-editais\/arquivos\/56882022_1_edital_09_2022_proeg_progep.pdf\" target=\"_blank\" rel=\"noopener\">Edital n\u00ba 09\/2022\u2013PROGE\/PROGEP\/UERN<\/a>\u00a0&#8211;\u00a0Edital publicado na edi\u00e7\u00e3o do\u00a0<a href=\"http:\/\/portal.uern.br\/jouern\/wp-content\/uploads\/sites\/18\/2022\/02\/UERN_Jornal-Oficial-122-18-jan-22.pdf\" target=\"_blank\" rel=\"noopener\">JOUERN, N\u00ba 122, p. 12, Ano IV em 18 de fevereiro de 2022<\/a>.<\/li>\n<li><a href=\"https:\/\/www.uern.br\/controledepaginas\/cdcd-editais\/arquivos\/56882021_2_formulario_solicitacao_docente.zip\" target=\"_blank\" rel=\"noopener\">Formul\u00e1rio para An\u00e1lise de Solicita\u00e7\u00e3o de Contratos de Docente<\/a>\u00a0&#8211; Publicado em 18\/02\/2022<\/li>\n<\/ul>\n<p>&nbsp;<\/p>\n<hr \/>\n<p><strong>\u00a0 \u00a0<\/strong><\/p>\n<p><strong>2021.2 (encerrado)<\/strong><\/p>\n<ul>\n<li><a href=\"http:\/\/www.uern.br\/controledepaginas\/cdcd-editais\/arquivos\/56882021_2_edital_pit_2021.pdf\" target=\"_blank\" rel=\"noopener\">Edital n\u00ba 02\/2021\u2013PIT\/PROGEP\/UERN<\/a>\u00a0&#8211; Publicado em 20\/08\/2021 &#8211;\u00a0<a href=\"http:\/\/portal.uern.br\/jouern\/wp-content\/uploads\/sites\/18\/2021\/08\/UERN_Jornal-Oficial-096-20-ago-21.pdf\" target=\"_blank\" rel=\"noopener\">JOUERN<\/a><\/li>\n<li><a href=\"https:\/\/www.uern.br\/controledepaginas\/cdcd-editais\/arquivos\/56882021_2_formulario_solicitacao_docente.zip\" target=\"_blank\" rel=\"noopener\">Formul\u00e1rio para An\u00e1lise de Solicita\u00e7\u00e3o de Contratos de Docente<\/a>\u00a0&#8211; Publicado em 20\/08\/2021<\/li>\n<li><a href=\"http:\/\/www.uern.br\/controledepaginas\/cdcd-editais\/arquivos\/56882021_2_edital_pit_2021_aditivo_01.pdf\" target=\"_blank\" rel=\"noopener\">Aditivo n\u00ba 01<\/a>\u00a0&#8211; Publicado em 24\/09\/2021 &#8211;\u00a0<a href=\"http:\/\/portal.uern.br\/jouern\/wp-content\/uploads\/sites\/18\/2021\/09\/UERN_Jornal-Oficial-101-24-set-21.pdf\" target=\"_blank\" rel=\"noopener\">JOUERN<\/a>\u00a0(sem efeito)<\/li>\n<li><a href=\"http:\/\/www.uern.br\/controledepaginas\/cdcd-editais\/arquivos\/56882021_2_edital_pit_2021_aditivo_02.pdf\" target=\"_blank\" rel=\"noopener\">Aditivo n\u00ba 02<\/a>\u00a0&#8211; Publicado em 01\/10\/2021 &#8211;\u00a0<a href=\"http:\/\/portal.uern.br\/jouern\/wp-content\/uploads\/sites\/18\/2021\/10\/UERN_Jornal-Oficial-102-01-out-21.pdf\" target=\"_blank\" rel=\"noopener\">JOUERN<\/a>\u00a0(sem efeito)<\/li>\n<li><a href=\"http:\/\/www.uern.br\/controledepaginas\/cdcd-editais\/arquivos\/56882021_2_edital_pit_2021_aditivo_03.pdf\" target=\"_blank\" rel=\"noopener\">Aditivo n\u00ba 03<\/a>\u00a0&#8211; publicado em 22\/10\/2021 &#8211;\u00a0<a href=\"http:\/\/portal.uern.br\/jouern\/wp-content\/uploads\/sites\/18\/2021\/10\/UERN_Jornal-Oficial-105-22-out-21.pdf\" target=\"_blank\" rel=\"noopener\">JOUERN<\/a><\/li>\n<\/ul>\n<p>&nbsp;<\/p>\n<hr \/>\n<p><strong>\u00a0 \u00a0<\/strong><\/p>\n<p><strong>2021.1 (encerrado)<\/strong><\/p>\n<ul>\n<li><a href=\"https:\/\/www.uern.br\/controledepaginas\/progep-pit\/arquivos\/4751edital_pit_2021_1.pdf\" target=\"_blank\" rel=\"noopener\">Edital<\/a><\/li>\n<li><a href=\"https:\/\/www.uern.br\/controledepaginas\/progep-pit\/arquivos\/4751edital_pit_2021_1_aditivo.docx.pdf\" target=\"_blank\" rel=\"noopener\">Aditivo do Edita<\/a>l<\/li>\n<li><a href=\"https:\/\/www.uern.br\/controledepaginas\/progep-pit\/arquivos\/4751formulario_para_analise_de_solicitacao_docente_para_2021_1.zip\" target=\"_blank\" rel=\"noopener\">Anexo I &#8211; Formul\u00e1rio de Solicita\u00e7\u00e3o Docente<\/a><\/li>\n<\/ul>\n<p>&nbsp;<\/p>\n<hr \/>\n<p><strong>\u00a0 \u00a0<\/strong><\/p>\n<p><strong>2020.2\u00a0(encerrado)<\/strong><\/p>\n<ul>\n<li><a href=\"https:\/\/www.uern.br\/controledepaginas\/progep-pit\/arquivos\/4751edital_pit_2020_2.pdf\" target=\"_blank\" rel=\"noopener\">Edital<\/a><\/li>\n<li><a href=\"https:\/\/www.uern.br\/controledepaginas\/progep-pit\/arquivos\/4751formulario_de_manutencao_docente_2020_2.zip\" target=\"_blank\" rel=\"noopener\">Anexo I &#8211; Formul\u00e1rio para MANUTEN\u00c7\u00c3O docente em\u00a0<em>word<\/em><\/a><\/li>\n<li>Memorando circular<\/li>\n<\/ul>\n<p>&nbsp;<\/p>\n<hr \/>\n<p><strong>\u00a0 \u00a0<\/strong><\/p>\n<p><strong>2020.1\u00a0(encerrado)<\/strong><\/p>\n<ul>\n<li><a href=\"https:\/\/www.uern.br\/controledepaginas\/progep-pit\/arquivos\/4751edital_pit_2020_1_retificado.pdf\" target=\"_blank\" rel=\"noopener\">Edital RETIFICADO<\/a><\/li>\n<li><a href=\"https:\/\/www.uern.br\/controledepaginas\/progep-pit\/arquivos\/4751formulario_de_solicitacao_docente_2019_1.pdf\" target=\"_blank\" rel=\"noopener\">Anexo I &#8211; Formul\u00e1rio para solicita\u00e7\u00e3o docente<\/a><\/li>\n<li><a href=\"https:\/\/www.uern.br\/controledepaginas\/progep-pit\/arquivos\/4751formulario_de_solicitacao_docente_2020_1.zip\" target=\"_blank\" rel=\"noopener\">Formul\u00e1rio para solicita\u00e7\u00e3o docente em WORD<\/a><\/li>\n<li><a href=\"https:\/\/www.uern.br\/controledepaginas\/progep-pit\/arquivos\/4751memorando_circular_18_2019_pit_2020_1.pdf\" target=\"_blank\" rel=\"noopener\">Memorando circular<\/a><\/li>\n<\/ul>\n<p>&nbsp;<\/p>\n<hr \/>\n<p><strong>\u00a0 \u00a0<\/strong><\/p>\n<p><strong>2019.2\u00a0(encerrado)<\/strong><\/p>\n<ul>\n<li><a href=\"https:\/\/www.uern.br\/controledepaginas\/progep-pit\/arquivos\/4751edital_pit_2019_2.pdf\" target=\"_blank\" rel=\"noopener\">Edital<\/a><\/li>\n<li><a href=\"https:\/\/www.uern.br\/controledepaginas\/progep-pit\/arquivos\/4751formula%C2%A1rio_de_solicitaa%C2%A7a%C2%A3o_docente_2019.2.zip\" target=\"_blank\" rel=\"noopener\">Formul\u00e1rio para solicita\u00e7\u00e3o docente em WORD<\/a>\u00a0(enviado via E-mail para departamentos e unidades acad\u00eamicas)<\/li>\n<li><a href=\"https:\/\/www.uern.br\/controledepaginas\/progep-pit\/arquivos\/4751memorando_circular_17_2019_pit_2019_2.pdf\" target=\"_blank\" rel=\"noopener\">Memorando circular<\/a><\/li>\n<li><a href=\"https:\/\/www.uern.br\/controledepaginas\/progep-pit\/arquivos\/4751relatorio_analitico_2019_2.zip\" target=\"_blank\" rel=\"noopener\">Relat\u00f3rios Anal\u00edticos da Distribui\u00e7\u00e3o da Carga Hor\u00e1ria Docente 2019.2<\/a><\/li>\n<\/ul>\n<p>&nbsp;<\/p>\n<hr \/>\n<p><strong>\u00a0 \u00a0<\/strong><\/p>\n<p><strong>2019.1\u00a0(encerrado)<\/strong><\/p>\n<ul>\n<li><a href=\"https:\/\/www.uern.br\/controledepaginas\/progep-pit\/arquivos\/4751edital_pit_2019_1_2.pdf\" target=\"_blank\" rel=\"noopener\">Edital &#8211; Retifica\u00e7\u00e3o I<\/a><\/li>\n<li><a href=\"https:\/\/www.uern.br\/controledepaginas\/progep-pit\/arquivos\/4751formulario_de_solicitacao_docente_2019_1.pdf\" target=\"_blank\" rel=\"noopener\">Formul\u00e1rio para solicita\u00e7\u00e3o docente em PDF<\/a><\/li>\n<li><a href=\"https:\/\/www.uern.br\/controledepaginas\/progep-pit\/arquivos\/4751formula%C2%A1rio_de_solicitaa%C2%A7a%C2%A3o_docente_2019.1.zip\" target=\"_blank\" rel=\"noopener\">Formul\u00e1rio para solicita\u00e7\u00e3o docente em WORD<\/a>\u00a0(enviado via E-mail para departamentos e unidades acad\u00eamicas)<\/li>\n<li><a href=\"https:\/\/www.uern.br\/controledepaginas\/progep-pit\/arquivos\/4751memo_circular_02_2019__pit_2019_1.pdf\" target=\"_blank\" rel=\"noopener\">Memorando circular<\/a><\/li>\n<\/ul>\n<p>&nbsp;<\/p>\n<hr \/>\n<p><strong>\u00a0 \u00a0<\/strong><\/p>\n<p><strong>2018.2\u00a0(encerrado)<\/strong><\/p>\n<ul>\n<li><a href=\"https:\/\/www.uern.br\/controledepaginas\/progep-pit\/arquivos\/4751edital_do_pit_2018_2.pdf\" target=\"_blank\" rel=\"noopener\">Edital<\/a><\/li>\n<li><a href=\"https:\/\/www.uern.br\/controledepaginas\/progep-pit\/arquivos\/4751formulario_solicitacao_docente_2018_2.pdf\" target=\"_blank\" rel=\"noopener\">Formul\u00e1rio para solicita\u00e7\u00e3o docente em PDF<\/a><\/li>\n<li><a href=\"https:\/\/www.uern.br\/controledepaginas\/progep-pit\/arquivos\/4751memo_circular_07_2018__pit_2018_2.pdf\" target=\"_blank\" rel=\"noopener\">Memorando circular<\/a><\/li>\n<\/ul>\n<p>&nbsp;<\/p>\n<hr \/>\n<p><strong>\u00a0 \u00a0<\/strong><\/p>\n<p><strong>2018.1\u00a0(encerrado)<\/strong><\/p>\n<ul>\n<li><a href=\"https:\/\/www.uern.br\/controledepaginas\/prorhae-form-doc-leg\/arquivos\/0477edital_pit_2018_1.pdf\" target=\"_blank\" rel=\"noopener\">Edital<\/a><\/li>\n<\/ul>\n<p>&nbsp;<\/p>\n<hr \/>\n<p><strong>\u00a0 \u00a0<\/strong><\/p>\n<p><strong>2017.2\u00a0(encerrado)<\/strong><\/p>\n<ul>\n<li><a href=\"https:\/\/www.uern.br\/controledepaginas\/prorhae-form-doc-leg\/arquivos\/0477edital_02_2017_2_pit.pdf\" target=\"_blank\" rel=\"noopener\">Edital<\/a><\/li>\n<li><a href=\"https:\/\/www.uern.br\/controledepaginas\/prorhae-form-doc-leg\/arquivos\/0477formula%C2%A1rio_solicitaa%E2%80%A1a%C6%92o_docente_2017_2.zip\" target=\"_blank\" rel=\"noopener\">Formul\u00e1rio para solicita\u00e7\u00e3o de Docente<\/a><\/li>\n<li><a href=\"https:\/\/www.uern.br\/controledepaginas\/prorhae-form-doc-leg\/arquivos\/0477memo_circular_09.2017_pit_2017.pdf\" target=\"_blank\" rel=\"noopener\">Memorando Circular<\/a><\/li>\n<\/ul>\n<p>&nbsp;<\/p>\n<hr \/>\n<p><strong>\u00a0 \u00a0<\/strong><\/p>\n<p><strong>2017.1\u00a0(encerrado)<\/strong><\/p>\n<ul>\n<li><a href=\"https:\/\/www.uern.br\/controledepaginas\/prorhae-form-doc-leg\/arquivos\/0477edital_01_2017_pit.pdf\" target=\"_blank\" rel=\"noopener\">Edital<\/a><\/li>\n<li><a href=\"https:\/\/www.uern.br\/controledepaginas\/prorhae-form-doc-leg\/arquivos\/0477formula%C2%A1rio_solicitaa%E2%80%A1a%C6%92o_docente_2017.1.doc.zip\" target=\"_blank\" rel=\"noopener\">Formul\u00e1rio para Solicita\u00e7\u00e3o de Docente<\/a><\/li>\n<li><a href=\"https:\/\/www.uern.br\/controledepaginas\/prorhae-form-doc-leg\/arquivos\/0477memorando_circular_04_2017_pit_2017_1.pdf\" target=\"_blank\" rel=\"noopener\">Memorando Circular<\/a><\/li>\n<\/ul>\n<p>&nbsp;<\/p>\n","protected":false},"excerpt":{"rendered":"<p>PLANO INDIVIDUAL DE TRABALHO (PIT) &nbsp; Comiss\u00e3o de Distribui\u00e7\u00e3o de Carga Hor\u00e1ria Docente &#8211; CDCD Resolu\u00e7\u00e3o n\u00ba 36\/2014-CONSEPE\u00a0com acr\u00e9scimos\/altera\u00e7\u00f5es* &#8211; Aprova as normas de Distribui\u00e7\u00e3o de Carga Hor\u00e1ria Docente da UERN. (REVOGADA) *Contendo as altera\u00e7\u00f5es das resolu\u00e7\u00f5es: n\u00ba 40\/2014, n\u00ba 41\/2014, n\u00ba 34\/2017, n\u00ba 41\/2018, n\u00ba 13\/2021; n\u00ba 19\/2021. Resolu\u00e7\u00e3o n\u00ba 045\/2021-CONSEPE\u00a0&#8211;\u00a0Acrescenta atividades Administrativas ao [&hellip;]<\/p>\n","protected":false},"author":1,"featured_media":0,"parent":0,"menu_order":0,"comment_status":"closed","ping_status":"closed","template":"","meta":{"footnotes":""},"class_list":["post-201","page","type-page","status-publish","hentry"],"_links":{"self":[{"href":"https:\/\/portal.uern.br\/progep\/wp-json\/wp\/v2\/pages\/201","targetHints":{"allow":["GET"]}}],"collection":[{"href":"https:\/\/portal.uern.br\/progep\/wp-json\/wp\/v2\/pages"}],"about":[{"href":"https:\/\/portal.uern.br\/progep\/wp-json\/wp\/v2\/types\/page"}],"author":[{"embeddable":true,"href":"https:\/\/portal.uern.br\/progep\/wp-json\/wp\/v2\/users\/1"}],"replies":[{"embeddable":true,"href":"https:\/\/portal.uern.br\/progep\/wp-json\/wp\/v2\/comments?post=201"}],"version-history":[{"count":4,"href":"https:\/\/portal.uern.br\/progep\/wp-json\/wp\/v2\/pages\/201\/revisions"}],"predecessor-version":[{"id":516,"href":"https:\/\/portal.uern.br\/progep\/wp-json\/wp\/v2\/pages\/201\/revisions\/516"}],"wp:attachment":[{"href":"https:\/\/portal.uern.br\/progep\/wp-json\/wp\/v2\/media?parent=201"}],"curies":[{"name":"wp","href":"https:\/\/api.w.org\/{rel}","templated":true}]}}