{"id":443,"date":"2024-03-12T10:14:13","date_gmt":"2024-03-12T13:14:13","guid":{"rendered":"https:\/\/portal.uern.br\/progep\/ddpqv\/?page_id=443"},"modified":"2025-06-24T17:02:46","modified_gmt":"2025-06-24T20:02:46","slug":"novembro-azul-cuidar-da-saude-tambem-e-coisa-de-homem","status":"publish","type":"page","link":"https:\/\/portal.uern.br\/progep\/ddpqv\/novembro-azul-cuidar-da-saude-tambem-e-coisa-de-homem\/","title":{"rendered":"Novembro Azul: Cuidar da sa\u00fade tamb\u00e9m \u00e9 coisa de homem"},"content":{"rendered":"\t\t<div data-elementor-type=\"wp-page\" data-elementor-id=\"443\" class=\"elementor elementor-443\" data-elementor-post-type=\"page\">\n\t\t\t\t<div class=\"elementor-element elementor-element-3e77dc85 e-flex e-con-boxed e-con e-parent\" data-id=\"3e77dc85\" data-element_type=\"container\" data-e-type=\"container\">\n\t\t\t\t\t<div class=\"e-con-inner\">\n\t\t\t\t<div class=\"elementor-element elementor-element-3d590cc2 elementor-widget elementor-widget-text-editor\" data-id=\"3d590cc2\" data-element_type=\"widget\" data-e-type=\"widget\" data-widget_type=\"text-editor.default\">\n\t\t\t\t<div class=\"elementor-widget-container\">\n\t\t\t\t\t\t\t\t\t<p data-start=\"174\" data-end=\"641\"><img fetchpriority=\"high\" decoding=\"async\" class=\"size-medium wp-image-889 aligncenter\" src=\"https:\/\/portal.uern.br\/progep\/ddpqv\/wp-content\/uploads\/sites\/3\/2025\/06\/novembro-300x300.png\" alt=\"\" width=\"300\" height=\"300\" srcset=\"https:\/\/portal.uern.br\/progep\/ddpqv\/wp-content\/uploads\/sites\/3\/2025\/06\/novembro-300x300.png 300w, https:\/\/portal.uern.br\/progep\/ddpqv\/wp-content\/uploads\/sites\/3\/2025\/06\/novembro-150x150.png 150w, https:\/\/portal.uern.br\/progep\/ddpqv\/wp-content\/uploads\/sites\/3\/2025\/06\/novembro.png 344w\" sizes=\"(max-width: 300px) 100vw, 300px\" \/><\/p><p data-start=\"174\" data-end=\"641\">A <strong data-start=\"176\" data-end=\"202\">Campanha Novembro Azul<\/strong> \u00e9 uma iniciativa da Universidade do Estado do Rio Grande do Norte (UERN), promovida pela Diretoria de Desenvolvimento de Pessoas e Qualidade de Vida (DDPQV) da Pr\u00f3-Reitoria de Gest\u00e3o de Pessoas (PROGEP), com foco na <strong data-start=\"419\" data-end=\"518\">conscientiza\u00e7\u00e3o sobre a import\u00e2ncia da preven\u00e7\u00e3o e do diagn\u00f3stico precoce do c\u00e2ncer de pr\u00f3stata<\/strong>. A campanha tamb\u00e9m amplia o olhar para a <strong data-start=\"560\" data-end=\"587\">sa\u00fade integral do homem<\/strong>, considerando aspectos f\u00edsicos, emocionais e sociais.<\/p><hr data-start=\"643\" data-end=\"646\" \/><h2 data-start=\"648\" data-end=\"665\"><strong data-start=\"652\" data-end=\"665\">Objetivos<\/strong><\/h2><ul data-start=\"667\" data-end=\"968\"><li data-start=\"667\" data-end=\"746\"><p data-start=\"669\" data-end=\"746\">Informar sobre a preven\u00e7\u00e3o, diagn\u00f3stico e tratamento do c\u00e2ncer de pr\u00f3stata;<\/p><\/li><li data-start=\"747\" data-end=\"806\"><p data-start=\"749\" data-end=\"806\">Romper tabus e estigmas relacionados \u00e0 sa\u00fade masculina;<\/p><\/li><li data-start=\"807\" data-end=\"870\"><p data-start=\"809\" data-end=\"870\">Incentivar o autocuidado e o acompanhamento m\u00e9dico regular;<\/p><\/li><li data-start=\"871\" data-end=\"968\"><p data-start=\"873\" data-end=\"968\">Promover a\u00e7\u00f5es que favore\u00e7am o bem-estar f\u00edsico e emocional dos homens da comunidade acad\u00eamica.<\/p><\/li><\/ul><hr data-start=\"970\" data-end=\"973\" \/><h2 data-start=\"975\" data-end=\"988\"><strong data-start=\"979\" data-end=\"988\">A\u00e7\u00f5es<\/strong><\/h2><p data-start=\"990\" data-end=\"1100\">Ao longo do m\u00eas de novembro, a campanha realiza uma s\u00e9rie de atividades voltadas \u00e0 sa\u00fade do homem, entre elas:<\/p><ul data-start=\"1102\" data-end=\"1663\"><li data-start=\"1102\" data-end=\"1238\"><p data-start=\"1104\" data-end=\"1238\"><strong data-start=\"1104\" data-end=\"1137\">Palestras e rodas de conversa<\/strong> com profissionais de sa\u00fade, abordando temas como preven\u00e7\u00e3o, fatores de risco e cuidados cont\u00ednuos;<\/p><\/li><li data-start=\"1239\" data-end=\"1373\"><p data-start=\"1241\" data-end=\"1373\"><strong data-start=\"1241\" data-end=\"1264\">Coleta do exame PSA<\/strong>, em parceria com institui\u00e7\u00f5es de sa\u00fade, facilitando o acesso ao diagn\u00f3stico precoce do c\u00e2ncer de pr\u00f3stata;<\/p><\/li><li data-start=\"1374\" data-end=\"1538\"><p data-start=\"1376\" data-end=\"1538\"><strong data-start=\"1376\" data-end=\"1413\">Oficinas e atividades interativas<\/strong>, como a \u201cExperi\u00eancia Imersiva de Drones\u201d, que estimulam o bem-estar, a criatividade e a integra\u00e7\u00e3o entre os participantes;<\/p><\/li><li data-start=\"1539\" data-end=\"1663\"><p data-start=\"1541\" data-end=\"1663\"><strong data-start=\"1541\" data-end=\"1596\">Distribui\u00e7\u00e3o de materiais informativos e educativos<\/strong>, refor\u00e7ando a import\u00e2ncia dos exames preventivos e do autocuidado.<\/p><\/li><\/ul>\t\t\t\t\t\t\t\t<\/div>\n\t\t\t\t<\/div>\n\t\t\t\t\t<\/div>\n\t\t\t\t<\/div>\n\t\t\t\t<\/div>\n\t\t","protected":false},"excerpt":{"rendered":"<p>A Campanha Novembro Azul \u00e9 uma iniciativa da Universidade do Estado do Rio Grande do Norte (UERN), promovida pela Diretoria de Desenvolvimento de Pessoas e Qualidade de Vida (DDPQV) da Pr\u00f3-Reitoria de Gest\u00e3o de Pessoas (PROGEP), com foco na conscientiza\u00e7\u00e3o sobre a import\u00e2ncia da preven\u00e7\u00e3o e do diagn\u00f3stico precoce do c\u00e2ncer de pr\u00f3stata. A campanha [&hellip;]<\/p>\n","protected":false},"author":6,"featured_media":0,"parent":0,"menu_order":0,"comment_status":"closed","ping_status":"closed","template":"","meta":{"footnotes":""},"class_list":["post-443","page","type-page","status-publish","hentry"],"_links":{"self":[{"href":"https:\/\/portal.uern.br\/progep\/ddpqv\/wp-json\/wp\/v2\/pages\/443","targetHints":{"allow":["GET"]}}],"collection":[{"href":"https:\/\/portal.uern.br\/progep\/ddpqv\/wp-json\/wp\/v2\/pages"}],"about":[{"href":"https:\/\/portal.uern.br\/progep\/ddpqv\/wp-json\/wp\/v2\/types\/page"}],"author":[{"embeddable":true,"href":"https:\/\/portal.uern.br\/progep\/ddpqv\/wp-json\/wp\/v2\/users\/6"}],"replies":[{"embeddable":true,"href":"https:\/\/portal.uern.br\/progep\/ddpqv\/wp-json\/wp\/v2\/comments?post=443"}],"version-history":[{"count":7,"href":"https:\/\/portal.uern.br\/progep\/ddpqv\/wp-json\/wp\/v2\/pages\/443\/revisions"}],"predecessor-version":[{"id":1034,"href":"https:\/\/portal.uern.br\/progep\/ddpqv\/wp-json\/wp\/v2\/pages\/443\/revisions\/1034"}],"wp:attachment":[{"href":"https:\/\/portal.uern.br\/progep\/ddpqv\/wp-json\/wp\/v2\/media?parent=443"}],"curies":[{"name":"wp","href":"https:\/\/api.w.org\/{rel}","templated":true}]}}