{"id":367,"date":"2024-03-07T11:57:37","date_gmt":"2024-03-07T14:57:37","guid":{"rendered":"https:\/\/portal.uern.br\/progep\/ddpqv\/?page_id=367"},"modified":"2025-08-23T10:50:45","modified_gmt":"2025-08-23T13:50:45","slug":"atendimento-psicossocial","status":"publish","type":"page","link":"https:\/\/portal.uern.br\/progep\/ddpqv\/atendimento-psicossocial\/","title":{"rendered":"Atendimento Psicossocial"},"content":{"rendered":"\t\t<div data-elementor-type=\"wp-page\" data-elementor-id=\"367\" class=\"elementor elementor-367\" data-elementor-post-type=\"page\">\n\t\t\t\t<div class=\"elementor-element elementor-element-4415dc81 e-flex e-con-boxed e-con e-parent\" data-id=\"4415dc81\" data-element_type=\"container\" data-e-type=\"container\">\n\t\t\t\t\t<div class=\"e-con-inner\">\n\t\t\t\t<div class=\"elementor-element elementor-element-71fcbdd2 elementor-widget elementor-widget-text-editor\" data-id=\"71fcbdd2\" data-element_type=\"widget\" data-e-type=\"widget\" data-widget_type=\"text-editor.default\">\n\t\t\t\t<div class=\"elementor-widget-container\">\n\t\t\t\t\t\t\t\t\t<p>O SQV disponibiliza atendimento especializado em psicologia organizacional e servi\u00e7o social aos servidores(ativos e aposentados) e seus familiares, quando necess\u00e1rio, como tamb\u00e9m aos terceirizados, oferecendo-lhes escuta qualificada, suporte especializado e encaminhamentos quando preciso for, para preven\u00e7\u00e3o e promo\u00e7\u00e3o da sa\u00fade, qualidade de vida e bem-estar ao servidor. Os atendimentos e acompanhamentos podem acontecer de modo individuais e\/ou grupos de acordo com as necessidades.<\/p>\t\t\t\t\t\t\t\t<\/div>\n\t\t\t\t<\/div>\n\t\t\t\t\t<\/div>\n\t\t\t\t<\/div>\n\t\t<div class=\"elementor-element elementor-element-8dc2ade e-flex e-con-boxed e-con e-parent\" data-id=\"8dc2ade\" data-element_type=\"container\" data-e-type=\"container\">\n\t\t\t\t\t<div class=\"e-con-inner\">\n\t\t\t\t<div class=\"elementor-element elementor-element-49e1adc elementor-arrows-position-inside elementor-pagination-position-outside elementor-widget elementor-widget-image-carousel\" data-id=\"49e1adc\" data-element_type=\"widget\" data-e-type=\"widget\" data-settings=\"{&quot;slides_to_show&quot;:&quot;1&quot;,&quot;navigation&quot;:&quot;both&quot;,&quot;autoplay&quot;:&quot;yes&quot;,&quot;pause_on_hover&quot;:&quot;yes&quot;,&quot;pause_on_interaction&quot;:&quot;yes&quot;,&quot;autoplay_speed&quot;:5000,&quot;infinite&quot;:&quot;yes&quot;,&quot;effect&quot;:&quot;slide&quot;,&quot;speed&quot;:500}\" data-widget_type=\"image-carousel.default\">\n\t\t\t\t<div class=\"elementor-widget-container\">\n\t\t\t\t\t\t\t<div class=\"elementor-image-carousel-wrapper swiper\" role=\"region\" aria-roledescription=\"carousel\" aria-label=\"Carrossel de imagens\" dir=\"ltr\">\n\t\t\t<div class=\"elementor-image-carousel swiper-wrapper\" aria-live=\"off\">\n\t\t\t\t\t\t\t\t<div class=\"swiper-slide\" role=\"group\" aria-roledescription=\"slide\" aria-label=\"1 de 4\"><figure class=\"swiper-slide-inner\"><img decoding=\"async\" class=\"swiper-slide-image\" src=\"https:\/\/portal.uern.br\/progep\/ddpqv\/wp-content\/uploads\/sites\/3\/2025\/04\/WhatsApp-Image-2025-04-04-at-09.58.23-768x513.jpeg\" alt=\"WhatsApp Image 2025-04-04 at 09.58.23\" \/><\/figure><\/div><div class=\"swiper-slide\" role=\"group\" aria-roledescription=\"slide\" aria-label=\"2 de 4\"><figure class=\"swiper-slide-inner\"><img decoding=\"async\" class=\"swiper-slide-image\" src=\"https:\/\/portal.uern.br\/progep\/ddpqv\/wp-content\/uploads\/sites\/3\/2025\/04\/WhatsApp-Image-2025-04-04-at-10.11.26-768x502.jpeg\" alt=\"WhatsApp Image 2025-04-04 at 10.11.26\" \/><\/figure><\/div><div class=\"swiper-slide\" role=\"group\" aria-roledescription=\"slide\" aria-label=\"3 de 4\"><figure class=\"swiper-slide-inner\"><img decoding=\"async\" class=\"swiper-slide-image\" src=\"https:\/\/portal.uern.br\/progep\/ddpqv\/wp-content\/uploads\/sites\/3\/2025\/04\/WhatsApp-Image-2025-04-04-at-10.11.27-768x512.jpeg\" alt=\"WhatsApp Image 2025-04-04 at 10.11.27\" \/><\/figure><\/div><div class=\"swiper-slide\" role=\"group\" aria-roledescription=\"slide\" aria-label=\"4 de 4\"><figure class=\"swiper-slide-inner\"><img decoding=\"async\" class=\"swiper-slide-image\" src=\"https:\/\/portal.uern.br\/progep\/ddpqv\/wp-content\/uploads\/sites\/3\/2025\/04\/DSC_7172-768x512.jpg\" alt=\"DSC_7172\" \/><\/figure><\/div>\t\t\t<\/div>\n\t\t\t\t\t\t\t\t\t\t\t\t<div class=\"elementor-swiper-button elementor-swiper-button-prev\" role=\"button\" tabindex=\"0\">\n\t\t\t\t\t\t<i aria-hidden=\"true\" class=\"eicon-chevron-left\"><\/i>\t\t\t\t\t<\/div>\n\t\t\t\t\t<div class=\"elementor-swiper-button elementor-swiper-button-next\" role=\"button\" tabindex=\"0\">\n\t\t\t\t\t\t<i aria-hidden=\"true\" class=\"eicon-chevron-right\"><\/i>\t\t\t\t\t<\/div>\n\t\t\t\t\n\t\t\t\t\t\t\t\t\t<div class=\"swiper-pagination\"><\/div>\n\t\t\t\t\t\t\t\t\t<\/div>\n\t\t\t\t\t\t<\/div>\n\t\t\t\t<\/div>\n\t\t<div class=\"elementor-element elementor-element-c215681 e-flex e-con-boxed e-con e-child\" data-id=\"c215681\" data-element_type=\"container\" data-e-type=\"container\">\n\t\t\t\t\t<div class=\"e-con-inner\">\n\t\t\t\t<div class=\"elementor-element elementor-element-f585526 elementor-widget elementor-widget-text-editor\" data-id=\"f585526\" data-element_type=\"widget\" data-e-type=\"widget\" data-widget_type=\"text-editor.default\">\n\t\t\t\t<div class=\"elementor-widget-container\">\n\t\t\t\t\t\t\t\t\t<hr \/><h4><strong>Equipe<\/strong><\/h4><p>Bianca Valente de Medeiros &#8211; Psic\u00f3loga<\/p><p>Nathaly da Luz Andrade &#8211; Psic\u00f3loga<\/p><p>L\u00facia Helena Dantas Martins &#8211; Assistente Social<\/p><hr \/><h4 style=\"font-family: Lato, sans-serif\"><strong>Atendimentos<\/strong><\/h4><p>Presencial: Sala de Atendimento da DDPQV\/Progep &#8211; Ep\u00edlogo de Campos, Centro, Mossor\u00f3 &#8211; Rn<br \/>Remoto: Plataforma Google Meet<\/p><p>Hor\u00e1rio: Segunda a Sexta, das 7h \u00e0s 16h.<\/p><p>Os atendimentos devem ser agendado atrav\u00e9s do link: <a href=\"https:\/\/docs.google.com\/forms\/d\/e\/1FAIpQLSewdvt7_2-r23T6-bwJ-QztFbZyUhsEudLkm9mdj7W2Una49w\/viewform?usp=sf_link\">Ficha de Acolhimento Psicossocial<\/a><\/p><p><strong>Contato: <a href=\"mailto:acolhimentopsicologico@uern.br\">acolhimentopsicologico@uern.br<\/a><\/strong><\/p>\t\t\t\t\t\t\t\t<\/div>\n\t\t\t\t<\/div>\n\t\t\t\t\t<\/div>\n\t\t\t\t<\/div>\n\t\t\t\t\t<\/div>\n\t\t\t\t<\/div>\n\t\t\t\t<\/div>\n\t\t","protected":false},"excerpt":{"rendered":"<p>O SQV disponibiliza atendimento especializado em psicologia organizacional e servi\u00e7o social aos servidores(ativos e aposentados) e seus familiares, quando necess\u00e1rio, como tamb\u00e9m aos terceirizados, oferecendo-lhes escuta qualificada, suporte especializado e encaminhamentos quando preciso for, para preven\u00e7\u00e3o e promo\u00e7\u00e3o da sa\u00fade, qualidade de vida e bem-estar ao servidor. Os atendimentos e acompanhamentos podem acontecer de modo [&hellip;]<\/p>\n","protected":false},"author":6,"featured_media":0,"parent":0,"menu_order":0,"comment_status":"closed","ping_status":"closed","template":"","meta":{"footnotes":""},"class_list":["post-367","page","type-page","status-publish","hentry"],"_links":{"self":[{"href":"https:\/\/portal.uern.br\/progep\/ddpqv\/wp-json\/wp\/v2\/pages\/367","targetHints":{"allow":["GET"]}}],"collection":[{"href":"https:\/\/portal.uern.br\/progep\/ddpqv\/wp-json\/wp\/v2\/pages"}],"about":[{"href":"https:\/\/portal.uern.br\/progep\/ddpqv\/wp-json\/wp\/v2\/types\/page"}],"author":[{"embeddable":true,"href":"https:\/\/portal.uern.br\/progep\/ddpqv\/wp-json\/wp\/v2\/users\/6"}],"replies":[{"embeddable":true,"href":"https:\/\/portal.uern.br\/progep\/ddpqv\/wp-json\/wp\/v2\/comments?post=367"}],"version-history":[{"count":34,"href":"https:\/\/portal.uern.br\/progep\/ddpqv\/wp-json\/wp\/v2\/pages\/367\/revisions"}],"predecessor-version":[{"id":1242,"href":"https:\/\/portal.uern.br\/progep\/ddpqv\/wp-json\/wp\/v2\/pages\/367\/revisions\/1242"}],"wp:attachment":[{"href":"https:\/\/portal.uern.br\/progep\/ddpqv\/wp-json\/wp\/v2\/media?parent=367"}],"curies":[{"name":"wp","href":"https:\/\/api.w.org\/{rel}","templated":true}]}}