{"id":354,"date":"2024-03-07T10:15:20","date_gmt":"2024-03-07T13:15:20","guid":{"rendered":"https:\/\/portal.uern.br\/progep\/ddpqv\/?page_id=354"},"modified":"2025-07-03T12:28:20","modified_gmt":"2025-07-03T15:28:20","slug":"setor-de-aposentados-e-pensionistas","status":"publish","type":"page","link":"https:\/\/portal.uern.br\/progep\/ddpqv\/setor-de-aposentados-e-pensionistas\/","title":{"rendered":"Setor de Aposentados e Pensionistas"},"content":{"rendered":"<div style=\"padding-left: 40px\"><\/div>\n<p><img fetchpriority=\"high\" decoding=\"async\" class=\"wp-image-516 size-full aligncenter\" src=\"https:\/\/portal.uern.br\/progep\/ddpqv\/wp-content\/uploads\/sites\/3\/2024\/03\/Ciclos_feed-2-1-e1710426038152.png\" alt=\"\" width=\"804\" height=\"432\" srcset=\"https:\/\/portal.uern.br\/progep\/ddpqv\/wp-content\/uploads\/sites\/3\/2024\/03\/Ciclos_feed-2-1-e1710426038152.png 804w, https:\/\/portal.uern.br\/progep\/ddpqv\/wp-content\/uploads\/sites\/3\/2024\/03\/Ciclos_feed-2-1-e1710426038152-300x161.png 300w, https:\/\/portal.uern.br\/progep\/ddpqv\/wp-content\/uploads\/sites\/3\/2024\/03\/Ciclos_feed-2-1-e1710426038152-768x413.png 768w\" sizes=\"(max-width: 804px) 100vw, 804px\" \/><\/p>\n<h3><strong>Apresenta\u00e7\u00e3o<\/strong><\/h3>\n<p>O <strong>Setor de Aposentados e Pensionistas (SEAPE)<\/strong> da Diretoria de Desenvolvimento de Pessoas e Qualidade de Vida (DDPQV) por meio do programa Ciclos, objetiva o desenvolvimento de a\u00e7\u00f5es afetivas e efetivas de prepara\u00e7\u00e3o e acompanhamento dos aposentados e aposentadas vislumbrando o acolhimento, promo\u00e7\u00e3o de sa\u00fade, bem-estar, cuidado humanescente e fortalecimento dos v\u00ednculos.<\/p>\n<h3><strong>Atribui\u00e7\u00f5es<\/strong><\/h3>\n<p>1) Fortalecer as a\u00e7\u00f5es para entender e atender as necessidades biopsicossociais do servidor no processo de transi\u00e7\u00e3o para a aposentadoria, vislumbrando os direitos sociais e exerc\u00edcio da cidadania.<\/p>\n<p>2) Estabelecer fluxos de orienta\u00e7\u00f5es e acompanhamento referente aos projetos de transi\u00e7\u00e3o e p\u00f3s aposentadoria;<\/p>\n<p>3) Aten\u00e7\u00e3o e assist\u00eancia ao servidor por meio de atendimento personalizado;<\/p>\n<p>4)Promover atividades art\u00edsticas e culturais, rodas de conversa, cursos e eventos sociais bem como pr\u00e1ticas corporais transdisciplinares e viv\u00eancias l\u00fadicas integrativas.<\/p>\n<p>5)Articular e fortalecer parcerias.<\/p>\n<h3><strong>Contato:<\/strong><\/h3>\n<p>\ud83d\udccd Endere\u00e7o: Rua Quintino Bocaiuva, s\/n \u2013 Edif\u00edcio Ep\u00edlogo de Campos<br \/>\n\ud83d\udd52 Hor\u00e1rio: Segunda a sexta, das 7h \u00e0s 13h<br \/>\n\ud83d\udce7 E-mail: <strong><a href=\"mailto:ciclos.progep@uern.br\">ciclos.progep@uern.br<\/a><\/strong><\/p>\n","protected":false},"excerpt":{"rendered":"<p>Apresenta\u00e7\u00e3o O Setor de Aposentados e Pensionistas (SEAPE) da Diretoria de Desenvolvimento de Pessoas e Qualidade de Vida (DDPQV) por meio do programa Ciclos, objetiva o desenvolvimento de a\u00e7\u00f5es afetivas e efetivas de prepara\u00e7\u00e3o e acompanhamento dos aposentados e aposentadas vislumbrando o acolhimento, promo\u00e7\u00e3o de sa\u00fade, bem-estar, cuidado humanescente e fortalecimento dos v\u00ednculos. Atribui\u00e7\u00f5es 1) [&hellip;]<\/p>\n","protected":false},"author":6,"featured_media":0,"parent":0,"menu_order":0,"comment_status":"closed","ping_status":"closed","template":"","meta":{"footnotes":""},"class_list":["post-354","page","type-page","status-publish","hentry"],"_links":{"self":[{"href":"https:\/\/portal.uern.br\/progep\/ddpqv\/wp-json\/wp\/v2\/pages\/354","targetHints":{"allow":["GET"]}}],"collection":[{"href":"https:\/\/portal.uern.br\/progep\/ddpqv\/wp-json\/wp\/v2\/pages"}],"about":[{"href":"https:\/\/portal.uern.br\/progep\/ddpqv\/wp-json\/wp\/v2\/types\/page"}],"author":[{"embeddable":true,"href":"https:\/\/portal.uern.br\/progep\/ddpqv\/wp-json\/wp\/v2\/users\/6"}],"replies":[{"embeddable":true,"href":"https:\/\/portal.uern.br\/progep\/ddpqv\/wp-json\/wp\/v2\/comments?post=354"}],"version-history":[{"count":9,"href":"https:\/\/portal.uern.br\/progep\/ddpqv\/wp-json\/wp\/v2\/pages\/354\/revisions"}],"predecessor-version":[{"id":477,"href":"https:\/\/portal.uern.br\/progep\/ddpqv\/wp-json\/wp\/v2\/pages\/354\/revisions\/477"}],"wp:attachment":[{"href":"https:\/\/portal.uern.br\/progep\/ddpqv\/wp-json\/wp\/v2\/media?parent=354"}],"curies":[{"name":"wp","href":"https:\/\/api.w.org\/{rel}","templated":true}]}}