{"id":350,"date":"2024-03-07T10:14:06","date_gmt":"2024-03-07T13:14:06","guid":{"rendered":"https:\/\/portal.uern.br\/progep\/ddpqv\/?page_id=350"},"modified":"2025-08-23T10:27:28","modified_gmt":"2025-08-23T13:27:28","slug":"setor-de-qualidade-de-vida","status":"publish","type":"page","link":"https:\/\/portal.uern.br\/progep\/ddpqv\/setor-de-qualidade-de-vida\/","title":{"rendered":"Setor de Qualidade de Vida"},"content":{"rendered":"\t\t<div data-elementor-type=\"wp-page\" data-elementor-id=\"350\" class=\"elementor elementor-350\" data-elementor-post-type=\"page\">\n\t\t\t\t<div class=\"elementor-element elementor-element-1a8504f5 e-flex e-con-boxed e-con e-parent\" data-id=\"1a8504f5\" data-element_type=\"container\" data-e-type=\"container\">\n\t\t\t\t\t<div class=\"e-con-inner\">\n\t\t\t\t<div class=\"elementor-element elementor-element-3f57d38c elementor-widget elementor-widget-text-editor\" data-id=\"3f57d38c\" data-element_type=\"widget\" data-e-type=\"widget\" data-widget_type=\"text-editor.default\">\n\t\t\t\t<div class=\"elementor-widget-container\">\n\t\t\t\t\t\t\t\t\t<h4><strong style=\"color: inherit;font-family: inherit;font-size: 1.75rem\">Apresenta\u00e7\u00e3o<\/strong><\/h4><p>O <strong>Setor de Qualidade de Vida (SQV)<\/strong> tem como objetivo incentivar o servidor a adquirir h\u00e1bitos mais saud\u00e1veis por meio de pr\u00e1ticas individuais e coletivas que proporcionem bem-estar, mudan\u00e7as de atitudes, clima organizacional satisfat\u00f3rio e rela\u00e7\u00f5es de trabalho harmoniosas, e ,consequentemente, melhoria da qualidade de vida no ambiente laboral.<\/p><p>O setor \u00e9 composto por equipe multiprofissional, interdisciplinar e intersetorial, com atividades de integra\u00e7\u00e3o, campanhas informativas\/educativas, promo\u00e7\u00e3o da sa\u00fade e seguran\u00e7a no trabalho, de forma a refletir positivamente na qualidade de vida dos servidores da UERN.<\/p><hr \/><h4><strong style=\"color: inherit;font-family: inherit;font-size: 1.75rem\">Servi\u00e7os prestados<\/strong><\/h4><ul><li>Aux\u00edlio Sa\u00fade<\/li><li>Atendimento Psicossocial<\/li><li>Atendimento Odontol\u00f3gico<\/li><li>Avalia\u00e7\u00e3o da Sa\u00fade do Servidor<\/li><li>Campanhas de promo\u00e7\u00e3o de sa\u00fade e bem-estar.<\/li><\/ul><hr \/><h4><strong>Contato<\/strong><\/h4><p><img decoding=\"async\" class=\"emoji\" role=\"img\" src=\"https:\/\/s.w.org\/images\/core\/emoji\/15.0.3\/svg\/1f4cd.svg\" alt=\"\ud83d\udccd\" \/> Endere\u00e7o: Rua Quintino Bocaiuva, s\/n \u2013 Edif\u00edcio Ep\u00edlogo de Campos<br \/><img decoding=\"async\" class=\"emoji\" role=\"img\" src=\"https:\/\/s.w.org\/images\/core\/emoji\/15.0.3\/svg\/1f552.svg\" alt=\"\ud83d\udd52\" \/> Hor\u00e1rio: Segunda a sexta, das 7h \u00e0s 13h<br \/><img decoding=\"async\" class=\"emoji\" role=\"img\" src=\"https:\/\/s.w.org\/images\/core\/emoji\/15.0.3\/svg\/1f4e7.svg\" alt=\"\ud83d\udce7\" \/> E-mail: <a href=\"mailto:qualidadedevida.progep@uern.br\"><strong>ddpqv.progep@uern.br<\/strong> <\/a><\/p>\t\t\t\t\t\t\t\t<\/div>\n\t\t\t\t<\/div>\n\t\t\t\t\t<\/div>\n\t\t\t\t<\/div>\n\t\t\t\t<\/div>\n\t\t","protected":false},"excerpt":{"rendered":"<p>Apresenta\u00e7\u00e3o O Setor de Qualidade de Vida (SQV) tem como objetivo incentivar o servidor a adquirir h\u00e1bitos mais saud\u00e1veis por meio de pr\u00e1ticas individuais e coletivas que proporcionem bem-estar, mudan\u00e7as de atitudes, clima organizacional satisfat\u00f3rio e rela\u00e7\u00f5es de trabalho harmoniosas, e ,consequentemente, melhoria da qualidade de vida no ambiente laboral. O setor \u00e9 composto por [&hellip;]<\/p>\n","protected":false},"author":6,"featured_media":0,"parent":0,"menu_order":0,"comment_status":"closed","ping_status":"closed","template":"","meta":{"footnotes":""},"class_list":["post-350","page","type-page","status-publish","hentry"],"_links":{"self":[{"href":"https:\/\/portal.uern.br\/progep\/ddpqv\/wp-json\/wp\/v2\/pages\/350","targetHints":{"allow":["GET"]}}],"collection":[{"href":"https:\/\/portal.uern.br\/progep\/ddpqv\/wp-json\/wp\/v2\/pages"}],"about":[{"href":"https:\/\/portal.uern.br\/progep\/ddpqv\/wp-json\/wp\/v2\/types\/page"}],"author":[{"embeddable":true,"href":"https:\/\/portal.uern.br\/progep\/ddpqv\/wp-json\/wp\/v2\/users\/6"}],"replies":[{"embeddable":true,"href":"https:\/\/portal.uern.br\/progep\/ddpqv\/wp-json\/wp\/v2\/comments?post=350"}],"version-history":[{"count":21,"href":"https:\/\/portal.uern.br\/progep\/ddpqv\/wp-json\/wp\/v2\/pages\/350\/revisions"}],"predecessor-version":[{"id":1235,"href":"https:\/\/portal.uern.br\/progep\/ddpqv\/wp-json\/wp\/v2\/pages\/350\/revisions\/1235"}],"wp:attachment":[{"href":"https:\/\/portal.uern.br\/progep\/ddpqv\/wp-json\/wp\/v2\/media?parent=350"}],"curies":[{"name":"wp","href":"https:\/\/api.w.org\/{rel}","templated":true}]}}