{"id":1137,"date":"2025-07-31T10:02:03","date_gmt":"2025-07-31T13:02:03","guid":{"rendered":"https:\/\/portal.uern.br\/progep\/ddpqv\/?page_id=1137"},"modified":"2026-04-14T07:04:37","modified_gmt":"2026-04-14T10:04:37","slug":"convenio-com-o-sesc","status":"publish","type":"page","link":"https:\/\/portal.uern.br\/progep\/ddpqv\/convenio-com-o-sesc\/","title":{"rendered":"Conv\u00eanio SESC"},"content":{"rendered":"\t\t<div data-elementor-type=\"wp-page\" data-elementor-id=\"1137\" class=\"elementor elementor-1137\" data-elementor-post-type=\"page\">\n\t\t\t\t<div class=\"elementor-element elementor-element-1391e8d e-flex e-con-boxed e-con e-parent\" data-id=\"1391e8d\" data-element_type=\"container\" data-e-type=\"container\">\n\t\t\t\t\t<div class=\"e-con-inner\">\n\t\t\t\t<div class=\"elementor-element elementor-element-88430ca elementor-widget elementor-widget-image\" data-id=\"88430ca\" data-element_type=\"widget\" data-e-type=\"widget\" data-widget_type=\"image.default\">\n\t\t\t\t<div class=\"elementor-widget-container\">\n\t\t\t\t\t\t\t\t\t\t\t\t\t\t\t<img fetchpriority=\"high\" decoding=\"async\" width=\"800\" height=\"800\" src=\"https:\/\/portal.uern.br\/progep\/ddpqv\/wp-content\/uploads\/sites\/3\/2026\/04\/Convenio-sesc-1024x1024.jpg\" class=\"attachment-large size-large wp-image-1350\" alt=\"\" srcset=\"https:\/\/portal.uern.br\/progep\/ddpqv\/wp-content\/uploads\/sites\/3\/2026\/04\/Convenio-sesc-1024x1024.jpg 1024w, https:\/\/portal.uern.br\/progep\/ddpqv\/wp-content\/uploads\/sites\/3\/2026\/04\/Convenio-sesc-300x300.jpg 300w, https:\/\/portal.uern.br\/progep\/ddpqv\/wp-content\/uploads\/sites\/3\/2026\/04\/Convenio-sesc-150x150.jpg 150w, https:\/\/portal.uern.br\/progep\/ddpqv\/wp-content\/uploads\/sites\/3\/2026\/04\/Convenio-sesc-768x768.jpg 768w, https:\/\/portal.uern.br\/progep\/ddpqv\/wp-content\/uploads\/sites\/3\/2026\/04\/Convenio-sesc.jpg 1080w\" sizes=\"(max-width: 800px) 100vw, 800px\" \/>\t\t\t\t\t\t\t\t\t\t\t\t\t\t\t<\/div>\n\t\t\t\t<\/div>\n\t\t\t\t<div class=\"elementor-element elementor-element-b2a9dad elementor-widget elementor-widget-text-editor\" data-id=\"b2a9dad\" data-element_type=\"widget\" data-e-type=\"widget\" data-widget_type=\"text-editor.default\">\n\t\t\t\t<div class=\"elementor-widget-container\">\n\t\t\t\t\t\t\t\t\t<h4><strong>Beneficiados:<\/strong><\/h4><p>Servidores da FUERN, c\u00f4njuge ou companheiro, os filhos e os enteados at\u00e9 21 (vinte e um) anos ou estudantes at\u00e9 24 (vinte e quatro) anos, mediante comprova\u00e7\u00e3o de escolaridade.<\/p><h4><strong>Servi\u00e7os oferecidos:<\/strong><\/h4><p>a) Biblioteca;<\/p><p>b) Refei\u00e7\u00f5es, lanches e bebidas;<\/p><p>c) Desenvolvimento f\u00edsico e esportivo;<\/p><p>d) Educa\u00e7\u00e3o infantil;<\/p><p>e) Educa\u00e7\u00e3o fundamental;<\/p><p>f) Desenvolvimento\u00a0art\u00edstico-cultural;<\/p><p>g) Loca\u00e7\u00e3o de espa\u00e7os;<\/p><p>h) Atendimento na cl\u00ednica integrada e exames laboratoriais;<\/p><p>i) Acesso aos domingos recreativos.<\/p><h4><strong>Como se cadastrar:<\/strong><\/h4><p>Cadastrar atrav\u00e9s do site como &#8220;Sesc\u00a0Conveniado&#8221;:\u00a0<a href=\"https:\/\/espacodigital.sescrn.com.br\/espaco-digital\/habilitacao\/solicitacao\">https:\/\/espacodigital.sescrn.com.br\/espaco-digital\/habilitacao\/solicitacao\u00a0<\/a>\u00a0<\/p><p><strong>Documenta\u00e7\u00e3o Necess\u00e1ria<\/strong><\/p><p>a) Declara\u00e7\u00e3o de v\u00ednculo que pode ser emitido pelo pr\u00f3prio servidor por meio da <a href=\"https:\/\/seguro.uern.br\/integra\/\">plataforma Integra<\/a>.<\/p><p>b) CPF<\/p><p>c) RG<\/p><p>d) Foto 3&#215;4<\/p><p>e) Comprovante de resid\u00eancia<\/p><p>Para emiss\u00e3o das carteiras &#8220;Sesc\u00a0Conveniado&#8221;, que ser\u00e3o v\u00e1lidas por\u00a001 (um) ano, ser\u00e1 cobrada dos CONVENIADOS titulares e dependentes, uma taxa de emiss\u00e3o para cada carteira, conforme portaria de pre\u00e7os em vigor no ato da matr\u00edcula e\/ou renova\u00e7\u00e3o.<\/p>\t\t\t\t\t\t\t\t<\/div>\n\t\t\t\t<\/div>\n\t\t\t\t\t<\/div>\n\t\t\t\t<\/div>\n\t\t<div class=\"elementor-element elementor-element-faf42cf e-flex e-con-boxed e-con e-parent\" data-id=\"faf42cf\" data-element_type=\"container\" data-e-type=\"container\">\n\t\t\t\t\t<div class=\"e-con-inner\">\n\t\t\t\t<div class=\"elementor-element elementor-element-f1f9335 elementor-widget elementor-widget-image\" data-id=\"f1f9335\" data-element_type=\"widget\" data-e-type=\"widget\" data-widget_type=\"image.default\">\n\t\t\t\t<div class=\"elementor-widget-container\">\n\t\t\t\t\t\t\t\t\t\t\t\t\t\t\t<img decoding=\"async\" width=\"800\" height=\"800\" src=\"https:\/\/portal.uern.br\/progep\/ddpqv\/wp-content\/uploads\/sites\/3\/2025\/12\/3-1024x1024.png\" class=\"attachment-large size-large wp-image-1288\" alt=\"\" srcset=\"https:\/\/portal.uern.br\/progep\/ddpqv\/wp-content\/uploads\/sites\/3\/2025\/12\/3-1024x1024.png 1024w, https:\/\/portal.uern.br\/progep\/ddpqv\/wp-content\/uploads\/sites\/3\/2025\/12\/3-300x300.png 300w, https:\/\/portal.uern.br\/progep\/ddpqv\/wp-content\/uploads\/sites\/3\/2025\/12\/3-150x150.png 150w, https:\/\/portal.uern.br\/progep\/ddpqv\/wp-content\/uploads\/sites\/3\/2025\/12\/3-768x768.png 768w, https:\/\/portal.uern.br\/progep\/ddpqv\/wp-content\/uploads\/sites\/3\/2025\/12\/3.png 1080w\" sizes=\"(max-width: 800px) 100vw, 800px\" \/>\t\t\t\t\t\t\t\t\t\t\t\t\t\t\t<\/div>\n\t\t\t\t<\/div>\n\t\t\t\t\t<\/div>\n\t\t\t\t<\/div>\n\t\t<div class=\"elementor-element elementor-element-5a41cd1 e-flex e-con-boxed e-con e-parent\" data-id=\"5a41cd1\" data-element_type=\"container\" data-e-type=\"container\">\n\t\t\t\t\t<div class=\"e-con-inner\">\n\t\t\t\t<div class=\"elementor-element elementor-element-73d136c elementor-widget elementor-widget-image\" data-id=\"73d136c\" data-element_type=\"widget\" data-e-type=\"widget\" data-widget_type=\"image.default\">\n\t\t\t\t<div class=\"elementor-widget-container\">\n\t\t\t\t\t\t\t\t\t\t\t\t\t\t\t<img decoding=\"async\" width=\"800\" height=\"800\" src=\"https:\/\/portal.uern.br\/progep\/ddpqv\/wp-content\/uploads\/sites\/3\/2025\/12\/Convenio-sesc-1024x1024.png\" class=\"attachment-large size-large wp-image-1289\" alt=\"\" srcset=\"https:\/\/portal.uern.br\/progep\/ddpqv\/wp-content\/uploads\/sites\/3\/2025\/12\/Convenio-sesc-1024x1024.png 1024w, https:\/\/portal.uern.br\/progep\/ddpqv\/wp-content\/uploads\/sites\/3\/2025\/12\/Convenio-sesc-300x300.png 300w, https:\/\/portal.uern.br\/progep\/ddpqv\/wp-content\/uploads\/sites\/3\/2025\/12\/Convenio-sesc-150x150.png 150w, https:\/\/portal.uern.br\/progep\/ddpqv\/wp-content\/uploads\/sites\/3\/2025\/12\/Convenio-sesc-768x768.png 768w, https:\/\/portal.uern.br\/progep\/ddpqv\/wp-content\/uploads\/sites\/3\/2025\/12\/Convenio-sesc.png 1080w\" sizes=\"(max-width: 800px) 100vw, 800px\" \/>\t\t\t\t\t\t\t\t\t\t\t\t\t\t\t<\/div>\n\t\t\t\t<\/div>\n\t\t\t\t\t<\/div>\n\t\t\t\t<\/div>\n\t\t<div class=\"elementor-element elementor-element-3627e43 e-flex e-con-boxed e-con e-parent\" data-id=\"3627e43\" data-element_type=\"container\" data-e-type=\"container\">\n\t\t\t\t\t<div class=\"e-con-inner\">\n\t\t\t\t<div class=\"elementor-element elementor-element-48eb102 elementor-icon-list--layout-inline elementor-list-item-link-inline elementor-align-center elementor-widget__width-inherit elementor-widget elementor-widget-icon-list\" data-id=\"48eb102\" data-element_type=\"widget\" data-e-type=\"widget\" data-widget_type=\"icon-list.default\">\n\t\t\t\t<div class=\"elementor-widget-container\">\n\t\t\t\t\t\t\t<ul class=\"elementor-icon-list-items elementor-inline-items\">\n\t\t\t\t\t\t\t<li class=\"elementor-icon-list-item elementor-inline-item\">\n\t\t\t\t\t\t\t\t\t\t\t<a href=\"https:\/\/sescrn.com.br\/\" target=\"_blank\">\n\n\t\t\t\t\t\t\t\t\t\t\t\t<span class=\"elementor-icon-list-icon\">\n\t\t\t\t\t\t\t<i aria-hidden=\"true\" class=\"fas fa-mouse-pointer\"><\/i>\t\t\t\t\t\t<\/span>\n\t\t\t\t\t\t\t\t\t\t<span class=\"elementor-icon-list-text\">sescrn.com.br<\/span>\n\t\t\t\t\t\t\t\t\t\t\t<\/a>\n\t\t\t\t\t\t\t\t\t<\/li>\n\t\t\t\t\t\t\t\t<li class=\"elementor-icon-list-item elementor-inline-item\">\n\t\t\t\t\t\t\t\t\t\t\t<a href=\"https:\/\/api.whatsapp.com\/send?phone=558431330360\">\n\n\t\t\t\t\t\t\t\t\t\t\t\t<span class=\"elementor-icon-list-icon\">\n\t\t\t\t\t\t\t<i aria-hidden=\"true\" class=\"fab fa-whatsapp\"><\/i>\t\t\t\t\t\t<\/span>\n\t\t\t\t\t\t\t\t\t\t<span class=\"elementor-icon-list-text\">(84) 3133-0360<\/span>\n\t\t\t\t\t\t\t\t\t\t\t<\/a>\n\t\t\t\t\t\t\t\t\t<\/li>\n\t\t\t\t\t\t\t\t<li class=\"elementor-icon-list-item elementor-inline-item\">\n\t\t\t\t\t\t\t\t\t\t\t<a href=\"https:\/\/www.instagram.com\/sescrn?utm_source=ig_web_button_share_sheet&#038;igsh=ZDNlZDc0MzIxNw==\">\n\n\t\t\t\t\t\t\t\t\t\t\t\t<span class=\"elementor-icon-list-icon\">\n\t\t\t\t\t\t\t<i aria-hidden=\"true\" class=\"fab fa-instagram\"><\/i>\t\t\t\t\t\t<\/span>\n\t\t\t\t\t\t\t\t\t\t<span class=\"elementor-icon-list-text\">@sescrn<\/span>\n\t\t\t\t\t\t\t\t\t\t\t<\/a>\n\t\t\t\t\t\t\t\t\t<\/li>\n\t\t\t\t\t\t\t\t<li class=\"elementor-icon-list-item elementor-inline-item\">\n\t\t\t\t\t\t\t\t\t\t\t<a href=\"https:\/\/www.youtube.com\/user\/SESCRN\">\n\n\t\t\t\t\t\t\t\t\t\t\t\t<span class=\"elementor-icon-list-icon\">\n\t\t\t\t\t\t\t<i aria-hidden=\"true\" class=\"fab fa-youtube\"><\/i>\t\t\t\t\t\t<\/span>\n\t\t\t\t\t\t\t\t\t\t<span class=\"elementor-icon-list-text\">@sescrn<\/span>\n\t\t\t\t\t\t\t\t\t\t\t<\/a>\n\t\t\t\t\t\t\t\t\t<\/li>\n\t\t\t\t\t\t<\/ul>\n\t\t\t\t\t\t<\/div>\n\t\t\t\t<\/div>\n\t\t\t\t\t<\/div>\n\t\t\t\t<\/div>\n\t\t\t\t<\/div>\n\t\t","protected":false},"excerpt":{"rendered":"<p>Beneficiados: Servidores da FUERN, c\u00f4njuge ou companheiro, os filhos e os enteados at\u00e9 21 (vinte e um) anos ou estudantes at\u00e9 24 (vinte e quatro) anos, mediante comprova\u00e7\u00e3o de escolaridade. Servi\u00e7os oferecidos: a) Biblioteca; b) Refei\u00e7\u00f5es, lanches e bebidas; c) Desenvolvimento f\u00edsico e esportivo; d) Educa\u00e7\u00e3o infantil; e) Educa\u00e7\u00e3o fundamental; f) Desenvolvimento\u00a0art\u00edstico-cultural; g) Loca\u00e7\u00e3o de [&hellip;]<\/p>\n","protected":false},"author":6,"featured_media":0,"parent":0,"menu_order":0,"comment_status":"closed","ping_status":"closed","template":"","meta":{"footnotes":""},"class_list":["post-1137","page","type-page","status-publish","hentry"],"_links":{"self":[{"href":"https:\/\/portal.uern.br\/progep\/ddpqv\/wp-json\/wp\/v2\/pages\/1137","targetHints":{"allow":["GET"]}}],"collection":[{"href":"https:\/\/portal.uern.br\/progep\/ddpqv\/wp-json\/wp\/v2\/pages"}],"about":[{"href":"https:\/\/portal.uern.br\/progep\/ddpqv\/wp-json\/wp\/v2\/types\/page"}],"author":[{"embeddable":true,"href":"https:\/\/portal.uern.br\/progep\/ddpqv\/wp-json\/wp\/v2\/users\/6"}],"replies":[{"embeddable":true,"href":"https:\/\/portal.uern.br\/progep\/ddpqv\/wp-json\/wp\/v2\/comments?post=1137"}],"version-history":[{"count":17,"href":"https:\/\/portal.uern.br\/progep\/ddpqv\/wp-json\/wp\/v2\/pages\/1137\/revisions"}],"predecessor-version":[{"id":1353,"href":"https:\/\/portal.uern.br\/progep\/ddpqv\/wp-json\/wp\/v2\/pages\/1137\/revisions\/1353"}],"wp:attachment":[{"href":"https:\/\/portal.uern.br\/progep\/ddpqv\/wp-json\/wp\/v2\/media?parent=1137"}],"curies":[{"name":"wp","href":"https:\/\/api.w.org\/{rel}","templated":true}]}}