{"id":5715,"date":"2026-04-28T11:06:29","date_gmt":"2026-04-28T14:06:29","guid":{"rendered":"https:\/\/portal.uern.br\/proex\/?page_id=5715"},"modified":"2026-04-28T11:10:46","modified_gmt":"2026-04-28T14:10:46","slug":"pinacoteca-jose-gurgel","status":"publish","type":"page","link":"https:\/\/portal.uern.br\/proex\/pinacoteca-jose-gurgel\/","title":{"rendered":"Pinacoteca Jos\u00e9 Gurgel"},"content":{"rendered":"<p><strong>Chamada p\u00fablica para a\u00a0sele\u00e7\u00e3o de exposi\u00e7\u00f5es de artes visuais, individuais ou coletivas<\/strong><\/p>\n<p><a href=\"https:\/\/portal.uern.br\/proex\/wp-content\/uploads\/2026\/04\/SEI_40949338_Documento.pdf\">CHAMAMENTO P\u00daBLICO\u00a0 N\u00ba 01\/2026 &#8211; DECA\/PROEX\/UERN<\/a><\/p>\n<p>&nbsp;<\/p>\n<p>&nbsp;<\/p>\n","protected":false},"excerpt":{"rendered":"<p>Chamada p\u00fablica para a\u00a0sele\u00e7\u00e3o de exposi\u00e7\u00f5es de artes visuais, individuais ou coletivas CHAMAMENTO P\u00daBLICO\u00a0 N\u00ba 01\/2026 &#8211; DECA\/PROEX\/UERN &nbsp; &nbsp;<\/p>\n","protected":false},"author":2,"featured_media":0,"parent":0,"menu_order":0,"comment_status":"closed","ping_status":"closed","template":"","meta":{"footnotes":""},"class_list":["post-5715","page","type-page","status-publish","hentry"],"_links":{"self":[{"href":"https:\/\/portal.uern.br\/proex\/wp-json\/wp\/v2\/pages\/5715","targetHints":{"allow":["GET"]}}],"collection":[{"href":"https:\/\/portal.uern.br\/proex\/wp-json\/wp\/v2\/pages"}],"about":[{"href":"https:\/\/portal.uern.br\/proex\/wp-json\/wp\/v2\/types\/page"}],"author":[{"embeddable":true,"href":"https:\/\/portal.uern.br\/proex\/wp-json\/wp\/v2\/users\/2"}],"replies":[{"embeddable":true,"href":"https:\/\/portal.uern.br\/proex\/wp-json\/wp\/v2\/comments?post=5715"}],"version-history":[{"count":1,"href":"https:\/\/portal.uern.br\/proex\/wp-json\/wp\/v2\/pages\/5715\/revisions"}],"predecessor-version":[{"id":5717,"href":"https:\/\/portal.uern.br\/proex\/wp-json\/wp\/v2\/pages\/5715\/revisions\/5717"}],"wp:attachment":[{"href":"https:\/\/portal.uern.br\/proex\/wp-json\/wp\/v2\/media?parent=5715"}],"curies":[{"name":"wp","href":"https:\/\/api.w.org\/{rel}","templated":true}]}}

Pinacoteca José Gurgel

<p><strong>Chamada pública para a seleção de exposições de artes visuais, individuais ou coletivas</strong></p>
<p><a href="https://portal.uern.br/proex/wp-content/uploads/2026/04/SEI_40949338_Documento.pdf">CHAMAMENTO PÚBLICO  Nº 01/2026 &#8211; DECA/PROEX/UERN</a></p>
<p>&nbsp;</p>
<p>&nbsp;</p>

<p>Chamada pública para a seleção de exposições de artes visuais, individuais ou coletivas CHAMAMENTO PÚBLICO  Nº 01/2026 &#8211; DECA/PROEX/UERN &nbsp; &nbsp;</p>
