{"id":569,"date":"2023-02-14T21:52:14","date_gmt":"2023-02-15T00:52:14","guid":{"rendered":"http:\/\/beta.apps.uern.br\/wordpress\/proex\/?page_id=569"},"modified":"2023-02-14T21:52:14","modified_gmt":"2023-02-15T00:52:14","slug":"2022-2","status":"publish","type":"page","link":"https:\/\/portal.uern.br\/proex\/2022-2\/","title":{"rendered":"2022"},"content":{"rendered":"<p><strong>2022<\/strong><\/p>\n<p><strong>EDITAL N\u00b0 001\/2022 \u2013 PROEX\/UERN &#8211;\u00a0<\/strong><strong>SELE\u00c7\u00c3O DE BOLSAS PARA PROJETOS ESTRAT\u00c9GICOS INSTITUCIONAIS DA PROEX<\/strong><\/p>\n<p>A Pr\u00f3-Reitoria de Extens\u00e3o \u2013 Proex, da Universidade do Estado do Rio Grande do Norte \u2013 Uern, no uso de suas atribui\u00e7\u00f5es legais e estatut\u00e1rias torna p\u00fablica a sele\u00e7\u00e3o de bolsistas internos de extens\u00e3o.<\/p>\n<ul>\n<li><a href=\"https:\/\/www.uern.br\/controledepaginas\/2022\/arquivos\/6609edital_001_2022_proj_estrata%E2%80%B0gicos.pdf\">Edital<\/a><\/li>\n<li><a href=\"http:\/\/www.uern.br\/controledepaginas\/2022\/arquivos\/6609anexos_i_e_ii.zip\">Anexos I e II<\/a><\/li>\n<li><a href=\"https:\/\/www.uern.br\/controledepaginas\/2022\/arquivos\/6609resultado_parcial.pdf\">RESULTADO PARCIAL<\/a><\/li>\n<li><a href=\"https:\/\/www.uern.br\/controledepaginas\/2022\/arquivos\/6609resultado_final.pdf\">Resultado Final<\/a><\/li>\n<\/ul>\n<p>&nbsp;<\/p>\n<p><strong>EDITAL N\u00ba 002\/2022 \u2013 PROEX\/UERN &#8211; UERN A\u00c7\u00c3O: arte e educa\u00e7\u00e3o<\/strong><\/p>\n<p>A Universidade do Estado do Rio Grande do Norte \u2013 UERN, por meio da Pr\u00f3-Reitoria de Extens\u00e3o torna p\u00fablico o presente Edital para a inscri\u00e7\u00e3o de novos alunos no Projeto de Extens\u00e3o UERN A\u00e7\u00e3o: arte e educa\u00e7\u00e3o.<\/p>\n<ul>\n<li><a href=\"http:\/\/www.uern.br\/controledepaginas\/2022\/arquivos\/6609edital_002_2022_proex_uern_aa%C2%A7a%C2%A3o_assinado_(2).pdf\">Edital<\/a><\/li>\n<\/ul>\n<p><strong>EDITAL N\u00b0 003\/2022 \u2013 PROEX\/UERN &#8211; SELE\u00c7\u00c3O DE BOLSA PARA PROJETOS ESTRAT\u00c9GICOS INSTITUCIONAIS DA PROEX<\/strong><\/p>\n<p>A Pr\u00f3-Reitoria de Extens\u00e3o \u2013 Proex, da Universidade do Estado do Rio Grande do Norte \u2013 Uern, no uso de suas atribui\u00e7\u00f5es legais e estatut\u00e1rias torna p\u00fablica a sele\u00e7\u00e3o de bolsistas de extens\u00e3o.<\/p>\n<ul>\n<li><a href=\"http:\/\/www.uern.br\/controledepaginas\/2022\/arquivos\/6609edital_na_003.2022_uern.proex.pdf\">Edital<\/a><\/li>\n<li><a href=\"https:\/\/www.uern.br\/controledepaginas\/2022\/arquivos\/6609resultado_parcial_edital_003_2022.pdf\">Resultado Parcial<\/a><\/li>\n<li><a href=\"http:\/\/www.uern.br\/controledepaginas\/2022\/arquivos\/6609resultado_final_edital_003_2022_assinado.pdf\">Resultado Final<\/a><\/li>\n<\/ul>\n<p>&nbsp;<\/p>\n<p><strong>EDITAL N\u00b0 004\/2022 \u2013 PROEX\/UERN &#8211; PROGRAMA INSTITUCIONAL DE BOLSAS DE EXTENS\u00c3O &#8211; PIBEX 2022<\/strong><\/p>\n<p>A Pr\u00f3-Reitoria de Extens\u00e3o da Universidade do Estado do Rio Grande do Norte \u2013 Proex\/Uern, no uso de suas atribui\u00e7\u00f5es legais e estatut\u00e1rias, torna p\u00fablico o Edital do Programa Institucional de Bolsas de Extens\u00e3o \u2013 Pibex 2022<strong>\u00a0<\/strong>(ampla concorr\u00eancia; PcD e ingressantes na Uern pela categoria PPI), para a sele\u00e7\u00e3o de discentes que atuar\u00e3o nas A\u00e7\u00f5es de Extens\u00e3o aprovadas por meio do Edital n\u00ba 11\/2021 Proex\/Uern, referente aos semestres 2022.1 e 2022.2.<\/p>\n<ul>\n<li><a href=\"https:\/\/www.uern.br\/controledepaginas\/2022\/arquivos\/6609edital_n._004_2022_pibex_final.pdf\">EDITAL<\/a><\/li>\n<li><a href=\"https:\/\/www.uern.br\/controledepaginas\/2022\/arquivos\/6609anexos_ii_ao_vii.zip\">ANEXOS II A VII (Edit\u00e1veis)<\/a><\/li>\n<li><a href=\"https:\/\/www.uern.br\/controledepaginas\/2022\/arquivos\/6609memorando_circular_n_18_2022_uern_proex_uern_chefia_de_gabinete_uern_reitoria.pdf\">DISTRIBUI\u00c7\u00c3O DAS VAGAS PCD, PPI E\u00a0AMPLA CONCORR\u00caNCIA<\/a><\/li>\n<li><a href=\"https:\/\/www.uern.br\/controledepaginas\/2022\/arquivos\/6609resultado_final_pibex_2022.pdf\">RESULTADO FINAL<\/a><\/li>\n<\/ul>\n<p>&nbsp;<\/p>\n<p><strong>EDITAL N\u00b0 005\/2022 \u2013 PROEX\/UERN &#8211;\u00a0SELE\u00c7\u00c3O DE BOLSA PARA PROJETOS ESTRAT\u00c9GICOS INSTITUCIONAIS DA PROEX &#8211; COMUNICA\u00c7\u00c3O<\/strong><\/p>\n<ul>\n<li><a href=\"http:\/\/www.uern.br\/controledepaginas\/2022\/arquivos\/6609edital_na_05.2022_uern.proex..pdf\"><strong>EDITAL<\/strong><\/a><\/li>\n<li><a href=\"http:\/\/www.uern.br\/controledepaginas\/2022\/arquivos\/6609sei_04410024.002000_2022_73.pdf\"><strong>RESULTADO PARCIAL<\/strong><\/a><\/li>\n<li><a href=\"http:\/\/www.uern.br\/controledepaginas\/2022\/arquivos\/6609resultado_final_do_edital_na_05.2022_a%E2%82%AC%E2%80%9C_uern.proex..pdf\"><strong>RESULTADO<\/strong><\/a><\/li>\n<\/ul>\n<p><strong>EDITAL N\u00b0 006\/2022 \u2013 PROEX\/UERN &#8211;\u00a0SELE\u00c7\u00c3O DE BOLSA PARA PROJETOS ESTRAT\u00c9GICOS INSTITUCIONAIS DA PROEX &#8211; GRUDUM<\/strong><\/p>\n<ul>\n<li><a href=\"http:\/\/www.uern.br\/controledepaginas\/2022\/arquivos\/6609sei_04410024.002192_2022_18.pdf\"><strong>EDITAL<\/strong><\/a><\/li>\n<li><a href=\"https:\/\/www.uern.br\/controledepaginas\/2022\/arquivos\/6609resultado_final_edital_006_2022_grudum.pdf\"><strong>RESULTADO FINAL<\/strong><\/a><\/li>\n<\/ul>\n<p>&nbsp;<\/p>\n<p><strong>EDITAL\u00a0N\u00b0 007\/2022 \u2013 PROEX\/UERN &#8211;\u00a0SELE\u00c7\u00c3O DE BOLSA PARA PROJETOS ESTRAT\u00c9GICOS INSTITUCIONAIS DA PROEX &#8211; GRUDUM<\/strong><\/p>\n<ul>\n<li><a href=\"https:\/\/www.uern.br\/controledepaginas\/2022\/arquivos\/6609edital_na_007.2022_uern.proex_assinado.pdf\"><strong>EDITAL<\/strong><\/a><\/li>\n<li><a href=\"http:\/\/www.uern.br\/controledepaginas\/2022\/arquivos\/6609sei_04410024.002768_2022_47_(2).pdf\"><strong>RESULTADO PARCIAL<\/strong><\/a><\/li>\n<\/ul>\n<p>&nbsp;<\/p>\n<p><strong>EDITAL 08\/2022 &#8211; PROEX\/UERN &#8211; CHAMAMENTO PARA INSCRI\u00c7\u00c3O DE\u00a0ALUNOS VOLUNT\u00c1RIOS PARA O EVENTO DE EXTENS\u00c3O &#8211; ELO\/UERN<\/strong><\/p>\n<p>A Pr\u00f3-Reitoria de Extens\u00e3o da Universidade do Estado do Rio Grande do\u00a0Norte, no uso de suas atribui\u00e7\u00f5es legais e estatut\u00e1rias, torna p\u00fablica a inscri\u00e7\u00e3o de\u00a0discentes interessados em participar como monitores volunt\u00e1rios no ELO\/UERN: a\u00a0universidade junto \u00e0 comunidade a ser realizado no per\u00edodo de 22 a 26 de agosto de\u00a02022, nos Campi da Uern.<\/p>\n<ul>\n<li><a href=\"https:\/\/www.uern.br\/controledepaginas\/2022\/arquivos\/6609edital_08_2022_voluntario_elo_uern.pdf\">EDITAL<\/a><\/li>\n<\/ul>\n<p>&nbsp;<\/p>\n<p><strong>EDITAL 10\/2022 &#8211; PROEX\/UERN &#8211;\u00a0SELE\u00c7\u00c3O DE BOLSA PARA PROJETOS ESTRAT\u00c9GICOS INSTITUCIONAIS DA PROEX<\/strong><\/p>\n<p>A Pr\u00f3-Reitoria de Extens\u00e3o \u2013 Proex, da Universidade do Estado do Rio Grande do Norte \u2013 Uern, no uso de suas atribui\u00e7\u00f5es legais e estatut\u00e1rias torna p\u00fablica a sele\u00e7\u00e3o de bolsistas internos de extens\u00e3o, para 01 (uma) vaga UERN A\u00c7\u00c3O &#8211; M\u00fasica.<\/p>\n<ul>\n<li><a href=\"https:\/\/www.uern.br\/controledepaginas\/2022\/arquivos\/6609edital_10_2022_uern_aa%E2%80%A1ao_sei_04410024.003234_2022_38.pdf\">EDITAL<\/a><\/li>\n<li><a href=\"https:\/\/www.uern.br\/controledepaginas\/2022\/arquivos\/6609resultado_parcial_edital_010_2022_uern_aa%E2%80%A1a%C6%92o.pdf\">RESULTADO PARCIAL<\/a><\/li>\n<li><a href=\"https:\/\/www.uern.br\/controledepaginas\/2022\/arquivos\/6609resultado_final_edital_010_2022_uern_aa%E2%80%A1a%C6%92o.pdf\">RESULTADO FINAL<\/a><\/li>\n<\/ul>\n<p>&nbsp;<\/p>\n<p><strong>EDITAL 11\/2022 &#8211; PROEX\/UERN &#8211;\u00a0SELE\u00c7\u00c3O DE BOLSA PARA PROJETOS ESTRAT\u00c9GICOS INSTITUCIONAIS DA PROEX &#8211; VAGA GRUDUM<\/strong><\/p>\n<p>A Pr\u00f3-Reitoria de Extens\u00e3o \u2013 Proex, da Universidade do Estado do Rio\u00a0Grande do Norte &#8211; Uern, no uso de suas atribui\u00e7\u00f5es legais e estatut\u00e1rias torna\u00a0p\u00fablica a sele\u00e7\u00e3o de bolsista internos de extens\u00e3o, vaga GRUDUM.<\/p>\n<ul>\n<li><a href=\"https:\/\/www.uern.br\/controledepaginas\/2022\/arquivos\/6609edital_n._011_2022_vaga_grudum.pdf\">EDITAL<\/a><\/li>\n<li><a href=\"https:\/\/www.uern.br\/controledepaginas\/2022\/arquivos\/6609aditivona_01_do_edital_na_011.2022_uern.pdf\">ADITIVO 001 &#8211; PRORROGA INSCRI\u00c7\u00d5ES<\/a><\/li>\n<\/ul>\n<p>&nbsp;<\/p>\n<p><strong>EDITAL 001\/2022-NEABI\/PROEX\/UERN &#8211; SELE\u00c7\u00c3O DE BOLSISTAS PARA ATUAR NO NEABI\/UERN<\/strong><\/p>\n<p>A Universidade do Estado do Rio Grande do Norte \u2013 UERN, por meio do N\u00facleo de Estudos Afro-Brasileiros e Ind\u00edgenas \u2013 NEABI\/UERN e da Pr\u00f3-Reitoria deExtens\u00e3o \u2013 PROEX\/UERN, no uso de suas atribui\u00e7\u00f5es legais e estatut\u00e1rias, torna p\u00fablico o presente edital a abertura de sele\u00e7\u00e3o de bolsistas de extens\u00e3o nascategorias\u00a0(ampla concorr\u00eancia; PcD e ingressantes na Uern pela categoria PPI)\u00a0, para atuarem no desenvolvimento de a\u00e7\u00f5es formati vas de promo\u00e7\u00e3o daigualdade e diversidade \u00e9tnico-racial, do NEABI\/UERN.<\/p>\n<ul>\n<li><a href=\"https:\/\/www.uern.br\/controledepaginas\/2022\/arquivos\/6609edital_n._001_2022_neabi_proex.pdf\">EDITAL<\/a><\/li>\n<li><a href=\"https:\/\/www.uern.br\/controledepaginas\/2022\/arquivos\/6609resultado_final_neabi_assinado.pdf\">RESULTADO FINAL<\/a><\/li>\n<\/ul>\n<p>&nbsp;<\/p>\n<p><strong>EDITAL N\u00ba 12\/2022- PROEX\/UERN &#8211;\u00a0NORMAS PARA SELE\u00c7\u00c3O E INSTITUCIONALIZA\u00c7\u00c3O DE A\u00c7\u00d5ES DE EXTENS\u00c3O COM VISTAS\u00a0 \u00c0 ATRIBUI\u00c7\u00c3O DE CARGA HOR\u00c1RIA REFERENTE AOS SEMESTRES LETIVOS 2023.1 e\/ou 2023.2<\/strong><\/p>\n<p><span lang=\"pt-BR\">A Pr\u00f3-Reitoria de Extens\u00e3o da Universidade do Estado do Rio Grande do Norte \u2013 Proex\/Uern torna p\u00fablico o presente edital para sele\u00e7\u00e3o e institucionaliza\u00e7\u00e3o de propostas de A\u00e7\u00f5es de Extens\u00e3o (Plano de Trabalho de Unidades de Extens\u00e3o, Programas, Projetos, Cursos, Eventos e Presta\u00e7\u00e3o de Servi\u00e7os) com vistas \u00e0 atribui\u00e7\u00e3o de carga hor\u00e1ria.<\/span><\/p>\n<ul>\n<li><a href=\"https:\/\/www.uern.br\/controledepaginas\/2022\/arquivos\/6609edital_12.2022_proex.pdf\"><span lang=\"pt-BR\">EDITAL<\/span><\/a><\/li>\n<li><a href=\"https:\/\/www.uern.br\/controledepaginas\/2022\/arquivos\/6609aditivo_ao_edital_na_12.2022_proex.uern.pdf\"><span lang=\"pt-BR\">ADITIVO<\/span><\/a><\/li>\n<li><a href=\"http:\/\/www.uern.br\/controledepaginas\/2022\/arquivos\/6609tutorial_de_acesso_aos_pareceres.pdf\"><span lang=\"pt-BR\">TUTORIAL DE ACESSO AOS PARECERES<\/span><\/a><\/li>\n<li><a href=\"https:\/\/docs.google.com\/document\/d\/1gnT2j_XeMEa5NMWCM0IA42dPqUjY9HF2\/edit?usp=sharing&amp;ouid=112218175367641056153&amp;rtpof=true&amp;sd=true\"><span lang=\"pt-BR\">FORMUL\u00c1RIO DE RECURSO<\/span><\/a><\/li>\n<li><a href=\"http:\/\/www.uern.br\/controledepaginas\/2022\/arquivos\/6609resultado_parcial_edital_na_12.2022_proex.uern..pdf\"><span lang=\"pt-BR\">RESULTADO PARCIAL<\/span><\/a><\/li>\n<li><a href=\"http:\/\/www.uern.br\/controledepaginas\/2022\/arquivos\/6609resultado_final_edital_n_12_2022_proex.pdf\"><span lang=\"pt-BR\">RESULTADO FINAL<\/span><\/a><\/li>\n<li><a href=\"https:\/\/drive.google.com\/file\/d\/1Z-efhvKnx-aIwVK-5SEvu-9beJByhNXx\/view?usp=share_link\"><span lang=\"pt-BR\">ADITIVO RESULTADO FINAL<\/span><\/a><\/li>\n<\/ul>\n<p>&nbsp;<\/p>\n<p><strong>EDITAL N.\u00ba 013\/2022 \u2013 PROEX\/UERN &#8211;\u00a0SELE\u00c7\u00c3O DE BOLSISTA PARA PROJETOS ESTRAT\u00c9GICOS INSTITUCIONAIS DA\u00a0PROEX<\/strong><\/p>\n<ul>\n<li><a href=\"http:\/\/www.uern.br\/controledepaginas\/2022\/arquivos\/6609edital_n.a_013.2022_a%E2%82%AC%E2%80%9C_proex.uern.pdf\"><strong>Edital<\/strong><\/a><\/li>\n<li><a href=\"https:\/\/www.uern.br\/controledepaginas\/2022\/arquivos\/6609resultado_parcial_edital_013_2022_assinado.pdf\"><strong>RESULTADO PARCIAL<\/strong><\/a><\/li>\n<li><a href=\"https:\/\/www.uern.br\/controledepaginas\/2022\/arquivos\/6609resultado_final_edital_na_13_2022_proex.pdf\"><strong>RESULTADO FINAL<\/strong><\/a><\/li>\n<li><a href=\"https:\/\/www.uern.br\/controledepaginas\/2022\/arquivos\/6609aditivo_na_001.2022_edital_n._13.2022_proex.uern.pdf\"><strong>ADITIVO N\u00ba 001\u00a0<\/strong><\/a><\/li>\n<\/ul>\n<p>&nbsp;<\/p>\n<p><strong>EDITAL N\u00ba 014\/2022-PROEX\/UERN &#8211; PRORROGA\u00c7\u00c3O DO PRAZO DE VIG\u00caNCIA DAS BOLSAS DOS PROJETOS ESTRAT\u00c9GICOS INSTITUCIONAIS DA PROEX<\/strong><\/p>\n<ul>\n<li><a href=\"https:\/\/www.uern.br\/controledepaginas\/2022\/arquivos\/6609edital_na%C2%B0_014.2022_a%E2%82%AC%E2%80%9C_proex.uern.pdf\">EDITAL<\/a><\/li>\n<\/ul>\n","protected":false},"excerpt":{"rendered":"<p>2022 EDITAL N\u00b0 001\/2022 \u2013 PROEX\/UERN &#8211;\u00a0SELE\u00c7\u00c3O DE BOLSAS PARA PROJETOS ESTRAT\u00c9GICOS INSTITUCIONAIS DA PROEX A Pr\u00f3-Reitoria de Extens\u00e3o \u2013 Proex, da Universidade do Estado do Rio Grande do Norte \u2013 Uern, no uso de suas atribui\u00e7\u00f5es legais e estatut\u00e1rias torna p\u00fablica a sele\u00e7\u00e3o de bolsistas internos de extens\u00e3o. Edital Anexos I e II RESULTADO [&hellip;]<\/p>\n","protected":false},"author":2,"featured_media":0,"parent":0,"menu_order":0,"comment_status":"closed","ping_status":"closed","template":"","meta":{"footnotes":""},"class_list":["post-569","page","type-page","status-publish","hentry"],"_links":{"self":[{"href":"https:\/\/portal.uern.br\/proex\/wp-json\/wp\/v2\/pages\/569","targetHints":{"allow":["GET"]}}],"collection":[{"href":"https:\/\/portal.uern.br\/proex\/wp-json\/wp\/v2\/pages"}],"about":[{"href":"https:\/\/portal.uern.br\/proex\/wp-json\/wp\/v2\/types\/page"}],"author":[{"embeddable":true,"href":"https:\/\/portal.uern.br\/proex\/wp-json\/wp\/v2\/users\/2"}],"replies":[{"embeddable":true,"href":"https:\/\/portal.uern.br\/proex\/wp-json\/wp\/v2\/comments?post=569"}],"version-history":[{"count":1,"href":"https:\/\/portal.uern.br\/proex\/wp-json\/wp\/v2\/pages\/569\/revisions"}],"predecessor-version":[{"id":570,"href":"https:\/\/portal.uern.br\/proex\/wp-json\/wp\/v2\/pages\/569\/revisions\/570"}],"wp:attachment":[{"href":"https:\/\/portal.uern.br\/proex\/wp-json\/wp\/v2\/media?parent=569"}],"curies":[{"name":"wp","href":"https:\/\/api.w.org\/{rel}","templated":true}]}}