{"id":534,"date":"2023-02-14T19:36:33","date_gmt":"2023-02-14T22:36:33","guid":{"rendered":"http:\/\/beta.apps.uern.br\/wordpress\/proex\/?page_id=534"},"modified":"2023-02-14T19:36:33","modified_gmt":"2023-02-14T22:36:33","slug":"historia","status":"publish","type":"page","link":"https:\/\/portal.uern.br\/proex\/historia\/","title":{"rendered":"Hist\u00f3ria"},"content":{"rendered":"<p>A extens\u00e3o universit\u00e1ria da Universidade do Estado do Rio Grande do Norte &#8211; UERN data do ano de cria\u00e7\u00e3o da pr\u00f3pria institui\u00e7\u00e3o, em 1968. O primeiro \u00f3rg\u00e3o criado para dirigir as a\u00e7\u00f5es extensionistas na universidade foi o Centro de Desenvolvimento Regional do Rio Grande do Norte &#8211; CENDERN, cujas prioridades eram as a\u00e7\u00f5es de assist\u00eancia t\u00e9cnica \u00e0s prefeituras de Mossor\u00f3 e regi\u00e3o, extens\u00e3o agroindustrial e a\u00e7\u00f5es comunit\u00e1rias. No ano de 1972, com o crescimento das a\u00e7\u00f5es extensionistas, criou-se o Centro Rural Universit\u00e1rio de Treinamento e A\u00e7\u00e3o Comunit\u00e1ria &#8211; CRUTAC, com o objetivo de desenvolver atividades sociais, educativas e culturais nas comunidades rurais.<\/p>\n<p><img fetchpriority=\"high\" decoding=\"async\" src=\"https:\/\/www.uern.br\/controledepaginas\/proex-a-pro-reitoria-historia\/imagens\/1158comunica%C3%A3%C2%A7%C3%A3%C2%A3o_e_ensino_com_borda_maior.jpg\" alt=\"Reitor\" width=\"600\" height=\"351\" \/><\/p>\n<p>O ano de 1973, atrav\u00e9s do Ato Executivo n\u00b0. 006\/73 ASFURRN, de 13 de junho de 1973 \u00e9 marcado pela cria\u00e7\u00e3o da Pr\u00f3-Reitoria de Extens\u00e3o com a composi\u00e7\u00e3o dos seguintes \u00f3rg\u00e3os: Centro de Desenvolvimento Regional do Rio Grande do Norte &#8211; CENDERN, Centro Rural Universit\u00e1rio de Treinamento e A\u00e7\u00e3o Comunit\u00e1ria &#8211; CRUTAC, Centro de Estudo do Menor e Integra\u00e7\u00e3o da Comunidade &#8211; CEMIC e Centro Experimental de Estudos e Pesquisas sobre o Sal &#8211; CEPS.<\/p>\n<p><img decoding=\"async\" src=\"https:\/\/www.uern.br\/controledepaginas\/proex-a-pro-reitoria-historia\/imagens\/1158treinamento_salineiro_com_borda.jpg\" alt=\"Sal\" width=\"600\" height=\"410\" \/><\/p>\n<p>Com o passar dos anos, a Pr\u00f3-Reitoria foi conquistando uma nova estrutura organizacional e al\u00e9m do Gabinete da Pr\u00f3-Reitoria e do Pr\u00f3-Reitoria Adjunta, da Comiss\u00e3o de Extens\u00e3o, da Assessoria T\u00e9cnica, da Secretaria Executiva e do Centro Rural Universit\u00e1rio de Treinamento e A\u00e7\u00e3o Comunit\u00e1ria &#8211; CRUTAC, tr\u00eas \u00f3rg\u00e3os foram criados para responderem as demandas locais: o Centro de Estudos e Programa\u00e7\u00e3o Cultural (1985), o Conservat\u00f3rio de M\u00fasica D&#8217;alva Stella Nogueira Freire (1988) e o Departamento de Programas e Cursos de Extens\u00e3o &#8211; DPCE (1995).<\/p>\n<p><img decoding=\"async\" src=\"https:\/\/www.uern.br\/controledepaginas\/proex-a-pro-reitoria-historia\/imagens\/1158curso_de_nutri%C3%A3%C2%A7%C3%A3%C2%A3o_com_borda.jpg\" alt=\"nutri\u00e7\u00e3o\" width=\"600\" height=\"421\" \/><\/p>\n<p>Al\u00e9m desses \u00f3rg\u00e3os, destacam-se projetos e grupos culturais de continuidade: Grupo de Teatro &#8211; GRUTUM (1989), Projeto Outras Falas (1990), Grupo de Dan\u00e7a &#8211; GRUDUM &#8211; (2003) e Festival de Teatro da UERN &#8211; FESTUERN (2003).<\/p>\n<p><img loading=\"lazy\" decoding=\"async\" src=\"https:\/\/www.uern.br\/controledepaginas\/proex-a-pro-reitoria-historia\/imagens\/1158festuern_com_borda.jpg\" alt=\"festuern\" width=\"600\" height=\"403\" \/><\/p>\n<p>Outros marcos importantes no contexto da expans\u00e3o da PROEX ganham destaque, como as realiza\u00e7\u00f5es do Encontro de Pesquisa e Extens\u00e3o e o do Col\u00f3quio de Extens\u00e3o, que datam desde 1994 e 2006, respectivamente.<\/p>\n<p><img loading=\"lazy\" decoding=\"async\" src=\"https:\/\/www.uern.br\/controledepaginas\/proex-a-pro-reitoria-historia\/imagens\/1158encope_com_borda.jpg\" alt=\"encope\" width=\"600\" height=\"438\" \/><\/p>\n<p>Nesse panorama de crescimento e valoriza\u00e7\u00e3o cultural, e para atender demandas e potencialidades diagnosticadas, a Pr\u00f3-Reitoria de Extens\u00e3o expande sua estrutura funcional transformando seus departamentos em Diretorias; Desenvolvimento Social &#8211; DIRDES, Educa\u00e7\u00e3o, Cultura e Artes &#8211; DECA, Institucionaliza\u00e7\u00e3o de A\u00e7\u00f5es de Extens\u00e3o &#8211; DIA e Conservat\u00f3rio de M\u00fasica D&#8217;alva Stella Nogueira Freire.<\/p>\n<p>Em 2015, em virtude de um processo de reordenamento geral que a UERN passou, a Pr\u00f3-Reitoria de Extens\u00e3o sofre uma nova mudan\u00e7a estrutural, em que a DECA \u00e9 mantida e a DIRDES e a DIA juntam-se para formarem a Diretoria de Extens\u00e3o (DIEX). Al\u00e9m disso, o Conservat\u00f3rio de M\u00fasica foi transferido para o Departamento de M\u00fasica e o Complexo Cultural da UERN, localizado em Natal, foi vinculado \u00e0 PROEX.<\/p>\n<hr \/>\n<h2>Galeria de Ex Pr\u00f3-Reitores (as)<\/h2>\n<hr \/>\n<table>\n<tbody>\n<tr>\n<td><img loading=\"lazy\" decoding=\"async\" src=\"https:\/\/www.uern.br\/controledepaginas\/proex-a-pro-reitoria-exproreitores\/imagens\/3157moldura_2.jpg\" alt=\"Noguchi\" width=\"300\" height=\"398\" \/><\/td>\n<td><img loading=\"lazy\" decoding=\"async\" src=\"https:\/\/www.uern.br\/controledepaginas\/proex-a-pro-reitoria-exproreitores\/imagens\/3157moldura_3.jpg\" alt=\"manoel\" width=\"300\" height=\"398\" \/><\/td>\n<\/tr>\n<tr>\n<td><img loading=\"lazy\" decoding=\"async\" src=\"https:\/\/www.uern.br\/controledepaginas\/proex-a-pro-reitoria-exproreitores\/imagens\/3157moldura_1.jpg\" alt=\"Felipe1\" width=\"300\" height=\"398\" \/><\/td>\n<td><img loading=\"lazy\" decoding=\"async\" src=\"https:\/\/www.uern.br\/controledepaginas\/proex-a-pro-reitoria-exproreitores\/imagens\/3157moldura_4.jpg\" alt=\"Lindomar\" width=\"300\" height=\"398\" \/><\/td>\n<\/tr>\n<tr>\n<td><img loading=\"lazy\" decoding=\"async\" src=\"https:\/\/www.uern.br\/controledepaginas\/proex-a-pro-reitoria-exproreitores\/imagens\/3157moldura_5.jpg\" alt=\"Algecira\" width=\"300\" height=\"398\" \/><\/td>\n<td><img loading=\"lazy\" decoding=\"async\" src=\"https:\/\/www.uern.br\/controledepaginas\/proex-a-pro-reitoria-exproreitores\/imagens\/3157moldura_6.jpg\" alt=\"Paulo\" width=\"300\" height=\"398\" \/><\/td>\n<\/tr>\n<tr>\n<td><img loading=\"lazy\" decoding=\"async\" src=\"https:\/\/www.uern.br\/controledepaginas\/proex-a-pro-reitoria-exproreitores\/imagens\/3157moldura_7.jpg\" alt=\"Maria Jos\u00e9\" width=\"300\" height=\"398\" \/><\/td>\n<td><img loading=\"lazy\" decoding=\"async\" src=\"https:\/\/www.uern.br\/controledepaginas\/proex-a-pro-reitoria-exproreitores\/imagens\/3157moldura_8.jpg\" alt=\"Maria Alves\" width=\"300\" height=\"398\" \/><\/td>\n<\/tr>\n<tr>\n<td><img loading=\"lazy\" decoding=\"async\" src=\"https:\/\/www.uern.br\/controledepaginas\/proex-a-pro-reitoria-exproreitores\/imagens\/3157moldura_9.jpg\" alt=\"Olga\" width=\"300\" height=\"398\" \/><\/td>\n<td><img loading=\"lazy\" decoding=\"async\" src=\"https:\/\/www.uern.br\/controledepaginas\/proex-a-pro-reitoria-exproreitores\/imagens\/3157moldura_10.jpg\" alt=\"Felipe 2\" width=\"300\" height=\"398\" \/><\/td>\n<\/tr>\n<tr>\n<td><img loading=\"lazy\" decoding=\"async\" src=\"https:\/\/www.uern.br\/controledepaginas\/proex-a-pro-reitoria-exproreitores\/imagens\/3157moldura_11.jpg\" alt=\"Ana\" width=\"300\" height=\"398\" \/><\/td>\n<td><img loading=\"lazy\" decoding=\"async\" src=\"https:\/\/www.uern.br\/controledepaginas\/proex-a-pro-reitoria-exproreitores\/imagens\/3157moldura_12.jpg\" alt=\"Vanderlei\" width=\"300\" height=\"398\" \/><\/td>\n<\/tr>\n<\/tbody>\n<\/table>\n","protected":false},"excerpt":{"rendered":"<p>A extens\u00e3o universit\u00e1ria da Universidade do Estado do Rio Grande do Norte &#8211; UERN data do ano de cria\u00e7\u00e3o da pr\u00f3pria institui\u00e7\u00e3o, em 1968. O primeiro \u00f3rg\u00e3o criado para dirigir as a\u00e7\u00f5es extensionistas na universidade foi o Centro de Desenvolvimento Regional do Rio Grande do Norte &#8211; CENDERN, cujas prioridades eram as a\u00e7\u00f5es de assist\u00eancia [&hellip;]<\/p>\n","protected":false},"author":2,"featured_media":0,"parent":0,"menu_order":0,"comment_status":"closed","ping_status":"closed","template":"","meta":{"footnotes":""},"class_list":["post-534","page","type-page","status-publish","hentry"],"_links":{"self":[{"href":"https:\/\/portal.uern.br\/proex\/wp-json\/wp\/v2\/pages\/534","targetHints":{"allow":["GET"]}}],"collection":[{"href":"https:\/\/portal.uern.br\/proex\/wp-json\/wp\/v2\/pages"}],"about":[{"href":"https:\/\/portal.uern.br\/proex\/wp-json\/wp\/v2\/types\/page"}],"author":[{"embeddable":true,"href":"https:\/\/portal.uern.br\/proex\/wp-json\/wp\/v2\/users\/2"}],"replies":[{"embeddable":true,"href":"https:\/\/portal.uern.br\/proex\/wp-json\/wp\/v2\/comments?post=534"}],"version-history":[{"count":2,"href":"https:\/\/portal.uern.br\/proex\/wp-json\/wp\/v2\/pages\/534\/revisions"}],"predecessor-version":[{"id":563,"href":"https:\/\/portal.uern.br\/proex\/wp-json\/wp\/v2\/pages\/534\/revisions\/563"}],"wp:attachment":[{"href":"https:\/\/portal.uern.br\/proex\/wp-json\/wp\/v2\/media?parent=534"}],"curies":[{"name":"wp","href":"https:\/\/api.w.org\/{rel}","templated":true}]}}

História

<p>A extensão universitária da Universidade do Estado do Rio Grande do Norte &#8211; UERN data do ano de criação da própria instituição, em 1968. O primeiro órgão criado para dirigir as ações extensionistas na universidade foi o Centro de Desenvolvimento Regional do Rio Grande do Norte &#8211; CENDERN, cujas prioridades eram as ações de assistência técnica às prefeituras de Mossoró e região, extensão agroindustrial e ações comunitárias. No ano de 1972, com o crescimento das ações extensionistas, criou-se o Centro Rural Universitário de Treinamento e Ação Comunitária &#8211; CRUTAC, com o objetivo de desenvolver atividades sociais, educativas e culturais nas comunidades rurais.</p>
<p><img fetchpriority="high" decoding="async" src="https://www.uern.br/controledepaginas/proex-a-pro-reitoria-historia/imagens/1158comunica%C3%A3%C2%A7%C3%A3%C2%A3o_e_ensino_com_borda_maior.jpg" alt="Reitor" width="600" height="351" /></p>
<p>O ano de 1973, através do Ato Executivo n°. 006/73 ASFURRN, de 13 de junho de 1973 é marcado pela criação da Pró-Reitoria de Extensão com a composição dos seguintes órgãos: Centro de Desenvolvimento Regional do Rio Grande do Norte &#8211; CENDERN, Centro Rural Universitário de Treinamento e Ação Comunitária &#8211; CRUTAC, Centro de Estudo do Menor e Integração da Comunidade &#8211; CEMIC e Centro Experimental de Estudos e Pesquisas sobre o Sal &#8211; CEPS.</p>
<p><img decoding="async" src="https://www.uern.br/controledepaginas/proex-a-pro-reitoria-historia/imagens/1158treinamento_salineiro_com_borda.jpg" alt="Sal" width="600" height="410" /></p>
<p>Com o passar dos anos, a Pró-Reitoria foi conquistando uma nova estrutura organizacional e além do Gabinete da Pró-Reitoria e do Pró-Reitoria Adjunta, da Comissão de Extensão, da Assessoria Técnica, da Secretaria Executiva e do Centro Rural Universitário de Treinamento e Ação Comunitária &#8211; CRUTAC, três órgãos foram criados para responderem as demandas locais: o Centro de Estudos e Programação Cultural (1985), o Conservatório de Música D&#8217;alva Stella Nogueira Freire (1988) e o Departamento de Programas e Cursos de Extensão &#8211; DPCE (1995).</p>
<p><img decoding="async" src="https://www.uern.br/controledepaginas/proex-a-pro-reitoria-historia/imagens/1158curso_de_nutri%C3%A3%C2%A7%C3%A3%C2%A3o_com_borda.jpg" alt="nutrição" width="600" height="421" /></p>
<p>Além desses órgãos, destacam-se projetos e grupos culturais de continuidade: Grupo de Teatro &#8211; GRUTUM (1989), Projeto Outras Falas (1990), Grupo de Dança &#8211; GRUDUM &#8211; (2003) e Festival de Teatro da UERN &#8211; FESTUERN (2003).</p>
<p><img loading="lazy" decoding="async" src="https://www.uern.br/controledepaginas/proex-a-pro-reitoria-historia/imagens/1158festuern_com_borda.jpg" alt="festuern" width="600" height="403" /></p>
<p>Outros marcos importantes no contexto da expansão da PROEX ganham destaque, como as realizações do Encontro de Pesquisa e Extensão e o do Colóquio de Extensão, que datam desde 1994 e 2006, respectivamente.</p>
<p><img loading="lazy" decoding="async" src="https://www.uern.br/controledepaginas/proex-a-pro-reitoria-historia/imagens/1158encope_com_borda.jpg" alt="encope" width="600" height="438" /></p>
<p>Nesse panorama de crescimento e valorização cultural, e para atender demandas e potencialidades diagnosticadas, a Pró-Reitoria de Extensão expande sua estrutura funcional transformando seus departamentos em Diretorias; Desenvolvimento Social &#8211; DIRDES, Educação, Cultura e Artes &#8211; DECA, Institucionalização de Ações de Extensão &#8211; DIA e Conservatório de Música D&#8217;alva Stella Nogueira Freire.</p>
<p>Em 2015, em virtude de um processo de reordenamento geral que a UERN passou, a Pró-Reitoria de Extensão sofre uma nova mudança estrutural, em que a DECA é mantida e a DIRDES e a DIA juntam-se para formarem a Diretoria de Extensão (DIEX). Além disso, o Conservatório de Música foi transferido para o Departamento de Música e o Complexo Cultural da UERN, localizado em Natal, foi vinculado à PROEX.</p>
<hr />
<h2>Galeria de Ex Pró-Reitores (as)</h2>
<hr />
<table>
<tbody>
<tr>
<td><img loading="lazy" decoding="async" src="https://www.uern.br/controledepaginas/proex-a-pro-reitoria-exproreitores/imagens/3157moldura_2.jpg" alt="Noguchi" width="300" height="398" /></td>
<td><img loading="lazy" decoding="async" src="https://www.uern.br/controledepaginas/proex-a-pro-reitoria-exproreitores/imagens/3157moldura_3.jpg" alt="manoel" width="300" height="398" /></td>
</tr>
<tr>
<td><img loading="lazy" decoding="async" src="https://www.uern.br/controledepaginas/proex-a-pro-reitoria-exproreitores/imagens/3157moldura_1.jpg" alt="Felipe1" width="300" height="398" /></td>
<td><img loading="lazy" decoding="async" src="https://www.uern.br/controledepaginas/proex-a-pro-reitoria-exproreitores/imagens/3157moldura_4.jpg" alt="Lindomar" width="300" height="398" /></td>
</tr>
<tr>
<td><img loading="lazy" decoding="async" src="https://www.uern.br/controledepaginas/proex-a-pro-reitoria-exproreitores/imagens/3157moldura_5.jpg" alt="Algecira" width="300" height="398" /></td>
<td><img loading="lazy" decoding="async" src="https://www.uern.br/controledepaginas/proex-a-pro-reitoria-exproreitores/imagens/3157moldura_6.jpg" alt="Paulo" width="300" height="398" /></td>
</tr>
<tr>
<td><img loading="lazy" decoding="async" src="https://www.uern.br/controledepaginas/proex-a-pro-reitoria-exproreitores/imagens/3157moldura_7.jpg" alt="Maria José" width="300" height="398" /></td>
<td><img loading="lazy" decoding="async" src="https://www.uern.br/controledepaginas/proex-a-pro-reitoria-exproreitores/imagens/3157moldura_8.jpg" alt="Maria Alves" width="300" height="398" /></td>
</tr>
<tr>
<td><img loading="lazy" decoding="async" src="https://www.uern.br/controledepaginas/proex-a-pro-reitoria-exproreitores/imagens/3157moldura_9.jpg" alt="Olga" width="300" height="398" /></td>
<td><img loading="lazy" decoding="async" src="https://www.uern.br/controledepaginas/proex-a-pro-reitoria-exproreitores/imagens/3157moldura_10.jpg" alt="Felipe 2" width="300" height="398" /></td>
</tr>
<tr>
<td><img loading="lazy" decoding="async" src="https://www.uern.br/controledepaginas/proex-a-pro-reitoria-exproreitores/imagens/3157moldura_11.jpg" alt="Ana" width="300" height="398" /></td>
<td><img loading="lazy" decoding="async" src="https://www.uern.br/controledepaginas/proex-a-pro-reitoria-exproreitores/imagens/3157moldura_12.jpg" alt="Vanderlei" width="300" height="398" /></td>
</tr>
</tbody>
</table>

<p>A extensão universitária da Universidade do Estado do Rio Grande do Norte &#8211; UERN data do ano de criação da própria instituição, em 1968. O primeiro órgão criado para dirigir as ações extensionistas na universidade foi o Centro de Desenvolvimento Regional do Rio Grande do Norte &#8211; CENDERN, cujas prioridades eram as ações de assistência [&hellip;]</p>
