{"id":5308,"date":"2025-01-29T09:46:08","date_gmt":"2025-01-29T12:46:08","guid":{"rendered":"https:\/\/portal.uern.br\/proex\/?page_id=5308"},"modified":"2025-03-26T17:09:54","modified_gmt":"2025-03-26T20:09:54","slug":"submissao-de-acoes-de-extensao","status":"publish","type":"page","link":"https:\/\/portal.uern.br\/proex\/submissao-de-acoes-de-extensao\/","title":{"rendered":"Submiss\u00e3o de A\u00e7\u00f5es de Extens\u00e3o"},"content":{"rendered":"<p align=\"left\"><strong><span style=\"color: #000000\"><span style=\"font-family: Lato, sans-serif\"><span style=\"font-size: medium\">1. Como \u00e9 feito o cadastro de a\u00e7\u00e3o de extens\u00e3o na Uern?<\/span><\/span><\/span><\/strong><span style=\"color: #000000\"><br \/>\n<\/span><span style=\"color: #000000\"><span style=\"font-family: Lato, sans-serif\"><span style=\"font-size: medium\">As propostas de a\u00e7\u00f5es de extens\u00e3o devem ser cadastradas no Sistema de Informa\u00e7\u00e3o e Gest\u00e3o de Projetos de Extens\u00e3o \u2013 Sigproj\/Uern (link: <\/span><\/span><\/span><a href=\"https:\/\/sigproj.uern.br\/\"><span style=\"color: #000000\"><span style=\"font-family: Lato, sans-serif\"><span style=\"font-size: medium\">https:\/\/sigproj.uern.br<\/span><\/span><\/span><\/a><span style=\"color: #000000\"><span style=\"font-family: Lato, sans-serif\"><span style=\"font-size: medium\">) e tramitar\u00e1 para aprova\u00e7\u00e3o de acordo com a Resolu\u00e7\u00e3o n\u00ba 14\/2017 que Aprova o Regulamento Geral da Extens\u00e3o da Uern (link:<\/span><\/span><\/span><a href=\"https:\/\/www.uern.br\/controledepaginas\/proex-documentos-legisla%C3%A7%C3%A3o\/arquivos\/1165resolua%C2%A7a%C2%A3o_14_2017_regulamento_geral_da_extensa%C2%A3o.pdf\"><span style=\"color: #000000\">\u00a0<\/span><span style=\"color: #000000\"><span style=\"font-family: Lato, sans-serif\"><span style=\"font-size: medium\">Regulamento_Geral_da_Extens\u00e3o.pdf<\/span><\/span><\/span><\/a><span style=\"color: #000000\"><span style=\"font-family: Lato, sans-serif\"><span style=\"font-size: medium\">)<\/span><\/span><\/span><span style=\"color: #000000\"><br \/>\n<\/span><strong><span style=\"color: #000000\"><span style=\"font-family: Lato, sans-serif\"><span style=\"font-size: medium\">2. Como recuperar senha no Sigproj?<\/span><\/span><\/span><\/strong><span style=\"color: #000000\"><br \/>\n<\/span><span style=\"color: #000000\"><span style=\"font-family: Lato, sans-serif\"><span style=\"font-size: medium\">Enviar e-mail ao <\/span><\/span><\/span><span style=\"color: #000000\"><span style=\"font-family: Lato, sans-serif\"><span style=\"font-size: medium\"><a href=\"mailto:diex.proex@uern.br\">diex.proex@uern.br<\/a> <\/span><\/span><\/span><span style=\"color: #000000\"><span style=\"font-family: Lato, sans-serif\"><span style=\"font-size: medium\">solicitando a recupera\u00e7\u00e3o de senha.<\/span><\/span><\/span><span style=\"color: #000000\"><br \/>\n<\/span><strong><span style=\"color: #000000\"><span style=\"font-family: Lato, sans-serif\"><span style=\"font-size: medium\">3. Como solicitar certifica\u00e7\u00e3o de participa\u00e7\u00e3o em a\u00e7\u00f5es de extens\u00e3o?<\/span><\/span><\/span><\/strong><span style=\"color: #000000\"><br \/>\n<\/span><span style=\"color: #000000\"><span style=\"font-family: Lato, sans-serif\"><span style=\"font-size: medium\">Ap\u00f3s o envio do relat\u00f3rio final da a\u00e7\u00e3o pelo(a) coordenador(a), no Sigproj, os interessados devem enviar e-mail para o endere\u00e7o <\/span><\/span><\/span><span style=\"color: #000000\"><span style=\"font-family: Lato, sans-serif\"><span style=\"font-size: medium\"><a href=\"mailto:diex.proex@uern.br\">diex.proex@uern.br<\/a>.<\/span><\/span><\/span><span style=\"color: #000000\"><span style=\"font-family: Lato, sans-serif\"><span style=\"font-size: medium\"> Cabe ressaltar que a certifica\u00e7\u00e3o dos participantes est\u00e1 condicionada \u00e0s informa\u00e7\u00f5es completas dos dados dos participantes no relat\u00f3rio.<\/span><\/span><\/span><span style=\"color: #000000\"><br \/>\n<\/span><strong><span style=\"color: #000000\"><span style=\"font-family: Lato, sans-serif\"><span style=\"font-size: medium\">4. Como posso ser bolsista de a\u00e7\u00f5es de extens\u00e3o?<\/span><\/span><\/span><\/strong><span style=\"color: #000000\"><br \/>\n<\/span><span style=\"color: #000000\"><span style=\"font-family: Lato, sans-serif\"><span style=\"font-size: medium\">O Edital Pibex (Programa Institucional de Bolsas de Extens\u00e3o) \u00e9 publicado, anualmente, para a sele\u00e7\u00e3o de discentes da Uern (regularmente matriculados). O discente interessado em concorrer \u00e0 bolsa deve consultar a rela\u00e7\u00e3o de a\u00e7\u00f5es de extens\u00e3o<\/span><\/span><\/span><span style=\"color: #000000\"><br \/>\n<\/span><span style=\"color: #000000\"><span style=\"font-family: Lato, sans-serif\"><span style=\"font-size: medium\">aprovadas, de acordo com os cursos\/departamentos.<\/span><\/span><\/span><span style=\"color: #000000\"><br \/>\n<\/span><strong><span style=\"color: #000000\"><span style=\"font-family: Lato, sans-serif\"><span style=\"font-size: medium\">5. Quais os canais de comunica\u00e7\u00e3o para tirar d\u00favidas sobre a\u00e7\u00f5es, certifica\u00e7\u00f5es e bolsas de extens\u00e3o?<\/span><\/span><\/span><\/strong><span style=\"color: #000000\"><br \/>\n<\/span><span style=\"color: #000000\"><span style=\"font-family: Lato, sans-serif\"><span style=\"font-size: medium\">A comunica\u00e7\u00e3o pode ser feita via e-mails: <\/span><\/span><\/span><a href=\"diex.proex@uern.br\"><span style=\"color: #000000\"><span style=\"font-family: Lato, sans-serif\"><span style=\"font-size: medium\">diex.proex@uern.br<\/span><\/span><\/span><\/a><span style=\"color: #000000\"><span style=\"font-family: Lato, sans-serif\"><span style=\"font-size: medium\">;<\/span><\/span><\/span> <span style=\"color: #000000\"><span style=\"font-family: Lato, sans-serif\"><span style=\"font-size: medium\"><a href=\"mailto:direcao.diex@uern.br\">direcao.diex@uern.br<\/a>; <a href=\"pibex.diex@uern.br\">pibex.diex@uern.br<\/a><\/span><\/span><\/span><\/p>\n","protected":false},"excerpt":{"rendered":"<p>1. Como \u00e9 feito o cadastro de a\u00e7\u00e3o de extens\u00e3o na Uern? As propostas de a\u00e7\u00f5es de extens\u00e3o devem ser cadastradas no Sistema de Informa\u00e7\u00e3o e Gest\u00e3o de Projetos de Extens\u00e3o \u2013 Sigproj\/Uern (link: https:\/\/sigproj.uern.br) e tramitar\u00e1 para aprova\u00e7\u00e3o de acordo com a Resolu\u00e7\u00e3o n\u00ba 14\/2017 que Aprova o Regulamento Geral da Extens\u00e3o da Uern [&hellip;]<\/p>\n","protected":false},"author":3,"featured_media":0,"parent":0,"menu_order":0,"comment_status":"closed","ping_status":"closed","template":"","meta":{"footnotes":""},"class_list":["post-5308","page","type-page","status-publish","hentry"],"_links":{"self":[{"href":"https:\/\/portal.uern.br\/proex\/wp-json\/wp\/v2\/pages\/5308","targetHints":{"allow":["GET"]}}],"collection":[{"href":"https:\/\/portal.uern.br\/proex\/wp-json\/wp\/v2\/pages"}],"about":[{"href":"https:\/\/portal.uern.br\/proex\/wp-json\/wp\/v2\/types\/page"}],"author":[{"embeddable":true,"href":"https:\/\/portal.uern.br\/proex\/wp-json\/wp\/v2\/users\/3"}],"replies":[{"embeddable":true,"href":"https:\/\/portal.uern.br\/proex\/wp-json\/wp\/v2\/comments?post=5308"}],"version-history":[{"count":4,"href":"https:\/\/portal.uern.br\/proex\/wp-json\/wp\/v2\/pages\/5308\/revisions"}],"predecessor-version":[{"id":5411,"href":"https:\/\/portal.uern.br\/proex\/wp-json\/wp\/v2\/pages\/5308\/revisions\/5411"}],"wp:attachment":[{"href":"https:\/\/portal.uern.br\/proex\/wp-json\/wp\/v2\/media?parent=5308"}],"curies":[{"name":"wp","href":"https:\/\/api.w.org\/{rel}","templated":true}]}}

Submissão de Ações de Extensão

<p align="left"><strong><span style="color: #000000"><span style="font-family: Lato, sans-serif"><span style="font-size: medium">1. Como é feito o cadastro de ação de extensão na Uern?</span></span></span></strong><span style="color: #000000"><br />
</span><span style="color: #000000"><span style="font-family: Lato, sans-serif"><span style="font-size: medium">As propostas de ações de extensão devem ser cadastradas no Sistema de Informação e Gestão de Projetos de Extensão – Sigproj/Uern (link: </span></span></span><a href="https://sigproj.uern.br/"><span style="color: #000000"><span style="font-family: Lato, sans-serif"><span style="font-size: medium">https://sigproj.uern.br</span></span></span></a><span style="color: #000000"><span style="font-family: Lato, sans-serif"><span style="font-size: medium">) e tramitará para aprovação de acordo com a Resolução nº 14/2017 que Aprova o Regulamento Geral da Extensão da Uern (link:</span></span></span><a href="https://www.uern.br/controledepaginas/proex-documentos-legisla%C3%A7%C3%A3o/arquivos/1165resolua%C2%A7a%C2%A3o_14_2017_regulamento_geral_da_extensa%C2%A3o.pdf"><span style="color: #000000"> </span><span style="color: #000000"><span style="font-family: Lato, sans-serif"><span style="font-size: medium">Regulamento_Geral_da_Extensão.pdf</span></span></span></a><span style="color: #000000"><span style="font-family: Lato, sans-serif"><span style="font-size: medium">)</span></span></span><span style="color: #000000"><br />
</span><strong><span style="color: #000000"><span style="font-family: Lato, sans-serif"><span style="font-size: medium">2. Como recuperar senha no Sigproj?</span></span></span></strong><span style="color: #000000"><br />
</span><span style="color: #000000"><span style="font-family: Lato, sans-serif"><span style="font-size: medium">Enviar e-mail ao </span></span></span><span style="color: #000000"><span style="font-family: Lato, sans-serif"><span style="font-size: medium"><a href="mailto:diex.proex@uern.br">diex.proex@uern.br</a> </span></span></span><span style="color: #000000"><span style="font-family: Lato, sans-serif"><span style="font-size: medium">solicitando a recuperação de senha.</span></span></span><span style="color: #000000"><br />
</span><strong><span style="color: #000000"><span style="font-family: Lato, sans-serif"><span style="font-size: medium">3. Como solicitar certificação de participação em ações de extensão?</span></span></span></strong><span style="color: #000000"><br />
</span><span style="color: #000000"><span style="font-family: Lato, sans-serif"><span style="font-size: medium">Após o envio do relatório final da ação pelo(a) coordenador(a), no Sigproj, os interessados devem enviar e-mail para o endereço </span></span></span><span style="color: #000000"><span style="font-family: Lato, sans-serif"><span style="font-size: medium"><a href="mailto:diex.proex@uern.br">diex.proex@uern.br</a>.</span></span></span><span style="color: #000000"><span style="font-family: Lato, sans-serif"><span style="font-size: medium"> Cabe ressaltar que a certificação dos participantes está condicionada às informações completas dos dados dos participantes no relatório.</span></span></span><span style="color: #000000"><br />
</span><strong><span style="color: #000000"><span style="font-family: Lato, sans-serif"><span style="font-size: medium">4. Como posso ser bolsista de ações de extensão?</span></span></span></strong><span style="color: #000000"><br />
</span><span style="color: #000000"><span style="font-family: Lato, sans-serif"><span style="font-size: medium">O Edital Pibex (Programa Institucional de Bolsas de Extensão) é publicado, anualmente, para a seleção de discentes da Uern (regularmente matriculados). O discente interessado em concorrer à bolsa deve consultar a relação de ações de extensão</span></span></span><span style="color: #000000"><br />
</span><span style="color: #000000"><span style="font-family: Lato, sans-serif"><span style="font-size: medium">aprovadas, de acordo com os cursos/departamentos.</span></span></span><span style="color: #000000"><br />
</span><strong><span style="color: #000000"><span style="font-family: Lato, sans-serif"><span style="font-size: medium">5. Quais os canais de comunicação para tirar dúvidas sobre ações, certificações e bolsas de extensão?</span></span></span></strong><span style="color: #000000"><br />
</span><span style="color: #000000"><span style="font-family: Lato, sans-serif"><span style="font-size: medium">A comunicação pode ser feita via e-mails: </span></span></span><a href="diex.proex@uern.br"><span style="color: #000000"><span style="font-family: Lato, sans-serif"><span style="font-size: medium">diex.proex@uern.br</span></span></span></a><span style="color: #000000"><span style="font-family: Lato, sans-serif"><span style="font-size: medium">;</span></span></span> <span style="color: #000000"><span style="font-family: Lato, sans-serif"><span style="font-size: medium"><a href="mailto:direcao.diex@uern.br">direcao.diex@uern.br</a>; <a href="pibex.diex@uern.br">pibex.diex@uern.br</a></span></span></span></p>

<p>1. Como é feito o cadastro de ação de extensão na Uern? As propostas de ações de extensão devem ser cadastradas no Sistema de Informação e Gestão de Projetos de Extensão – Sigproj/Uern (link: https://sigproj.uern.br) e tramitará para aprovação de acordo com a Resolução nº 14/2017 que Aprova o Regulamento Geral da Extensão da Uern [&hellip;]</p>
