{"id":366,"date":"2022-12-20T09:59:05","date_gmt":"2022-12-20T12:59:05","guid":{"rendered":"http:\/\/beta.apps.uern.br\/wordpress\/proex\/?page_id=366"},"modified":"2026-03-18T11:46:40","modified_gmt":"2026-03-18T14:46:40","slug":"deac3","status":"publish","type":"page","link":"https:\/\/portal.uern.br\/proex\/deac3\/","title":{"rendered":"DEAC"},"content":{"rendered":"<p>A Diretoria de Educa\u00e7\u00e3o e A\u00e7\u00f5es Comunit\u00e1rias (Deac) \u00e9<span style=\"font-weight: 400\">\u00a0um \u00f3rg\u00e3o vinculado \u00e0 Pr\u00f3-Reitoria de Extens\u00e3o (Proex) e conta, em sua estrutura administrativa, com a atua\u00e7\u00e3o do Departamento de Gest\u00e3o de Programas e Projetos (DGPP), Setor de Conv\u00eanios (SC) e\u00a0 Setor de Produ\u00e7\u00e3o e Eventos (SPE).<\/span><\/p>\n<p><span style=\"font-weight: 400\">A Deac iniciou suas atividades em setembro de 2022 e tem sua atua\u00e7\u00e3o regulamentada por meio da Resolu\u00e7\u00e3o n\u00ba 59\/2022 do Conselho Diretor da Funda\u00e7\u00e3o Universidade do Estado do Rio Grande do Norte (CD \u2013 Fuern) &#8211; que aprovou o novo organograma da\u00a0 Uern. A citada resolu\u00e7\u00e3o possibilitou moderniza\u00e7\u00e3o e adequa\u00e7\u00e3o \u00e0 realidade atual da Institui\u00e7\u00e3o.\u00a0<\/span><\/p>\n<p><span style=\"font-weight: 400\">A Diretoria tem como principal <\/span><span style=\"font-weight: 400\">objetivo fomentar a comunica\u00e7\u00e3o e o di\u00e1logo com a sociedade, firmando conv\u00eanios e\/ou parcerias com Institui\u00e7\u00f5es de Ensino, \u00d3rg\u00e3os governamentais e n\u00e3o governamentais, Entidades e Empresas. Atua ainda na promo\u00e7\u00e3o e prioriza\u00e7\u00e3o de a\u00e7\u00f5es que atendam aos interesses da comunidade regional por meio da atua\u00e7\u00e3o da Extens\u00e3o Universit\u00e1ria.<\/span><\/p>\n<p>&nbsp;<\/p>\n<p>Equipe<\/p>\n<p><strong>Diretoria de Educa\u00e7\u00e3o e A\u00e7\u00f5es Comunit\u00e1rias (DEAC)<\/strong><\/p>\n<p><strong>Diretor<\/strong><br \/>\nProf. Dr. Saulo Gomes Batista<br \/>\nEmail: deac.proex@uern.br<\/p>\n<p><strong>Secret\u00e1rio da Diretoria de Educa\u00e7\u00e3o e A\u00e7\u00f5es Comunit\u00e1rias (DEAC)<\/strong><br \/>\nTNS L\u00edrio Martins de Miranda Jr.<br \/>\nEmail: deac.proex@uern.br<\/p>\n<p><strong>Departamento de Gest\u00e3o de Programas e Projetos<\/strong><\/p>\n<p><strong>Chefe do Departamento<\/strong><br \/>\nTNS Anne Lizabelle Leite Duarte Mascarenhas<br \/>\nEmail: deac.proex@uern.br<\/p>\n<p><strong>Chefe do Setor de Produ\u00e7\u00e3o e Eventos<\/strong><br \/>\nProf. Dr. Sidcley D Sordi Alves Alegrini da Silva<br \/>\nEmail: deac.proex@uern.br<\/p>\n<p><strong>Chefe do Setor de Conv\u00eanios<\/strong><br \/>\nTNS M\u00e1rcio Alexandre da Concei\u00e7\u00e3o<br \/>\nEmail: deac.proex@uern.br<\/p>\n","protected":false},"excerpt":{"rendered":"<p>A Diretoria de Educa\u00e7\u00e3o e A\u00e7\u00f5es Comunit\u00e1rias (Deac) \u00e9\u00a0um \u00f3rg\u00e3o vinculado \u00e0 Pr\u00f3-Reitoria de Extens\u00e3o (Proex) e conta, em sua estrutura administrativa, com a atua\u00e7\u00e3o do Departamento de Gest\u00e3o de Programas e Projetos (DGPP), Setor de Conv\u00eanios (SC) e\u00a0 Setor de Produ\u00e7\u00e3o e Eventos (SPE). A Deac iniciou suas atividades em setembro de 2022 e [&hellip;]<\/p>\n","protected":false},"author":2,"featured_media":0,"parent":0,"menu_order":0,"comment_status":"closed","ping_status":"closed","template":"","meta":{"footnotes":""},"class_list":["post-366","page","type-page","status-publish","hentry"],"_links":{"self":[{"href":"https:\/\/portal.uern.br\/proex\/wp-json\/wp\/v2\/pages\/366","targetHints":{"allow":["GET"]}}],"collection":[{"href":"https:\/\/portal.uern.br\/proex\/wp-json\/wp\/v2\/pages"}],"about":[{"href":"https:\/\/portal.uern.br\/proex\/wp-json\/wp\/v2\/types\/page"}],"author":[{"embeddable":true,"href":"https:\/\/portal.uern.br\/proex\/wp-json\/wp\/v2\/users\/2"}],"replies":[{"embeddable":true,"href":"https:\/\/portal.uern.br\/proex\/wp-json\/wp\/v2\/comments?post=366"}],"version-history":[{"count":12,"href":"https:\/\/portal.uern.br\/proex\/wp-json\/wp\/v2\/pages\/366\/revisions"}],"predecessor-version":[{"id":5662,"href":"https:\/\/portal.uern.br\/proex\/wp-json\/wp\/v2\/pages\/366\/revisions\/5662"}],"wp:attachment":[{"href":"https:\/\/portal.uern.br\/proex\/wp-json\/wp\/v2\/media?parent=366"}],"curies":[{"name":"wp","href":"https:\/\/api.w.org\/{rel}","templated":true}]}}