{"id":2510,"date":"2023-07-12T10:32:47","date_gmt":"2023-07-12T13:32:47","guid":{"rendered":"https:\/\/portal.uern.br\/proex\/?page_id=2510"},"modified":"2025-06-27T08:55:22","modified_gmt":"2025-06-27T11:55:22","slug":"contatos","status":"publish","type":"page","link":"https:\/\/portal.uern.br\/proex\/contatos\/","title":{"rendered":"Contatos"},"content":{"rendered":"<ul>\n<li><strong><span style=\"font-family: Arial, sans-serif\">Gabinete \u2013 Secretaria da Proex<\/span><\/strong><\/li>\n<\/ul>\n<p align=\"justify\"><span style=\"font-family: Arial, sans-serif\">E-mail: proex@uern.br<\/span><\/p>\n<p align=\"justify\"><span style=\"font-family: Arial, sans-serif\">Tel: 84 3315-2184<\/span><\/p>\n<ul>\n<li><strong><span style=\"font-family: Arial, sans-serif\">Diretoria de Extens\u00e3o <\/span><\/strong><strong><span style=\"font-family: Arial, sans-serif\">&#8211; <\/span><\/strong><strong><span style=\"font-family: Arial, sans-serif\">DIEX<\/span><\/strong><\/li>\n<\/ul>\n<p align=\"justify\"><span style=\"font-family: Arial, sans-serif\">E-mail: diex.proex@uern.br<\/span><\/p>\n<p align=\"justify\"><span style=\"font-family: Arial, sans-serif\">Tel: 84 3315-2183<\/span><\/p>\n<ul>\n<li><strong><span style=\"font-family: Arial, sans-serif\">Diretoria de Educa\u00e7\u00e3o, Cultura e Artes &#8211; DECA<\/span><\/strong><\/li>\n<\/ul>\n<p align=\"justify\"><span style=\"font-family: Arial, sans-serif\">Email: deca.proex@uern.br<\/span><\/p>\n<p align=\"justify\"><span style=\"font-family: Arial, sans-serif\">Tel: 84 3315-2234<\/span><\/p>\n<ul>\n<li><strong><span style=\"font-family: Arial, sans-serif\">Diretoria de Educa\u00e7\u00e3o e A\u00e7\u00f5es Comunit\u00e1rias <\/span><\/strong><strong><span style=\"font-family: Arial, sans-serif\">&#8211; <\/span><\/strong><strong><span style=\"font-family: Arial, sans-serif\">DEAC<\/span><\/strong><\/li>\n<\/ul>\n<p align=\"justify\"><span style=\"font-family: Arial, sans-serif\">E-mail: deac.proex@uern.b<\/span><span style=\"font-family: Arial, sans-serif\">r<\/span><\/p>\n<p align=\"justify\"><span style=\"font-family: Arial, sans-serif\">Tel: 84 3315-2182 <\/span><\/p>\n<p align=\"justify\"><span style=\"font-family: Arial, sans-serif\">Celular: (84) 9 9475-2198<\/span><\/p>\n<p align=\"justify\">\n<ul>\n<li><strong><span style=\"font-family: Arial, sans-serif\">Escola de Extens\u00e3o da UERN \u2013 EdUCA<\/span><\/strong><\/li>\n<\/ul>\n<p style=\"text-align: left\" align=\"justify\"><span style=\"font-family: Arial, sans-serif\">E-mail: educa.natal@uern.br<\/span><\/p>\n<p align=\"justify\"><span style=\"font-family: Arial, sans-serif\">Tel:(84) 3232-6120<\/span><\/p>\n","protected":false},"excerpt":{"rendered":"<p>Gabinete \u2013 Secretaria da Proex E-mail: proex@uern.br Tel: 84 3315-2184 Diretoria de Extens\u00e3o &#8211; DIEX E-mail: diex.proex@uern.br Tel: 84 3315-2183 Diretoria de Educa\u00e7\u00e3o, Cultura e Artes &#8211; DECA Email: deca.proex@uern.br Tel: 84 3315-2234 Diretoria de Educa\u00e7\u00e3o e A\u00e7\u00f5es Comunit\u00e1rias &#8211; DEAC E-mail: deac.proex@uern.br Tel: 84 3315-2182 Celular: (84) 9 9475-2198 Escola de Extens\u00e3o da UERN [&hellip;]<\/p>\n","protected":false},"author":2,"featured_media":0,"parent":0,"menu_order":0,"comment_status":"closed","ping_status":"closed","template":"","meta":{"footnotes":""},"class_list":["post-2510","page","type-page","status-publish","hentry"],"_links":{"self":[{"href":"https:\/\/portal.uern.br\/proex\/wp-json\/wp\/v2\/pages\/2510","targetHints":{"allow":["GET"]}}],"collection":[{"href":"https:\/\/portal.uern.br\/proex\/wp-json\/wp\/v2\/pages"}],"about":[{"href":"https:\/\/portal.uern.br\/proex\/wp-json\/wp\/v2\/types\/page"}],"author":[{"embeddable":true,"href":"https:\/\/portal.uern.br\/proex\/wp-json\/wp\/v2\/users\/2"}],"replies":[{"embeddable":true,"href":"https:\/\/portal.uern.br\/proex\/wp-json\/wp\/v2\/comments?post=2510"}],"version-history":[{"count":9,"href":"https:\/\/portal.uern.br\/proex\/wp-json\/wp\/v2\/pages\/2510\/revisions"}],"predecessor-version":[{"id":5516,"href":"https:\/\/portal.uern.br\/proex\/wp-json\/wp\/v2\/pages\/2510\/revisions\/5516"}],"wp:attachment":[{"href":"https:\/\/portal.uern.br\/proex\/wp-json\/wp\/v2\/media?parent=2510"}],"curies":[{"name":"wp","href":"https:\/\/api.w.org\/{rel}","templated":true}]}}

<ul>
<li><strong><span style="font-family: Arial, sans-serif">Gabinete – Secretaria da Proex</span></strong></li>
</ul>
<p align="justify"><span style="font-family: Arial, sans-serif">E-mail: proex@uern.br</span></p>
<p align="justify"><span style="font-family: Arial, sans-serif">Tel: 84 3315-2184</span></p>
<ul>
<li><strong><span style="font-family: Arial, sans-serif">Diretoria de Extensão </span></strong><strong><span style="font-family: Arial, sans-serif">&#8211; </span></strong><strong><span style="font-family: Arial, sans-serif">DIEX</span></strong></li>
</ul>
<p align="justify"><span style="font-family: Arial, sans-serif">E-mail: diex.proex@uern.br</span></p>
<p align="justify"><span style="font-family: Arial, sans-serif">Tel: 84 3315-2183</span></p>
<ul>
<li><strong><span style="font-family: Arial, sans-serif">Diretoria de Educação, Cultura e Artes &#8211; DECA</span></strong></li>
</ul>
<p align="justify"><span style="font-family: Arial, sans-serif">Email: deca.proex@uern.br</span></p>
<p align="justify"><span style="font-family: Arial, sans-serif">Tel: 84 3315-2234</span></p>
<ul>
<li><strong><span style="font-family: Arial, sans-serif">Diretoria de Educação e Ações Comunitárias </span></strong><strong><span style="font-family: Arial, sans-serif">&#8211; </span></strong><strong><span style="font-family: Arial, sans-serif">DEAC</span></strong></li>
</ul>
<p align="justify"><span style="font-family: Arial, sans-serif">E-mail: deac.proex@uern.b</span><span style="font-family: Arial, sans-serif">r</span></p>
<p align="justify"><span style="font-family: Arial, sans-serif">Tel: 84 3315-2182 </span></p>
<p align="justify"><span style="font-family: Arial, sans-serif">Celular: (84) 9 9475-2198</span></p>
<p align="justify">
<ul>
<li><strong><span style="font-family: Arial, sans-serif">Escola de Extensão da UERN – EdUCA</span></strong></li>
</ul>
<p style="text-align: left" align="justify"><span style="font-family: Arial, sans-serif">E-mail: educa.natal@uern.br</span></p>
<p align="justify"><span style="font-family: Arial, sans-serif">Tel:(84) 3232-6120</span></p>

<p>Gabinete – Secretaria da Proex E-mail: proex@uern.br Tel: 84 3315-2184 Diretoria de Extensão &#8211; DIEX E-mail: diex.proex@uern.br Tel: 84 3315-2183 Diretoria de Educação, Cultura e Artes &#8211; DECA Email: deca.proex@uern.br Tel: 84 3315-2234 Diretoria de Educação e Ações Comunitárias &#8211; DEAC E-mail: deac.proex@uern.br Tel: 84 3315-2182 Celular: (84) 9 9475-2198 Escola de Extensão da UERN [&hellip;]</p>
