{"id":9,"date":"2022-09-13T10:53:25","date_gmt":"2022-09-13T13:53:25","guid":{"rendered":"https:\/\/paisdemossoro.com.br\/wordpress\/proex\/educa\/?page_id=9"},"modified":"2022-09-13T11:04:04","modified_gmt":"2022-09-13T14:04:04","slug":"setor-de-cursos","status":"publish","type":"page","link":"https:\/\/portal.uern.br\/proex\/educa\/setor-de-cursos\/","title":{"rendered":"Setor de Cursos"},"content":{"rendered":"<h5>Apresenta\u00e7\u00e3o<\/h5>\n<p>O CCUERN oferece programa de pr\u00e1ticas e cursos de extens\u00e3o com turmas em diferentes modalidades nas \u00e1reas de dan\u00e7a, m\u00fasica, teatro, atividades f\u00edsicas e inclus\u00e3o digital.<\/p>\n<p>Os\u00a0<strong>cursos b\u00e1sicos<\/strong>\u00a0se organizam a partir de propostas formativas processuais, estruturadas em organiza\u00e7\u00e3o pedag\u00f3gica hierarquizada em n\u00edveis (fluxo curricular), com previs\u00e3o avaliativa e certifica\u00e7\u00e3o ao t\u00e9rmino da forma\u00e7\u00e3o.<\/p>\n<p>As\u00a0<strong>pr\u00e1ticas e atividades f\u00edsicas<\/strong>\u00a0se organizam a partir de propostas de turmas com car\u00e1ter eminentemente de usufruto est\u00e9tico-cultural, ocupacional, desportivo, de inclus\u00e3o digital, de lazer, do bem-estar e\/ou da melhoria da qualidade de vida. Pode ter vincula\u00e7\u00e3o permanente, \u00e0 crit\u00e9rio do usu\u00e1rio, obedecidas as condi\u00e7\u00f5es de matr\u00edcula e renova\u00e7\u00e3o de matr\u00edculas estipuladas em edital pr\u00f3prio. Pela natureza dessas atividades n\u00e3o \u00e9 realizada certifica\u00e7\u00e3o.<\/p>\n<p>A participa\u00e7\u00e3o nessas atividades \u00e9 realizada mediante processo de inscri\u00e7\u00e3o nas turmas disponibilizadas em oferta semestral. O processo de inscri\u00e7\u00e3o \u00e9 regulamentado por edital p\u00fablico divulgado na p\u00e1gina oficial da UERN (www.uern.br) .<\/p>\n<p>Os requisitos para inscri\u00e7\u00e3o s\u00e3o apresentados no edital e consideram taxas de matr\u00edcula e mensalidades, bem como, exig\u00eancias diferenciadas para cada tipo de atividade, como por exemplo, faixa et\u00e1ria, grau de escolaridade, atestado m\u00e9dico, entrevista e outros. Os candidatos de baixa renda podem solicitar isen\u00e7\u00e3o das taxas de matr\u00edcula e mensalidades.<\/p>\n<p>&nbsp;<\/p>\n<h5>Matr\u00edculas (clique\u00a0<a href=\"http:\/\/beta.apps.uern.br\/wordpress\/proex\/educa\/wp-content\/uploads\/sites\/4\/2022\/09\/3142edital_matra_cula_de_novos_alunos_20172_atividades_fa_sica.pdf\">AQUI\u00a0<\/a>e confira o edital com vagas e hor\u00e1rios):<\/h5>\n<p>&nbsp;<\/p>\n<h5>Inscri\u00e7\u00f5es para o Minicurso de Marketing Pessoal\u00a0<a href=\"https:\/\/docs.google.com\/forms\/d\/e\/1FAIpQLSer4jDF5_WBVWVnKvQBWGOVCtpveT-roPaYGZsebESj7KI3oA\/viewform\">AQUI\u00a0<\/a><\/h5>\n<p>&nbsp;<\/p>\n<h5>Cursos 2017.2<\/h5>\n<p><strong>M\u00fasica<\/strong><\/p>\n<p><strong>Teclado: a partir dos 12 anos<\/strong><br \/>\nTurmas B\u00e1sico : Manh\u00e3 ou Tarde \u00a0| \u00a0Turmas Iniciante: Tarde<\/p>\n<p><strong>Viol\u00e3o: a partir dos 12 anos<\/strong><br \/>\nTurmas B\u00e1sico : Manh\u00e3 ou Tarde \u00a0| Turmas Iniciante: Manh\u00e3 ou Tarde<\/p>\n<p><strong>Teoria e Percep\u00e7\u00e3o Musical: a partir dos 12 anos<\/strong><br \/>\nTurmas I a IV: Tarde<\/p>\n<p><strong>M\u00fasica para Crian\u00e7as (musicaliza\u00e7\u00e3o infantil): a partir dos 06 anos<\/strong><br \/>\nTurmas 6 a 7 anos: Manh\u00e3 ou Tarde \u00a0| Turmas 8 a 11 anos: Manh\u00e3 ou Tarde<\/p>\n<p><strong>Teatro<\/strong><\/p>\n<p><strong>Inicia\u00e7\u00e3o ao Teatro: a partir de 10 anos\u00a0<\/strong><br \/>\nTurmas: Tarde<\/p>\n<p><strong>Teatro B\u00e1sico: a partir dos 16 anos<\/strong><br \/>\nTurmas: Noite<\/p>\n<p><strong>Dan\u00e7a<\/strong><\/p>\n<p><strong>Ballet para crian\u00e7as: de 5 a 10 anos<\/strong><br \/>\nTurmas: Manh\u00e3 ou Tarde<\/p>\n<p><strong>Ballet Adulto: a partir dos 15 anos\u00a0<\/strong><br \/>\nTurmas: Noite<\/p>\n<p><strong>Dan\u00e7a Contempor\u00e2nea: a partir dos 20 anos\u00a0<\/strong><br \/>\nTurmas: Tarde<\/p>\n<p><strong>Dan\u00e7a Popular: a partir dos 20 anos\u00a0<\/strong><br \/>\nTurmas: Manh\u00e3 ou Tarde<\/p>\n<p><strong>Inclus\u00e3o Digital<\/strong><\/p>\n<p><strong>Introdu\u00e7\u00e3o \u00e2 inform\u00e1tica: a partir dos 14 anos\u00a0<\/strong><br \/>\nTurmas: Tarde ou Noite<\/p>\n<p><strong>Inform\u00e1tica B\u00e1sica: a partir dos 14 anos\u00a0<\/strong><br \/>\nTurmas: Tarde ou Noite<\/p>\n<p><strong>Muscula\u00e7\u00e3o<\/strong><\/p>\n<p><strong>a partir dos 35 anos\u00a0<\/strong><br \/>\nTurmas: Manh\u00e3 ou Tarde<\/p>\n<h5>Editais<\/h5>\n<p><a href=\"http:\/\/beta.apps.uern.br\/wordpress\/proex\/educa\/wp-content\/uploads\/sites\/4\/2022\/09\/3442edital_na_039.2016_renovaa\u00a7ao_de_matra_cula_matra_cula_de_novos_alunos_e_anexo_i_2017.1_ccuern.pdf\">Edital n\u00ba 039\/2016 &#8211; Renova\u00e7\u00e3o de Matr\u00edcula e Matr\u00edcula para alunos novos do CCUERN (2017.1)<\/a><\/p>\n<p><a href=\"http:\/\/beta.apps.uern.br\/wordpress\/proex\/educa\/wp-content\/uploads\/sites\/4\/2022\/09\/3442edital_na_034.2016_renovaa\u00a7ao_de_matra_cula_e_matra_cula_e_novos_alunos.pdf\">Edital n. 034\/2016-UERN\/PROEX\/CCUERN &#8211; Renova\u00e7\u00e3o de Matr\u00edculas e Matr\u00edculas de Novos Alunos \u2013 Semestre 2016.2\u00a0<\/a><\/p>\n<p><a href=\"http:\/\/beta.apps.uern.br\/wordpress\/proex\/educa\/wp-content\/uploads\/sites\/4\/2022\/09\/3063edital_na_007.2015_renovaa\u00a7ao_de_matra_culas_do_semestre_2015.2.pdf\">Edital n\u00ba 007.2015 &#8211; Renova\u00e7\u00e3o de Matr\u00edculas do Semestre 2015.2<\/a><\/p>\n<p><a href=\"http:\/\/beta.apps.uern.br\/wordpress\/proex\/educa\/wp-content\/uploads\/sites\/4\/2022\/09\/3063aditivo_ao_edital_007.2015_renovaa\u00a7ao_de_matra_cula_do_semestre_2015.2.pdf\">Aditivo ao Edital 007.2015 &#8211; Renova\u00e7\u00e3o de Matr\u00edcula do Semestre 2015.2<\/a><\/p>\n<p><a href=\"http:\/\/beta.apps.uern.br\/wordpress\/proex\/educa\/wp-content\/uploads\/sites\/4\/2022\/09\/3063edital_na_008.2015_processo_de_isena\u00a7ao_de_taxas_para_matra_cula_em_cursos_e_atividades_no_ccuern.pdf\">Edital n\u00ba 008.2015 &#8211; Processo de isen\u00e7\u00e3o de taxas para matr\u00edcula em cursos e atividades no CCUERN<\/a><\/p>\n","protected":false},"excerpt":{"rendered":"<p>Apresenta\u00e7\u00e3o O CCUERN oferece programa de pr\u00e1ticas e cursos de extens\u00e3o com turmas em diferentes modalidades nas \u00e1reas de dan\u00e7a, m\u00fasica, teatro, atividades f\u00edsicas e inclus\u00e3o digital. Os\u00a0cursos b\u00e1sicos\u00a0se organizam a partir de propostas formativas processuais, estruturadas em organiza\u00e7\u00e3o pedag\u00f3gica hierarquizada em n\u00edveis (fluxo curricular), com previs\u00e3o avaliativa e certifica\u00e7\u00e3o ao t\u00e9rmino da forma\u00e7\u00e3o. As\u00a0pr\u00e1ticas [&hellip;]<\/p>\n","protected":false},"author":1,"featured_media":0,"parent":0,"menu_order":0,"comment_status":"closed","ping_status":"closed","template":"","meta":{"footnotes":""},"class_list":["post-9","page","type-page","status-publish","hentry"],"_links":{"self":[{"href":"https:\/\/portal.uern.br\/proex\/educa\/wp-json\/wp\/v2\/pages\/9","targetHints":{"allow":["GET"]}}],"collection":[{"href":"https:\/\/portal.uern.br\/proex\/educa\/wp-json\/wp\/v2\/pages"}],"about":[{"href":"https:\/\/portal.uern.br\/proex\/educa\/wp-json\/wp\/v2\/types\/page"}],"author":[{"embeddable":true,"href":"https:\/\/portal.uern.br\/proex\/educa\/wp-json\/wp\/v2\/users\/1"}],"replies":[{"embeddable":true,"href":"https:\/\/portal.uern.br\/proex\/educa\/wp-json\/wp\/v2\/comments?post=9"}],"version-history":[{"count":3,"href":"https:\/\/portal.uern.br\/proex\/educa\/wp-json\/wp\/v2\/pages\/9\/revisions"}],"predecessor-version":[{"id":18,"href":"https:\/\/portal.uern.br\/proex\/educa\/wp-json\/wp\/v2\/pages\/9\/revisions\/18"}],"wp:attachment":[{"href":"https:\/\/portal.uern.br\/proex\/educa\/wp-json\/wp\/v2\/media?parent=9"}],"curies":[{"name":"wp","href":"https:\/\/api.w.org\/{rel}","templated":true}]}}