{"id":19,"date":"2022-09-13T11:06:26","date_gmt":"2022-09-13T14:06:26","guid":{"rendered":"https:\/\/paisdemossoro.com.br\/wordpress\/proex\/educa\/?page_id=19"},"modified":"2022-09-13T11:06:26","modified_gmt":"2022-09-13T14:06:26","slug":"setor-de-eventos","status":"publish","type":"page","link":"https:\/\/portal.uern.br\/proex\/educa\/setor-de-eventos\/","title":{"rendered":"Setor de Eventos"},"content":{"rendered":"<h5>Apresenta\u00e7\u00e3o<\/h5>\n<p>Atua planejando, acolhendo e mediando eventos no CCUERN, desenvolvendo um fluxo permanente de a\u00e7\u00f5es que se desdobra em quatro linhas:<\/p>\n<ul>\n<li>Apoio \u00e0s atividades e projetos comunit\u00e1rios no CCUERN;<\/li>\n<li>Formaliza\u00e7\u00e3o de parcerias institucionais e comunit\u00e1rias aproximando o CCUERN de projetos com produ\u00e7\u00e3o externa \u00e0 UERN;<\/li>\n<li>Promo\u00e7\u00e3o de a\u00e7\u00f5es a partir do programa de cursos e atividades de lazer, cultura, m\u00fasica, esporte e inclus\u00e3o digital desenvolvidos pelo CCUERN;<\/li>\n<li>Formaliza\u00e7\u00e3o de processos e contratos de cess\u00e3o de uso para eventos de iniciativa externa.<\/li>\n<\/ul>\n<p>Para realiza\u00e7\u00e3o de eventos no CCUERN \u00e9 necess\u00e1rio submeter um projeto ao setor respons\u00e1vel, que avalia a viabilidade de execu\u00e7\u00e3o da proposta nas depend\u00eancias do Complexo e procede ao agendamento.<\/p>\n<p>Em virtude do funcionamento de cursos e atividades regulares no CCUERN , n\u00e3o \u00e9 poss\u00edvel realizar eventos que interfiram na regularidade das aulas em per\u00edodos letivos. S\u00e3o vedados ainda eventos de natureza estritamente comercial e de grande porte como feiras, shows e cong\u00eaneres.<\/p>\n<p>A cess\u00e3o de uso para eventos de proponentes externos \u00e0 Universidade se faz mediante pol\u00edtica interna que prev\u00ea taxas e contrapartidas em benef\u00edcio da UERN.<\/p>\n<p><a href=\"https:\/\/docs.google.com\/forms\/d\/e\/1FAIpQLSd-5aYuVtd6DngfHaO5iy-klHdOg1-9QCiXJLPw-2prj2NvaQ\/viewform\">Formul\u00e1rio Solicita\u00e7\u00e3o de agendamento de Evento<\/a><\/p>\n","protected":false},"excerpt":{"rendered":"<p>Apresenta\u00e7\u00e3o Atua planejando, acolhendo e mediando eventos no CCUERN, desenvolvendo um fluxo permanente de a\u00e7\u00f5es que se desdobra em quatro linhas: Apoio \u00e0s atividades e projetos comunit\u00e1rios no CCUERN; Formaliza\u00e7\u00e3o de parcerias institucionais e comunit\u00e1rias aproximando o CCUERN de projetos com produ\u00e7\u00e3o externa \u00e0 UERN; Promo\u00e7\u00e3o de a\u00e7\u00f5es a partir do programa de cursos e [&hellip;]<\/p>\n","protected":false},"author":1,"featured_media":0,"parent":0,"menu_order":0,"comment_status":"closed","ping_status":"closed","template":"","meta":{"footnotes":""},"class_list":["post-19","page","type-page","status-publish","hentry"],"_links":{"self":[{"href":"https:\/\/portal.uern.br\/proex\/educa\/wp-json\/wp\/v2\/pages\/19","targetHints":{"allow":["GET"]}}],"collection":[{"href":"https:\/\/portal.uern.br\/proex\/educa\/wp-json\/wp\/v2\/pages"}],"about":[{"href":"https:\/\/portal.uern.br\/proex\/educa\/wp-json\/wp\/v2\/types\/page"}],"author":[{"embeddable":true,"href":"https:\/\/portal.uern.br\/proex\/educa\/wp-json\/wp\/v2\/users\/1"}],"replies":[{"embeddable":true,"href":"https:\/\/portal.uern.br\/proex\/educa\/wp-json\/wp\/v2\/comments?post=19"}],"version-history":[{"count":1,"href":"https:\/\/portal.uern.br\/proex\/educa\/wp-json\/wp\/v2\/pages\/19\/revisions"}],"predecessor-version":[{"id":20,"href":"https:\/\/portal.uern.br\/proex\/educa\/wp-json\/wp\/v2\/pages\/19\/revisions\/20"}],"wp:attachment":[{"href":"https:\/\/portal.uern.br\/proex\/educa\/wp-json\/wp\/v2\/media?parent=19"}],"curies":[{"name":"wp","href":"https:\/\/api.w.org\/{rel}","templated":true}]}}