{"id":4551,"date":"2026-02-12T12:07:21","date_gmt":"2026-02-12T15:07:21","guid":{"rendered":"https:\/\/portal.uern.br\/proeg\/?page_id=4551"},"modified":"2026-02-13T11:44:20","modified_gmt":"2026-02-13T14:44:20","slug":"pe-de-meia-licenciaturas","status":"publish","type":"page","link":"https:\/\/portal.uern.br\/proeg\/pe-de-meia-licenciaturas\/","title":{"rendered":"P\u00c9-DE-MEIA LICENCIATURAS"},"content":{"rendered":"<h4><img decoding=\"async\" class=\"alignnone size-medium wp-image-4581 aligncenter\" src=\"https:\/\/portal.uern.br\/proeg\/wp-content\/uploads\/2026\/02\/pe-de-meia-portal4x-scaled-removebg-preview-e1770993839944-300x91.png\" alt=\"\" width=\"300\" height=\"91\" srcset=\"https:\/\/portal.uern.br\/proeg\/wp-content\/uploads\/2026\/02\/pe-de-meia-portal4x-scaled-removebg-preview-e1770993839944-300x91.png 300w, https:\/\/portal.uern.br\/proeg\/wp-content\/uploads\/2026\/02\/pe-de-meia-portal4x-scaled-removebg-preview-e1770993839944.png 508w\" sizes=\"(max-width: 300px) 100vw, 300px\" \/><\/h4>\n<h4><b>Editais<\/b><\/h4>\n<p><em><a href=\"https:\/\/portal.uern.br\/proeg\/wp-content\/uploads\/2026\/02\/Edital-01-2025-CAPES.pdf\">Edital 01\/2025<\/a>\u00a0<\/em><\/p>\n<p><em><a href=\"https:\/\/portal.uern.br\/proeg\/wp-content\/uploads\/2026\/02\/Edital-02-2026-CAPES.pdf\"> Edital 02\/2026<\/a>\u00a0<\/em><\/p>\n<h4>Legisla\u00e7\u00e3o<\/h4>\n<p><em><a href=\"https:\/\/portal.uern.br\/proeg\/wp-content\/uploads\/2026\/02\/Decreto-12.358-de-14-de-janeiro-de2025.pdf\">Decreto N\u00ba 12.358\/2025<\/a>\u00a0<\/em><\/p>\n<p><em><a href=\"https:\/\/portal.uern.br\/proeg\/wp-content\/uploads\/2026\/02\/PORTARIA-CAPES-No-6-DE-15-DE-JANEIRO-DE-2025.pdf\">Portaria N\u00ba 06\/2025<\/a>\u00a0<\/em><\/p>\n<p><em><a href=\"https:\/\/portal.uern.br\/proeg\/wp-content\/uploads\/2026\/02\/Portaria-CAPES-No-220-13.08.2025.pdf\"> Portaria N\u00ba 220\/2025<\/a>\u00a0<\/em><\/p>\n<h4>Tutoriais<\/h4>\n<p><em><a href=\"https:\/\/portal.uern.br\/proeg\/wp-content\/uploads\/2026\/02\/Tutorial-inscricao-no-pe-de-meia-licenciaturas.pdf\">Tutorial para pr\u00e9 &#8211; inscri\u00e7\u00e3o no Programa<\/a>\u00a0<\/em><\/p>\n<p><em><a href=\"https:\/\/portal.uern.br\/proeg\/wp-content\/uploads\/2026\/02\/SCBA_Manual_DiscenteBolsista-PdML.pdf\">Manual do Discente Bolsista para cadastro no SCBA &#8211; CAPES<\/a>\u00a0<\/em><\/p>\n","protected":false},"excerpt":{"rendered":"<p>Editais Edital 01\/2025\u00a0 Edital 02\/2026\u00a0 Legisla\u00e7\u00e3o Decreto N\u00ba 12.358\/2025\u00a0 Portaria N\u00ba 06\/2025\u00a0 Portaria N\u00ba 220\/2025\u00a0 Tutoriais Tutorial para pr\u00e9 &#8211; inscri\u00e7\u00e3o no Programa\u00a0 Manual do Discente Bolsista para cadastro no SCBA &#8211; CAPES\u00a0<\/p>\n","protected":false},"author":2,"featured_media":0,"parent":0,"menu_order":0,"comment_status":"closed","ping_status":"closed","template":"","meta":{"footnotes":""},"class_list":["post-4551","page","type-page","status-publish","hentry"],"_links":{"self":[{"href":"https:\/\/portal.uern.br\/proeg\/wp-json\/wp\/v2\/pages\/4551","targetHints":{"allow":["GET"]}}],"collection":[{"href":"https:\/\/portal.uern.br\/proeg\/wp-json\/wp\/v2\/pages"}],"about":[{"href":"https:\/\/portal.uern.br\/proeg\/wp-json\/wp\/v2\/types\/page"}],"author":[{"embeddable":true,"href":"https:\/\/portal.uern.br\/proeg\/wp-json\/wp\/v2\/users\/2"}],"replies":[{"embeddable":true,"href":"https:\/\/portal.uern.br\/proeg\/wp-json\/wp\/v2\/comments?post=4551"}],"version-history":[{"count":18,"href":"https:\/\/portal.uern.br\/proeg\/wp-json\/wp\/v2\/pages\/4551\/revisions"}],"predecessor-version":[{"id":4582,"href":"https:\/\/portal.uern.br\/proeg\/wp-json\/wp\/v2\/pages\/4551\/revisions\/4582"}],"wp:attachment":[{"href":"https:\/\/portal.uern.br\/proeg\/wp-json\/wp\/v2\/media?parent=4551"}],"curies":[{"name":"wp","href":"https:\/\/api.w.org\/{rel}","templated":true}]}}