{"id":3315,"date":"2024-08-30T09:54:36","date_gmt":"2024-08-30T12:54:36","guid":{"rendered":"https:\/\/portal.uern.br\/proeg\/?page_id=3315"},"modified":"2025-10-15T09:46:19","modified_gmt":"2025-10-15T12:46:19","slug":"certificados","status":"publish","type":"page","link":"https:\/\/portal.uern.br\/proeg\/certificados\/","title":{"rendered":"Certificados"},"content":{"rendered":"<p><strong>Certificados do II Simp\u00f3sio de Est\u00e1gios da UERN, realizado de 26 a 28 de agosto de 2025.<\/strong><\/p>\n<div>\u2013 Participa\u00e7\u00e3o no evento:<br \/>\n(<a href=\"https:\/\/drive.google.com\/drive\/u\/1\/folders\/1S7aX2_3PQpepuXDBVciwp_Xf2c2jWAbN\">Clique aqui para acessar seu Certificado de participa\u00e7\u00e3o no evento<\/a>)<\/div>\n<div><\/div>\n<div>\u2013 Apresenta\u00e7\u00e3o de trabalho (o t\u00edtulo do arquivo est\u00e1 com o nome do\/a apresentador\/a; os\/as autores\/as s\u00e3o citado\/as ao final do documento):<br \/>\n(<a href=\"https:\/\/drive.google.com\/drive\/u\/1\/folders\/1_9lnZSghSkuHoySQlUNV1lQbaVwwYAWC\">Clique aqui para acessar seu certificado de apresenta\u00e7\u00e3o de trabalho<\/a>)<\/div>\n<div><\/div>\n<div>\u2013 Mesa Redonda (mediador ou participante):<br \/>\n(<a href=\"https:\/\/drive.google.com\/drive\/u\/1\/folders\/1BRj3_unw6P4nY6DbTPcwGP-bjjrANoIs\">Clique aqui para acessar seu certificado de participa\u00e7\u00e3o nas Mesas Redondas<\/a>)<\/div>\n<div><\/div>\n<div>\u2013 Comiss\u00e3o Organizadora:<br \/>\n(<a href=\"https:\/\/drive.google.com\/drive\/u\/1\/folders\/1yOsNjVMWai28Vlvb_B7lp9xHSH6D5_iI\">Clique aqui para acessar seu certificado de participa\u00e7\u00e3o na Comiss\u00e3o Organizadora<\/a>)<\/div>\n<div><\/div>\n<div>\u2013 Conferencista:<br \/>\n(<a href=\"https:\/\/drive.google.com\/drive\/u\/1\/folders\/1dGy-d-Q7eUkmIZZGxwYProI379-Gw_EO\">Clique aqui para acessar seu certificado de conferencista<\/a>)<\/div>\n<div><\/div>\n<div><em>Para eventuais corre\u00e7\u00f5es, favor contactar o DEO pelo e-mail\u00a0<a href=\"estagiosobrigatorios.proeg@uern.br\">estagiosobrigatorios.proeg@uern.br<\/a><\/em><\/div>\n<div>&#8212;&#8212;&#8212;&#8212;&#8212;&#8212;&#8212;&#8212;&#8212;&#8212;&#8212;&#8212;&#8212;&#8212;&#8212;&#8212;&#8212;&#8212;&#8212;&#8212;&#8212;&#8212;&#8212;&#8212;&#8212;&#8212;&#8212;&#8212;&#8212;&#8212;&#8212;&#8211;<\/div>\n<p><strong>Certificados do I Simp\u00f3sio de Estagi\u00e1rios Obrigat\u00f3rios da UERN, realizado de 25 a 27 de junho de 2024.<\/strong><\/p>\n<p>&#8211; Participa\u00e7\u00e3o no evento:<br \/>\n(<a href=\"https:\/\/drive.google.com\/drive\/folders\/18TuEuieDaaXo-zggX6IUSOiKf7FWzyIT\">Clique aqui para acessar seu Certificado de participa\u00e7\u00e3o no evento<\/a>)<\/p>\n<p>&#8211; Apresenta\u00e7\u00e3o de trabalho (o t\u00edtulo do arquivo est\u00e1 com o nome do\/a apresentador\/a; os\/as autores\/as s\u00e3o citados ao final do documento):<br \/>\n(<a href=\"https:\/\/drive.google.com\/drive\/folders\/169mRjGPumMRT4mykp9DxRlZmms8gGrUy\">Clique aqui para acessar seu certificado de apresenta\u00e7\u00e3o de trabalho<\/a>)<\/p>\n<p>&#8211; Mesa Redonda (mediador ou participante):<br \/>\n(<a href=\"https:\/\/drive.google.com\/drive\/folders\/1hr7SnGs5hQ1wc0sfBsI6sYELFg1belm6\">Clique aqui para acessar seu certificado de participa\u00e7\u00e3o na Mesa Redonda<\/a>)<\/p>\n<p>&#8211; Comiss\u00e3o Organizadora:<br \/>\n(<a href=\"https:\/\/drive.google.com\/drive\/folders\/1sI6_JnO1KJ-KImwMR7wyBRsHai1WC784\">Clique aqui para acessar seu certificado de participa\u00e7\u00e3o comiss\u00e3o organizadora<\/a>)<\/p>\n<p>&#8211; Conferencista:<br \/>\n(<a href=\"https:\/\/drive.google.com\/drive\/folders\/1iH26NIezrgAvR3TSsRcZgX1hQa3_Duun\">Clique aqui para acessar seu certificado de conferencista<\/a>)<\/p>\n<p><em>Para eventuais corre\u00e7\u00f5es, favor contactar o DEO pelo e-mail\u00a0<a href=\"estagiosobrigatorios.proeg@uern.br\">estagiosobrigatorios.proeg@uern.br<\/a><\/em><\/p>\n","protected":false},"excerpt":{"rendered":"<p>Certificados do II Simp\u00f3sio de Est\u00e1gios da UERN, realizado de 26 a 28 de agosto de 2025. \u2013 Participa\u00e7\u00e3o no evento: (Clique aqui para acessar seu Certificado de participa\u00e7\u00e3o no evento) \u2013 Apresenta\u00e7\u00e3o de trabalho (o t\u00edtulo do arquivo est\u00e1 com o nome do\/a apresentador\/a; os\/as autores\/as s\u00e3o citado\/as ao final do documento): (Clique aqui [&hellip;]<\/p>\n","protected":false},"author":2,"featured_media":0,"parent":0,"menu_order":0,"comment_status":"closed","ping_status":"closed","template":"","meta":{"footnotes":""},"class_list":["post-3315","page","type-page","status-publish","hentry"],"_links":{"self":[{"href":"https:\/\/portal.uern.br\/proeg\/wp-json\/wp\/v2\/pages\/3315","targetHints":{"allow":["GET"]}}],"collection":[{"href":"https:\/\/portal.uern.br\/proeg\/wp-json\/wp\/v2\/pages"}],"about":[{"href":"https:\/\/portal.uern.br\/proeg\/wp-json\/wp\/v2\/types\/page"}],"author":[{"embeddable":true,"href":"https:\/\/portal.uern.br\/proeg\/wp-json\/wp\/v2\/users\/2"}],"replies":[{"embeddable":true,"href":"https:\/\/portal.uern.br\/proeg\/wp-json\/wp\/v2\/comments?post=3315"}],"version-history":[{"count":9,"href":"https:\/\/portal.uern.br\/proeg\/wp-json\/wp\/v2\/pages\/3315\/revisions"}],"predecessor-version":[{"id":4316,"href":"https:\/\/portal.uern.br\/proeg\/wp-json\/wp\/v2\/pages\/3315\/revisions\/4316"}],"wp:attachment":[{"href":"https:\/\/portal.uern.br\/proeg\/wp-json\/wp\/v2\/media?parent=3315"}],"curies":[{"name":"wp","href":"https:\/\/api.w.org\/{rel}","templated":true}]}}