{"id":301,"date":"2022-12-02T08:47:04","date_gmt":"2022-12-02T11:47:04","guid":{"rendered":"http:\/\/beta.apps.uern.br\/wordpress\/proeg\/?page_id=301"},"modified":"2023-04-20T15:30:35","modified_gmt":"2023-04-20T18:30:35","slug":"ceg-consepe","status":"publish","type":"page","link":"https:\/\/portal.uern.br\/proeg\/ceg-consepe\/","title":{"rendered":"CEG\/CONSEPE"},"content":{"rendered":"<p>Institu\u00edda pela <a href=\"http:\/\/portal.uern.br\/wp-content\/uploads\/2023\/01\/Regimento-Geral-da-Uern-ALTERADO-pela-Resolucao-No-11-2022-de-29-de-novembro-de-2022.pdf\">Resolu\u00e7\u00e3o n\u00ba01\/2022 Consuni\/Uern<\/a> e complementada pela Resolu\u00e7\u00e3o n\u00ba 11\/2022 Consuni\/Uern, que redefiniu as compet\u00eancias das c\u00e2maras, a C\u00e2mara de Ensino de Gradua\u00e7\u00e3o (CEG) do Consepe \u00e9 um \u00f3rg\u00e3o fracion\u00e1rio do Pleno com fun\u00e7\u00e3o deliberativa, visando diminuir o volume de demandas carreadas ao Pleno do Consepe e dando maior celeridade processual \u00e0s demandas.<\/p>\n<p>Na Subse\u00e7\u00e3o IV, Da C\u00e2mara de Ensino, temos:<\/p>\n<p>Art. 28. A C\u00e2mara de Ensino \u00e9 constitu\u00edda por nove membros.<br \/>\nArt. 29. Compete \u00e0 C\u00e2mara de Ensino:<br \/>\nI &#8211; decidir os recursos sobre:<br \/>\na) decis\u00f5es dos Colegiados dos Departamentos, quando se tratar de ensino de gradua\u00e7\u00e3o;<br \/>\n<del>b) decis\u00e3o do(a) Reitor(a) em mat\u00e9ria acad\u00eamico-pedag\u00f3gica de gradua\u00e7\u00e3o, ressalvadas as compet\u00eancias do Pleno do Consepe e as do Consuni.<\/del><br \/>\nb) decis\u00e3o do(a) Reitor(a) em mat\u00e9ria acad\u00eamico-pedag\u00f3gica de gradua\u00e7\u00e3o, ressalvadas as compet\u00eancias do Pleno do Consepe.<br \/>\n<del>II &#8211; decidir sobre pol\u00edtica universit\u00e1ria em mat\u00e9ria de ensino de gradua\u00e7\u00e3o, ressalvadas as compet\u00eancias do Pleno do Consepe e as do Consuni;<\/del><br \/>\nII &#8211; decidir sobre pol\u00edtica universit\u00e1ria em mat\u00e9ria de ensino de gradua\u00e7\u00e3o, ressalvadas as compet\u00eancias do Pleno do Consepe; (reda\u00e7\u00e3o dada pela Resolu\u00e7\u00e3o n\u00ba 11, de 2022)<br \/>\nIII &#8211; julgar as representa\u00e7\u00f5es em mat\u00e9ria de sua compet\u00eancia;<br \/>\nIV &#8211; aprovar mat\u00e9rias constantes de pedidos de reexame encaminhados pelo(a) Reitor(a), nas mat\u00e9rias de sua compet\u00eancia;<br \/>\nV &#8211; apreciar a resolu\u00e7\u00e3o ad referendum emitida pelo(a) Reitor(a), nas mat\u00e9rias de sua compet\u00eancia, em at\u00e9 trinta dias;<br \/>\nVI &#8211; julgar os recursos interpostos contra decis\u00f5es de seu(sua) Presidente.<br \/>\nVII \u2013 julgar requerimento por desligamento de curso; (reda\u00e7\u00e3o dada pela Resolu\u00e7\u00e3o n\u00ba 11, de 2022)<br \/>\nVIII \u2013 apreciar requerimento para cadastro institucional ou matr\u00edcula curricular extempor\u00e2nea; (reda\u00e7\u00e3o dada pela Resolu\u00e7\u00e3o n\u00ba 11, de 2022)<br \/>\nIX &#8211; julgar requerimento por trancamento de programa de estudo; reda\u00e7\u00e3o dada pela Resolu\u00e7\u00e3o n\u00ba 11, de 2022)<br \/>\nX &#8211; apreciar requerimento de antecipa\u00e7\u00e3o de estudos; (reda\u00e7\u00e3o dada pela Resolu\u00e7\u00e3o n\u00ba 11, de 2022)<br \/>\nXI &#8211; julgar requerimento de transfer\u00eancia compuls\u00f3ria; (reda\u00e7\u00e3o dada pela Resolu\u00e7\u00e3o n\u00ba 11, de 2022)<br \/>\nXII &#8211; julgar requerimento de migra\u00e7\u00e3o curricular; (reda\u00e7\u00e3o dada pela Resolu\u00e7\u00e3o n\u00ba 11, de 2022)<br \/>\nXIII &#8211; julgar requerimento por prorroga\u00e7\u00e3o de prazo para conclus\u00e3o de curso; (reda\u00e7\u00e3o dada pela Resolu\u00e7\u00e3o n\u00ba 11, de 2022)<br \/>\nXIV \u2013 julgar requerimento de outras mat\u00e9rias delegadas pelo Pleno do Consepe; (reda\u00e7\u00e3o dada pela Resolu\u00e7\u00e3o n\u00ba 11, de 2022)<br \/>\nXV \u2013 apreciar outras mat\u00e9rias delegadas pelo Pleno do Consepe. (reda\u00e7\u00e3o dada pela Resolu\u00e7\u00e3o n\u00ba 11, de 2022)<\/p>\n<p>Atualmente, a CEG\/Consepe \u00e9 composta por:<\/p>\n<p><strong>Membros titulares<\/strong><\/p>\n<ol>\n<li>Profa. Fernanda Abreu de Oliveira &#8211; Pr\u00f3-reitora de Ensino de Gradua\u00e7\u00e3o;<\/li>\n<li>Prof. Jos\u00e9 Mairton Figueiredo de Fran\u00e7a &#8211; DEC\/Facem;<\/li>\n<li>Prof. Helio Junior Rocha de Lima &#8211; DE\/FE;<\/li>\n<li>Prof. Galileu Galilei Medeiros de Souza &#8211; DEFI\/CAC<\/li>\n<li>Jovelina Silva Santos &#8211; DHI\/CAA;<\/li>\n<li>TNS. Nestor Gomes Duarte &#8211; Prae;<\/li>\n<li>TNS. Frederico Vitoriano Dantas Pereira J\u00fanior &#8211; Proplan.<\/li>\n<\/ol>\n<p><strong>Membros suplentes<\/strong><\/p>\n<ol>\n<li>Profa. Rosa Maria Rodrigues Lopes &#8211; Pr\u00f3-reitora Adjunta de Ensino de Gradua\u00e7\u00e3o;<\/li>\n<li>Prof. Jos\u00e9 Sueldo C\u00e2mara Ferreira &#8211; DCC\/Facem<\/li>\n<li>Prof. Jean Mac Cole Tavares Santos &#8211; DE\/FE;<\/li>\n<li>Profa. Daniela Mendes da Veiga Pessoa &#8211; DOD- CAC;<\/li>\n<li>Maria da Concei\u00e7\u00e3o Silva Dantas Monteiro &#8211; DLV\/CAA;<\/li>\n<li>TNM. Ravi Dias de Almeida Oliveira &#8211; Ouvidoria.<\/li>\n<\/ol>\n","protected":false},"excerpt":{"rendered":"<p>Institu\u00edda pela Resolu\u00e7\u00e3o n\u00ba01\/2022 Consuni\/Uern e complementada pela Resolu\u00e7\u00e3o n\u00ba 11\/2022 Consuni\/Uern, que redefiniu as compet\u00eancias das c\u00e2maras, a C\u00e2mara de Ensino de Gradua\u00e7\u00e3o (CEG) do Consepe \u00e9 um \u00f3rg\u00e3o fracion\u00e1rio do Pleno com fun\u00e7\u00e3o deliberativa, visando diminuir o volume de demandas carreadas ao Pleno do Consepe e dando maior celeridade processual \u00e0s demandas. Na [&hellip;]<\/p>\n","protected":false},"author":2,"featured_media":0,"parent":0,"menu_order":0,"comment_status":"closed","ping_status":"closed","template":"","meta":{"footnotes":""},"class_list":["post-301","page","type-page","status-publish","hentry"],"_links":{"self":[{"href":"https:\/\/portal.uern.br\/proeg\/wp-json\/wp\/v2\/pages\/301","targetHints":{"allow":["GET"]}}],"collection":[{"href":"https:\/\/portal.uern.br\/proeg\/wp-json\/wp\/v2\/pages"}],"about":[{"href":"https:\/\/portal.uern.br\/proeg\/wp-json\/wp\/v2\/types\/page"}],"author":[{"embeddable":true,"href":"https:\/\/portal.uern.br\/proeg\/wp-json\/wp\/v2\/users\/2"}],"replies":[{"embeddable":true,"href":"https:\/\/portal.uern.br\/proeg\/wp-json\/wp\/v2\/comments?post=301"}],"version-history":[{"count":4,"href":"https:\/\/portal.uern.br\/proeg\/wp-json\/wp\/v2\/pages\/301\/revisions"}],"predecessor-version":[{"id":772,"href":"https:\/\/portal.uern.br\/proeg\/wp-json\/wp\/v2\/pages\/301\/revisions\/772"}],"wp:attachment":[{"href":"https:\/\/portal.uern.br\/proeg\/wp-json\/wp\/v2\/media?parent=301"}],"curies":[{"name":"wp","href":"https:\/\/api.w.org\/{rel}","templated":true}]}}