{"id":263,"date":"2022-11-29T11:13:52","date_gmt":"2022-11-29T14:13:52","guid":{"rendered":"http:\/\/beta.apps.uern.br\/wordpress\/proeg\/?page_id=263"},"modified":"2025-03-11T11:11:39","modified_gmt":"2025-03-11T14:11:39","slug":"resped","status":"publish","type":"page","link":"https:\/\/portal.uern.br\/proeg\/estudantes-2\/resped\/","title":{"rendered":"PRP"},"content":{"rendered":"<p style=\"text-align: justify\"><strong>Coordenador Institucional<\/strong><br \/>\nProf. Dr. F\u00e1bio Ricardo Silva Beserra<\/p>\n<p style=\"text-align: justify\"><strong>Secret\u00e1rio<\/strong><br \/>\nFernando Henrique Soares Fernandes<\/p>\n<p style=\"text-align: justify\">O Programa de Resid\u00eancia Pedag\u00f3gica (PRP) foi uma iniciativa que integrava a Pol\u00edtica Nacional de Forma\u00e7\u00e3o de Professores do Minist\u00e9rio da Educa\u00e7\u00e3o (MEC), visando intensificar a forma\u00e7\u00e3o pr\u00e1tica nos cursos de licenciatura e promover a integra\u00e7\u00e3o entre a educa\u00e7\u00e3o b\u00e1sica e a educa\u00e7\u00e3o superior atrav\u00e9s da imers\u00e3o do licenciando na escola de educa\u00e7\u00e3o b\u00e1sica, a partir da segunda metade de seu curso. A Portaria Capes n\u00ba 82\/2022, o Edital Capes n\u00ba 24\/2022 e os editais publicados pela UERN foram os principais documentos que trouxeram as normas aplic\u00e1veis a \u00faltima edi\u00e7\u00e3o do Programa de Resid\u00eancia Pedag\u00f3gica. Foram participantes: alunos da gradua\u00e7\u00e3o (bolsistas e volunt\u00e1rios \u2013 oriundos das licenciaturas e denominados Residentes), professores da educa\u00e7\u00e3o b\u00e1sica (bolsistas, chamados de Preceptores) e Docentes do ensino superior (bolsistas e volunt\u00e1rios, denominados Docentes Orientadores, al\u00e9m do Coordenador Institucional). A \u00faltima edi\u00e7\u00e3o do Programa de Resid\u00eancia Pedag\u00f3gica foi desenvolvida em 04 campi, que abrangeu 10 munic\u00edpios e envolveu 48 escolas da rede p\u00fablica de ensino.<\/p>\n<p style=\"text-align: justify\"><strong>DADOS DA \u00daLTIMA EDI\u00c7\u00c3O DO PROGRAMA NA UERN:<\/strong><\/p>\n<p>Graduandos: 404 (375 bolsistas e 29 volunt\u00e1rios)<\/p>\n<p>Professores Preceptores do Ensino B\u00e1sico: 75<\/p>\n<p>Docentes Orientadores: 28 (25 bolsistas e 03 volunt\u00e1rios)<\/p>\n<p>Coordenador Institucional: 01<\/p>\n<p>Cursos participantes: 12 cursos (em 12 subprojetos que, por sua vez, subdividem-se em 25 n\u00facleos)<\/p>\n<p>&nbsp;<\/p>\n<p style=\"text-align: justify\"><strong>CURSOS:<\/strong><\/p>\n<p>Ci\u00eancias Biol\u00f3gicas (Mossor\u00f3)<\/p>\n<p>Educa\u00e7\u00e3o F\u00edsica (Mossor\u00f3)<\/p>\n<p>Educa\u00e7\u00e3o F\u00edsica (Pau dos Ferros)<\/p>\n<p>Filosofia (Mossor\u00f3)<\/p>\n<p>Geografia (Mossor\u00f3)<\/p>\n<p>Geografia (Pau dos Ferros)<\/p>\n<p>Hist\u00f3ria (Ass\u00fa)<\/p>\n<p>Hist\u00f3ria (Mossor\u00f3)<\/p>\n<p>Letras &#8211; L\u00edngua Espanhola (Mossor\u00f3)<\/p>\n<p>Letras &#8211; L\u00edngua Espanhola (Pau dos Ferros)<\/p>\n<p>Letras &#8211; L\u00edngua Inglesa (Ass\u00fa)<\/p>\n<p>Letras &#8211; L\u00edngua Inglesa (Mossor\u00f3)<\/p>\n<p>Letras &#8211; L\u00edngua Inglesa (Pau dos Ferros)<\/p>\n<p>Letras &#8211; L\u00edngua Portuguesa (Ass\u00fa)<\/p>\n<p>Letras &#8211; L\u00edngua Portuguesa (Mossor\u00f3)<\/p>\n<p>Letras &#8211; L\u00edngua Portuguesa (Patu)<\/p>\n<p>Letras &#8211; L\u00edngua Portuguesa (Pau dos Ferros)<\/p>\n<p>Matem\u00e1tica (Mossor\u00f3)<\/p>\n<p>Matem\u00e1tica (Patu)<\/p>\n<p>Pedagogia (Assu)<\/p>\n<p>Pedagogia (Mossor\u00f3)<\/p>\n<p>Pedagogia (Patu)<\/p>\n<p>Pedagogia (Pau dos Ferros)<\/p>\n<p>Qu\u00edmica (Mossor\u00f3)<\/p>\n<p>Ci\u00eancias Sociais (Mossor\u00f3)<\/p>\n<p>&nbsp;<\/p>\n<p style=\"text-align: justify\"><strong>Campus:<\/strong><\/p>\n<p style=\"text-align: justify\">Campus Avan\u00e7ado de Ass\u00fa<\/p>\n<p style=\"text-align: justify\">Campus Central\/Mossor\u00f3<\/p>\n<p style=\"text-align: justify\">Campus Avan\u00e7ado de Patu<\/p>\n<p style=\"text-align: justify\">Campus Avan\u00e7ado de Pau dos Ferros<\/p>\n<p>&nbsp;<\/p>\n<p><strong>MUNIC\u00cdPIOS E ESCOLAS:<\/strong><\/p>\n<p><strong>ASSU (07 ESCOLAS)<\/strong><\/p>\n<p>Centro Educacional Dr. Pedro Amorim \u2013 CEPA<\/p>\n<p>Centro Estadual de Educa\u00e7\u00e3o Profissional Professor Gilmar <span style=\"font-weight: 400\">Rodrigues de Lima<\/span><\/p>\n<p>Escola Estadual de Tempo Integral Poeta Renato Caldas<\/p>\n<p><span style=\"font-weight: 400\">Escola Estadual Marcos Alberto de S\u00e1 Leit\u00e3o<\/span><\/p>\n<p><span style=\"font-weight: 400\">Centro de Educa\u00e7\u00e3o de Jovens e Adultos Manoel Pessoa Montenegro<\/span><\/p>\n<p>Escola Estadual Tenente Coronel Jos\u00e9<\/p>\n<p>Escola Municipal Professora Nair Fernandes Rodrigues.<\/p>\n<p><strong>ENCANTO (01 ESCOLA)<\/strong><\/p>\n<p>Escola Estadual Cid Rosado<\/p>\n<p><strong>JOS\u00c9 DA PENHA (02 ESCOLAS)<\/strong><\/p>\n<p>Escola Estadual Vicente de Fontes<\/p>\n<p><span style=\"font-weight: 400\">Escola Municipal 4 de outubro<\/span><\/p>\n<p><strong>MOSSOR\u00d3 (22 ESCOLAS)<\/strong><\/p>\n<p>Escola Estadual Diran Ramos do Amaral<\/p>\n<p>Escola Estadual Manoel Jo\u00e3o<\/p>\n<p>Centro de Educa\u00e7\u00e3o Integrada Prof. Eliseu Viana<\/p>\n<p>Escola Municipal Professor Manoel Assis<\/p>\n<p><span style=\"font-weight: 400\">Escola Estadual Moreira Dias<\/span><\/p>\n<p>Escola Estadual Abel Coelho<\/p>\n<p>Centro Estadual de Educa\u00e7\u00e3o Profissional Francisco De Assis Pedrosa<\/p>\n<p>Escola Estadual Ant\u00f4nio de Souza Machado<\/p>\n<p>Escola Estadual Manoel Justiniano de Melo<\/p>\n<p>Escola Estadual Professora Inalda Cabral<\/p>\n<p>Escola Estadual Governador Dix-Sept Rosado<\/p>\n<p>Escola Estadual Professor Jos\u00e9 de Freitas Nobre<\/p>\n<p>Escola Estadual Professor Jos\u00e9 Nogueira<\/p>\n<p>Escola Estadual Padre Alfredo<\/p>\n<p>Unidade de Educa\u00e7\u00e3o Infantil Adalgiza Fernandes Moreira<\/p>\n<p>Escola Estadual Jer\u00f4nimo Rosado<\/p>\n<p>Escola Estadual Professor Herm\u00f3genes Nogueira<\/p>\n<p>Escola Estadual Maria Estella Pinheiro da Costa<\/p>\n<p><span style=\"font-weight: 400\">Col\u00e9gio Evang\u00e9lico Le\u00f4ncio Jos\u00e9 de Santana<\/span><\/p>\n<p><span style=\"font-weight: 400\">Escola Municipal Joaquim Fel\u00edcio de Moura<\/span><\/p>\n<p><span style=\"font-weight: 400\">Escola Estadual A\u00edda Ramalho Cortez Pereira<\/span><\/p>\n<p><span style=\"font-weight: 400\">IFRN \u2013 Instituto Federal do Rio Grande do Norte (Campus Mossor\u00f3)<\/span><\/p>\n<p><strong>PATU (04 ESCOLAS)<\/strong><\/p>\n<p>Escola Estadual Jo\u00e3o Godeiro<\/p>\n<p>Escola Municipal Raimundo Rocha<\/p>\n<p>Escola Municipal Carmelita Rocha<\/p>\n<p><span style=\"font-weight: 400\">Escola Municipal Professor Raimundo Nonato de Lima<\/span><\/p>\n<p><strong>PAU DOS FERROS (07 ESCOLAS)<\/strong><\/p>\n<p>Escola Estadual Maria Edilma de Freitas<\/p>\n<p>Escola Municipal Professor Severino Bezerra<\/p>\n<p>Escola Estadual Te\u00f3filo R\u00eago<\/p>\n<p>Escola Estadual em Tempo Integral Dr. Jos\u00e9 Fernandes de Melo<\/p>\n<p>Escola Estadual Patronato Alfredo Fernandes<\/p>\n<p>Escola Municipal S\u00e3o Benedito<\/p>\n<p><span style=\"font-weight: 400\">Escola Estadual Francisco Nunes<\/span><\/p>\n<p><strong>RAFAEL FERNANDES (01 ESCOLA)<\/strong><\/p>\n<p>Escola Estadual Jos\u00e9 Ferreira da Costa<\/p>\n<p><strong>RAFAEL GODEIRO (02 ESCOLAS)<\/strong><\/p>\n<p>Escola Estadual Rafael Godeiro<\/p>\n<p><span style=\"font-weight: 400\">Escola Municipal Professor Raimundo Nonato de Lima<\/span><\/p>\n<p><strong>S\u00c3O FRANCISCO DO OESTE (01 ESCOLA)<\/strong><\/p>\n<p>Escola Estadual Professor Manoel Herculano<\/p>\n<p><strong>UMARIZAL (01 ESCOLA)<\/strong><\/p>\n<p><span style=\"font-weight: 400\">Escola Estadual Zenon de Sousa<\/span><\/p>\n","protected":false},"excerpt":{"rendered":"<p>Coordenador Institucional Prof. Dr. F\u00e1bio Ricardo Silva Beserra Secret\u00e1rio Fernando Henrique Soares Fernandes O Programa de Resid\u00eancia Pedag\u00f3gica (PRP) foi uma iniciativa que integrava a Pol\u00edtica Nacional de Forma\u00e7\u00e3o de Professores do Minist\u00e9rio da Educa\u00e7\u00e3o (MEC), visando intensificar a forma\u00e7\u00e3o pr\u00e1tica nos cursos de licenciatura e promover a integra\u00e7\u00e3o entre a educa\u00e7\u00e3o b\u00e1sica e a [&hellip;]<\/p>\n","protected":false},"author":2,"featured_media":0,"parent":261,"menu_order":0,"comment_status":"closed","ping_status":"closed","template":"","meta":{"footnotes":""},"class_list":["post-263","page","type-page","status-publish","hentry"],"_links":{"self":[{"href":"https:\/\/portal.uern.br\/proeg\/wp-json\/wp\/v2\/pages\/263","targetHints":{"allow":["GET"]}}],"collection":[{"href":"https:\/\/portal.uern.br\/proeg\/wp-json\/wp\/v2\/pages"}],"about":[{"href":"https:\/\/portal.uern.br\/proeg\/wp-json\/wp\/v2\/types\/page"}],"author":[{"embeddable":true,"href":"https:\/\/portal.uern.br\/proeg\/wp-json\/wp\/v2\/users\/2"}],"replies":[{"embeddable":true,"href":"https:\/\/portal.uern.br\/proeg\/wp-json\/wp\/v2\/comments?post=263"}],"version-history":[{"count":19,"href":"https:\/\/portal.uern.br\/proeg\/wp-json\/wp\/v2\/pages\/263\/revisions"}],"predecessor-version":[{"id":3777,"href":"https:\/\/portal.uern.br\/proeg\/wp-json\/wp\/v2\/pages\/263\/revisions\/3777"}],"up":[{"embeddable":true,"href":"https:\/\/portal.uern.br\/proeg\/wp-json\/wp\/v2\/pages\/261"}],"wp:attachment":[{"href":"https:\/\/portal.uern.br\/proeg\/wp-json\/wp\/v2\/media?parent=263"}],"curies":[{"name":"wp","href":"https:\/\/api.w.org\/{rel}","templated":true}]}}