{"id":205,"date":"2022-09-08T15:04:01","date_gmt":"2022-09-08T18:04:01","guid":{"rendered":"https:\/\/paisdemossoro.com.br\/wordpress\/proeg\/?page_id=205"},"modified":"2023-11-09T11:52:25","modified_gmt":"2023-11-09T14:52:25","slug":"formacao-continuada","status":"publish","type":"page","link":"https:\/\/portal.uern.br\/proeg\/formacao-continuada\/","title":{"rendered":"Forma\u00e7\u00e3o Continuada"},"content":{"rendered":"<p><img fetchpriority=\"high\" decoding=\"async\" class=\"wp-image-2432 alignleft\" src=\"https:\/\/portal.uern.br\/proeg\/wp-content\/uploads\/2023\/11\/foco-principal-completo@4x-100-1-300x178.jpg\" alt=\"\" width=\"343\" height=\"203\" srcset=\"https:\/\/portal.uern.br\/proeg\/wp-content\/uploads\/2023\/11\/foco-principal-completo@4x-100-1-300x178.jpg 300w, https:\/\/portal.uern.br\/proeg\/wp-content\/uploads\/2023\/11\/foco-principal-completo@4x-100-1-1024x608.jpg 1024w, https:\/\/portal.uern.br\/proeg\/wp-content\/uploads\/2023\/11\/foco-principal-completo@4x-100-1-768x456.jpg 768w, https:\/\/portal.uern.br\/proeg\/wp-content\/uploads\/2023\/11\/foco-principal-completo@4x-100-1-1536x911.jpg 1536w, https:\/\/portal.uern.br\/proeg\/wp-content\/uploads\/2023\/11\/foco-principal-completo@4x-100-1-2048x1215.jpg 2048w\" sizes=\"(max-width: 343px) 100vw, 343px\" \/><\/p>\n<p><span style=\"font-weight: 400\">A Universidade do Estado do Rio Grande do Norte &#8211; Uern, Universidade P\u00fablica Estadual comprometida com uma educa\u00e7\u00e3o gratuita, de qualidade, inclusiva e socialmente referenciada, realiza, por meio da Pr\u00f3-Reitoria de Ensino e Gradua\u00e7\u00e3o &#8211; PROEG\/UERN o Programa de Forma\u00e7\u00e3o Continuada &#8211; FOCO, que tem como objetivo promover discuss\u00f5es did\u00e1tico-pedag\u00f3gicas acerca das pol\u00edticas educacionais, curriculares e formativas no \u00e2mbito do ensino superior. O Foco busca fortalecer a forma\u00e7\u00e3o humana e profissional pautada na inclus\u00e3o, diversidade e direitos humanos de modo a fomentar a perspectiva democr\u00e1tica e participativa da nossa institui\u00e7\u00e3o a partir do di\u00e1logo sobre as tem\u00e1ticas atuais envolvendo os\/as docentes, unidades e setores que fazem a UERN.\u00a0<\/span><\/p>\n","protected":false},"excerpt":{"rendered":"<p>A Universidade do Estado do Rio Grande do Norte &#8211; Uern, Universidade P\u00fablica Estadual comprometida com uma educa\u00e7\u00e3o gratuita, de qualidade, inclusiva e socialmente referenciada, realiza, por meio da Pr\u00f3-Reitoria de Ensino e Gradua\u00e7\u00e3o &#8211; PROEG\/UERN o Programa de Forma\u00e7\u00e3o Continuada &#8211; FOCO, que tem como objetivo promover discuss\u00f5es did\u00e1tico-pedag\u00f3gicas acerca das pol\u00edticas educacionais, curriculares [&hellip;]<\/p>\n","protected":false},"author":1,"featured_media":0,"parent":0,"menu_order":0,"comment_status":"closed","ping_status":"closed","template":"","meta":{"footnotes":""},"class_list":["post-205","page","type-page","status-publish","hentry"],"_links":{"self":[{"href":"https:\/\/portal.uern.br\/proeg\/wp-json\/wp\/v2\/pages\/205","targetHints":{"allow":["GET"]}}],"collection":[{"href":"https:\/\/portal.uern.br\/proeg\/wp-json\/wp\/v2\/pages"}],"about":[{"href":"https:\/\/portal.uern.br\/proeg\/wp-json\/wp\/v2\/types\/page"}],"author":[{"embeddable":true,"href":"https:\/\/portal.uern.br\/proeg\/wp-json\/wp\/v2\/users\/1"}],"replies":[{"embeddable":true,"href":"https:\/\/portal.uern.br\/proeg\/wp-json\/wp\/v2\/comments?post=205"}],"version-history":[{"count":4,"href":"https:\/\/portal.uern.br\/proeg\/wp-json\/wp\/v2\/pages\/205\/revisions"}],"predecessor-version":[{"id":2434,"href":"https:\/\/portal.uern.br\/proeg\/wp-json\/wp\/v2\/pages\/205\/revisions\/2434"}],"wp:attachment":[{"href":"https:\/\/portal.uern.br\/proeg\/wp-json\/wp\/v2\/media?parent=205"}],"curies":[{"name":"wp","href":"https:\/\/api.w.org\/{rel}","templated":true}]}}