{"id":84,"date":"2022-10-19T11:02:49","date_gmt":"2022-10-19T14:02:49","guid":{"rendered":"https:\/\/paisdemossoro.com.br\/wordpress\/proeg\/sisu\/?page_id=84"},"modified":"2023-02-23T12:47:12","modified_gmt":"2023-02-23T15:47:12","slug":"pessoa-com-deficiencia","status":"publish","type":"page","link":"https:\/\/portal.uern.br\/proeg\/sisu\/pessoa-com-deficiencia\/","title":{"rendered":"Pessoa com Defici\u00eancia"},"content":{"rendered":"<p>Reserva de\u00a0<strong>5% das vagas iniciais<\/strong>\u00a0destinadas a candidatos com defici\u00eancia, comprovada por atestado m\u00e9dico fornecido por profissional cadastrado pelo SUS.<\/p>\n<p>Se convocado para ocupar a vaga, o candidato dever\u00e1\u00a0<strong>submeter-se a uma per\u00edcia realizada por Junta Multiprofissional<\/strong>\u00a0e no dia de seu comparecimento, o candidato dever\u00e1 apresentar:<\/p>\n<ul>\n<li><strong>Documento de identidade<\/strong>\u00a0(original e c\u00f3pia);<\/li>\n<li><strong>Laudo m\u00e9dico<\/strong>\u00a0(original e c\u00f3pia) emitido por profissional especialista na \u00e1rea da defici\u00eancia autodeclarada, o qual ratifique e comprove a respectiva defici\u00eancia. O laudo deve ter sido emitido nos\u00a0<strong>\u00faltimos 12 (doze) meses<\/strong>\u00a0&#8211; a contar da data do comparecimento do candidato \u00e0 Junta Multiprofissional -, devendo ainda conter o c\u00f3digo correspondente da Classifica\u00e7\u00e3o Internacional de Doen\u00e7a \u2013 CID 10 e relatar a defici\u00eancia do candidato para o exerc\u00edcio ou desempenho de atividades acad\u00eamicas;<\/li>\n<li><strong>Exames comprobat\u00f3rios<\/strong>.<\/li>\n<\/ul>\n","protected":false},"excerpt":{"rendered":"<p>Reserva de\u00a05% das vagas iniciais\u00a0destinadas a candidatos com defici\u00eancia, comprovada por atestado m\u00e9dico fornecido por profissional cadastrado pelo SUS. Se convocado para ocupar a vaga, o candidato dever\u00e1\u00a0submeter-se a uma per\u00edcia realizada por Junta Multiprofissional\u00a0e no dia de seu comparecimento, o candidato dever\u00e1 apresentar: Documento de identidade\u00a0(original e c\u00f3pia); Laudo m\u00e9dico\u00a0(original e c\u00f3pia) emitido por [&hellip;]<\/p>\n","protected":false},"author":1,"featured_media":0,"parent":0,"menu_order":0,"comment_status":"closed","ping_status":"closed","template":"","meta":{"footnotes":""},"class_list":["post-84","page","type-page","status-publish","hentry"],"_links":{"self":[{"href":"https:\/\/portal.uern.br\/proeg\/sisu\/wp-json\/wp\/v2\/pages\/84","targetHints":{"allow":["GET"]}}],"collection":[{"href":"https:\/\/portal.uern.br\/proeg\/sisu\/wp-json\/wp\/v2\/pages"}],"about":[{"href":"https:\/\/portal.uern.br\/proeg\/sisu\/wp-json\/wp\/v2\/types\/page"}],"author":[{"embeddable":true,"href":"https:\/\/portal.uern.br\/proeg\/sisu\/wp-json\/wp\/v2\/users\/1"}],"replies":[{"embeddable":true,"href":"https:\/\/portal.uern.br\/proeg\/sisu\/wp-json\/wp\/v2\/comments?post=84"}],"version-history":[{"count":2,"href":"https:\/\/portal.uern.br\/proeg\/sisu\/wp-json\/wp\/v2\/pages\/84\/revisions"}],"predecessor-version":[{"id":469,"href":"https:\/\/portal.uern.br\/proeg\/sisu\/wp-json\/wp\/v2\/pages\/84\/revisions\/469"}],"wp:attachment":[{"href":"https:\/\/portal.uern.br\/proeg\/sisu\/wp-json\/wp\/v2\/media?parent=84"}],"curies":[{"name":"wp","href":"https:\/\/api.w.org\/{rel}","templated":true}]}}