{"id":55,"date":"2022-10-19T10:44:50","date_gmt":"2022-10-19T13:44:50","guid":{"rendered":"https:\/\/paisdemossoro.com.br\/wordpress\/proeg\/sisu\/?page_id=55"},"modified":"2026-01-20T11:11:06","modified_gmt":"2026-01-20T14:11:06","slug":"formas-de-ingresso-na-uern","status":"publish","type":"page","link":"https:\/\/portal.uern.br\/proeg\/sisu\/formas-de-ingresso-na-uern\/","title":{"rendered":"Formas de Ingresso na Uern"},"content":{"rendered":"<p>Existem tr\u00eas formas de ingresso na Uern:<\/p>\n<p><strong>1. Processo Seletivo de Vagas Iniciais (PSVI)<\/strong><\/p>\n<p>O PSVI \u00e9 a forma de ingresso por meio do qual s\u00e3o ofertadas 100% das vagas iniciais dos cursos de gradua\u00e7\u00e3o presenciais da Uern. Todas as vagas ofertadas no PSVI s\u00e3o destinadas a candidatos inscritos no Sistema de Sele\u00e7\u00e3o Unificada (Sisu), sistema eletr\u00f4nico gerenciado pelo Mec e que realiza sele\u00e7\u00e3o dos candidatos para ingresso em Institui\u00e7\u00f5es de Ensino Superior P\u00fablicas com base no Exame Nacional do Ensino M\u00e9dio (Enem), de acordo com a(s) edi\u00e7\u00e3o(\u00f5es) estabelecida(s) no edital do Sisu\/Mec. A Uern realiza ades\u00e3o ao Sisu apenas uma vez por ano, no primeiro semestre, e utiliza a lista de espera para preencher as vagas n\u00e3o ocupadas, tanto para o primeiro como para o segundo semestre letivo.<\/p>\n<p>Para visualizar o cronograma e os editais do certames realizados, acesse:\u00a0<a href=\"https:\/\/portal.uern.br\/proeg\/sisu\/psvi-sisu-uern\/\">PSVI Sisu\/Uern<\/a><\/p>\n<p><strong>2. Processo Seletivo de Vagas N\u00e3o-Iniciais (PSVNI)<\/strong><\/p>\n<p>O PSVNI \u00e9 realizado pela pr\u00f3pria institui\u00e7\u00e3o para preenchimento de vagas n\u00e3o-iniciais em cada curso, ou seja, aquelas vagas n\u00e3o preenchidas no ano anterior. As vagas podem ser destinadas \u00e0:<\/p>\n<ul>\n<li>Transfer\u00eancia interna: para alunos da pr\u00f3pria institui\u00e7\u00e3o que desejam mudar de\u00a0<em>campus<\/em>, turno, modalidade ou curso.<\/li>\n<li>Transfer\u00eancia externa: para alunos matriculados em outras institui\u00e7\u00f5es que desejam concluir seus estudos na Uern.<\/li>\n<li>Retorno: subdivide-se em retorno de graduado, para pessoas que j\u00e1 conclu\u00edram uma gradua\u00e7\u00e3o; e ex-aluno, para aqueles que desejam retornar \u00e0 Uern para conclus\u00e3o de seus estudos e tenham sido desligados por abandono de curso, decurso de prazo m\u00e1ximo para conclus\u00e3o do curso, ou ato volunt\u00e1rio do aluno.<\/li>\n<\/ul>\n<p>A sele\u00e7\u00e3o \u00e9 feita com base na carga hor\u00e1ria j\u00e1 cursada que pode ser aproveitada no curso pretendido. O PSVNI ocorre duas vezes ao ano, uma vez em cada semestre letivo.<\/p>\n<p>Para visualizar o cronograma e os editais do certames realizados, acesse: <a href=\"https:\/\/portal.uern.br\/proeg\/sisu\/psvni\/\">PSVNI.<\/a><\/p>\n<p><strong>3. Processo Seletivo de Vagas Ociosas (PSVO)<\/strong><\/p>\n<p>O PSVO \u00e9 realizado pela pr\u00f3pria institui\u00e7\u00e3o para preenchimento de vagas remanescentes ap\u00f3s as convoca\u00e7\u00f5es do PSVI. A forma de sele\u00e7\u00e3o baseia-se nas notas dos candidatos obtidas em uma das edi\u00e7\u00f5es do Enem nos tr\u00eas anos anteriores. O PSVO \u00e9 realizado duas vezes por ano, uma vez em cada semestre letivo.<\/p>\n<p>Para visualizar o cronograma e os editais do certames realizados, acesse: <a href=\"https:\/\/portal.uern.br\/proeg\/sisu\/psvo\/\">PSVO.<\/a><\/p>\n<p>&nbsp;<\/p>\n","protected":false},"excerpt":{"rendered":"<p>Existem tr\u00eas formas de ingresso na Uern: 1. Processo Seletivo de Vagas Iniciais (PSVI) O PSVI \u00e9 a forma de ingresso por meio do qual s\u00e3o ofertadas 100% das vagas iniciais dos cursos de gradua\u00e7\u00e3o presenciais da Uern. Todas as vagas ofertadas no PSVI s\u00e3o destinadas a candidatos inscritos no Sistema de Sele\u00e7\u00e3o Unificada (Sisu), [&hellip;]<\/p>\n","protected":false},"author":1,"featured_media":0,"parent":0,"menu_order":0,"comment_status":"closed","ping_status":"closed","template":"","meta":{"footnotes":""},"class_list":["post-55","page","type-page","status-publish","hentry"],"_links":{"self":[{"href":"https:\/\/portal.uern.br\/proeg\/sisu\/wp-json\/wp\/v2\/pages\/55","targetHints":{"allow":["GET"]}}],"collection":[{"href":"https:\/\/portal.uern.br\/proeg\/sisu\/wp-json\/wp\/v2\/pages"}],"about":[{"href":"https:\/\/portal.uern.br\/proeg\/sisu\/wp-json\/wp\/v2\/types\/page"}],"author":[{"embeddable":true,"href":"https:\/\/portal.uern.br\/proeg\/sisu\/wp-json\/wp\/v2\/users\/1"}],"replies":[{"embeddable":true,"href":"https:\/\/portal.uern.br\/proeg\/sisu\/wp-json\/wp\/v2\/comments?post=55"}],"version-history":[{"count":16,"href":"https:\/\/portal.uern.br\/proeg\/sisu\/wp-json\/wp\/v2\/pages\/55\/revisions"}],"predecessor-version":[{"id":3348,"href":"https:\/\/portal.uern.br\/proeg\/sisu\/wp-json\/wp\/v2\/pages\/55\/revisions\/3348"}],"wp:attachment":[{"href":"https:\/\/portal.uern.br\/proeg\/sisu\/wp-json\/wp\/v2\/media?parent=55"}],"curies":[{"name":"wp","href":"https:\/\/api.w.org\/{rel}","templated":true}]}}