{"id":2326,"date":"2024-05-21T11:53:07","date_gmt":"2024-05-21T14:53:07","guid":{"rendered":"https:\/\/portal.uern.br\/proeg\/sisu\/?page_id=2326"},"modified":"2024-05-22T07:13:21","modified_gmt":"2024-05-22T10:13:21","slug":"retorno-psvni","status":"publish","type":"page","link":"https:\/\/portal.uern.br\/proeg\/sisu\/retorno-psvni\/","title":{"rendered":"Retorno Psvni &#8211; D\u00favidas Frequentes"},"content":{"rendered":"<p>&nbsp;<\/p>\n<p><b>1 &#8211; Ao ingressar como Retorno de ex-aluno(a), pode-se aproveitar algumas disciplinas que foram pagas quando matriculado(a)?<\/b><\/p>\n<p><span style=\"font-weight: 400\">Caso o(a) candidato(a) seja aprovado(a), pode solicitar aproveitamento das disciplinas pagas.<\/span><\/p>\n<p>&nbsp;<\/p>\n<p><b>2 &#8211; Como s\u00e3o alocadas as vagas na modalidade de retorno de graduado?<\/b><\/p>\n<p><span style=\"font-weight: 400\">A quantidade de vagas em cada modalidade do Psvni depende da quantidade de vagas que n\u00e3o foram ocupadas no Processo Seletivo de Vagas Iniciais (Psvi) Sisu\/Uern no ano anterior.\u00a0<\/span><\/p>\n<p><span style=\"font-weight: 400\">Os artigos 76, 77 e 78 do Regulamento de Cursos de Gradua\u00e7\u00e3o (RCG) da Uern (<\/span><a href=\"https:\/\/sigaa.uern.br\/download\/regulamento_dos_cursos_de_graduacao.pdf\"><span style=\"font-weight: 400\">clique aqui<\/span><\/a><span style=\"font-weight: 400\">) d\u00e3o as orienta\u00e7\u00f5es sobre o Psvni. O Artigo 76 trata dos requisitos exigidos para cada modalidade, o 77 sobre a distribui\u00e7\u00e3o de vagas para cada modalidade e o 78 sobre a documenta\u00e7\u00e3o necess\u00e1ria. Dessa forma, a resposta \u00e0 sua d\u00favida encontra-se no Artigo 77, no qual se l\u00ea:\u00a0<\/span><\/p>\n<p><span style=\"font-weight: 400\">Art. 77. Para efeito de distribui\u00e7\u00e3o das vagas referidas no art. 76, adotar-se-\u00e3o os seguintes crit\u00e9rios: <\/span><span style=\"font-weight: 400\"><br \/>\n<\/span><span style=\"font-weight: 400\">I. Ser\u00e3o destinadas 40% (quarenta por cento) das vagas para Transfer\u00eancia Interna, 30% (trinta por cento) das vagas para Transfer\u00eancia Externa, e 30% (trinta por cento) das vagas para Retorno, percentual este que dever\u00e1 ser distribu\u00eddo igualitariamente entre os interessados descritos nas al\u00edneas \u201ca\u201d e \u201cb\u201d do inciso III do artigo 76 deste Regulamento; <\/span><span style=\"font-weight: 400\"><br \/>\n<\/span><span style=\"font-weight: 400\">II. No c\u00e1lculo da quantidade de vagas por modalidade de ingresso, conforme estabelecido no inciso I deste artigo, os resultados dever\u00e3o ser apresentados em n\u00fameros inteiros, desprezando-se as fra\u00e7\u00f5es. <\/span><span style=\"font-weight: 400\"><br \/>\n<\/span><span style=\"font-weight: 400\">III. Conclu\u00eddo o c\u00e1lculo de distribui\u00e7\u00e3o das vagas conforme o inciso II, e constatando-se sobras, as vagas remanescentes ser\u00e3o sucessivamente distribu\u00eddas, uma a uma, at\u00e9 completar a quantidade divulgada, na <\/span><span style=\"font-weight: 400\">seguinte ordem:<\/span><\/p>\n<p><span style=\"font-weight: 400\">a) Transfer\u00eancia interna; <\/span><span style=\"font-weight: 400\"><br \/>\n<\/span><span style=\"font-weight: 400\">b) Transfer\u00eancia externa; <\/span><span style=\"font-weight: 400\"><br \/>\n<\/span><span style=\"font-weight: 400\">c) Retorno.\u00a0<\/span><\/p>\n<p><span style=\"font-weight: 400\">Assim, seguindo-se as orienta\u00e7\u00f5es do RCG, s\u00f3 h\u00e1 vaga para a modalidade Retorno de Graduado, para os cursos que possuem, pelo menos, 7 vagas remanescentes, o que n\u00e3o acontece com a maioria dos cursos, especialmente os mais concorridos.<\/span><\/p>\n","protected":false},"excerpt":{"rendered":"<p>&nbsp; 1 &#8211; Ao ingressar como Retorno de ex-aluno(a), pode-se aproveitar algumas disciplinas que foram pagas quando matriculado(a)? Caso o(a) candidato(a) seja aprovado(a), pode solicitar aproveitamento das disciplinas pagas. &nbsp; 2 &#8211; Como s\u00e3o alocadas as vagas na modalidade de retorno de graduado? A quantidade de vagas em cada modalidade do Psvni depende da quantidade [&hellip;]<\/p>\n","protected":false},"author":6,"featured_media":0,"parent":0,"menu_order":0,"comment_status":"closed","ping_status":"closed","template":"","meta":{"footnotes":""},"class_list":["post-2326","page","type-page","status-publish","hentry"],"_links":{"self":[{"href":"https:\/\/portal.uern.br\/proeg\/sisu\/wp-json\/wp\/v2\/pages\/2326","targetHints":{"allow":["GET"]}}],"collection":[{"href":"https:\/\/portal.uern.br\/proeg\/sisu\/wp-json\/wp\/v2\/pages"}],"about":[{"href":"https:\/\/portal.uern.br\/proeg\/sisu\/wp-json\/wp\/v2\/types\/page"}],"author":[{"embeddable":true,"href":"https:\/\/portal.uern.br\/proeg\/sisu\/wp-json\/wp\/v2\/users\/6"}],"replies":[{"embeddable":true,"href":"https:\/\/portal.uern.br\/proeg\/sisu\/wp-json\/wp\/v2\/comments?post=2326"}],"version-history":[{"count":4,"href":"https:\/\/portal.uern.br\/proeg\/sisu\/wp-json\/wp\/v2\/pages\/2326\/revisions"}],"predecessor-version":[{"id":2334,"href":"https:\/\/portal.uern.br\/proeg\/sisu\/wp-json\/wp\/v2\/pages\/2326\/revisions\/2334"}],"wp:attachment":[{"href":"https:\/\/portal.uern.br\/proeg\/sisu\/wp-json\/wp\/v2\/media?parent=2326"}],"curies":[{"name":"wp","href":"https:\/\/api.w.org\/{rel}","templated":true}]}}