{"id":2300,"date":"2024-05-21T11:33:45","date_gmt":"2024-05-21T14:33:45","guid":{"rendered":"https:\/\/portal.uern.br\/proeg\/sisu\/?page_id=2300"},"modified":"2025-01-13T11:15:27","modified_gmt":"2025-01-13T14:15:27","slug":"listadeesperapsviduvidasfrequentes","status":"publish","type":"page","link":"https:\/\/portal.uern.br\/proeg\/sisu\/listadeesperapsviduvidasfrequentes\/","title":{"rendered":"Lista de Espera Psvi &#8211; D\u00favidas Frequentes"},"content":{"rendered":"<p>&nbsp;<\/p>\n<p><b>1 &#8211; N\u00e3o fui aprovado(a) na Chamada Regular. Ainda tenho chance?<\/b><\/p>\n<p><span style=\"font-weight: 400\">Sim! Ao longo de cada semestre letivo, a Uern realizar\u00e1 v\u00e1rias convoca\u00e7\u00f5es dos candidatos inscritos na Lista de Espera, de acordo com a exist\u00eancia de vagas. O cronograma com as datas previstas para as convoca\u00e7\u00f5es est\u00e1 na p\u00e1gina do certame.<\/span><\/p>\n<p><span style=\"font-weight: 400\">Para fazer parte da Lista de Espera, o(a) candidato(a) dever\u00e1 se inscrever no <\/span><a href=\"http:\/\/sisu.mec.gov.br\/\"><span style=\"font-weight: 400\">Sisu\/MEC<\/span><\/a><span style=\"font-weight: 400\">, e aguardar as futuras chamadas que ser\u00e3o divulgadas na p\u00e1gina do <\/span><a href=\"https:\/\/portal.uern.br\/proeg\/sisu\/\"><span style=\"font-weight: 400\">Setor de Admiss\u00e3o\/Uern<\/span><\/a><span style=\"font-weight: 400\">, em conson\u00e2ncia com o cronograma publicado.<\/span><\/p>\n<p>&nbsp;<\/p>\n<p><b>2 &#8211; Meu nome est\u00e1 na Lista de Espera, preciso declarar interesse em concorrer \u00e0s vagas remanescentes?<\/b><span style=\"font-weight: 400\">\u00a0<\/span><\/p>\n<p><span style=\"font-weight: 400\">Os candidatos que est\u00e3o inscritos na lista de espera concorrer\u00e3o \u00e0s eventuais vagas remanescentes, n\u00e3o sendo necess\u00e1rio realizar declara\u00e7\u00e3o de interesse.\u00a0<\/span><\/p>\n<p>&nbsp;<\/p>\n<p><b>3 &#8211; Realizei minha inscri\u00e7\u00e3o na lista de espera. Como saberei que fui aprovado(a)?<\/b><\/p>\n<p><span style=\"font-weight: 400\">De acordo com a exist\u00eancia de vagas, a Uern <\/span><b>poder\u00e1 realizar mais de uma convoca\u00e7\u00e3o<\/b><span style=\"font-weight: 400\">, o n\u00famero de convoca\u00e7\u00f5es depender\u00e1 da quantidade de vagas n\u00e3o preenchidas. \u00c9 importante ficar atento(a) ao site da Uern para ficar informado(a) sobre as poss\u00edveis altera\u00e7\u00f5es no decorrer do ano.<\/span><\/p>\n<p><span style=\"font-weight: 400\">O(A) inscrito(a) dever\u00e1 <\/span><b>acompanhar de forma frequente<\/b><span style=\"font-weight: 400\"> todas as informa\u00e7\u00f5es disponibilizadas em nossos meios oficiais de comunica\u00e7\u00e3o: <\/span><a href=\"https:\/\/portal.uern.br\/\"><span style=\"font-weight: 400\">Portal Uern<\/span><\/a><span style=\"font-weight: 400\">, <\/span><a href=\"https:\/\/portal.uern.br\/proeg\/sisu\/\"><span style=\"font-weight: 400\">Portal Psvi Sisu\/Uern<\/span><\/a><span style=\"font-weight: 400\"> e <\/span><a href=\"https:\/\/portal.uern.br\/jouern\/\"><span style=\"font-weight: 400\">Jouern<\/span><\/a><span style=\"font-weight: 400\">. H\u00e1 tamb\u00e9m o Canal do Telegram com todas as not\u00edcias dos <\/span><a href=\"https:\/\/t.me\/processosseletivosuern\"><span style=\"font-weight: 400\">Processos Seletivos\/Uern<\/span><\/a><span style=\"font-weight: 400\">.<\/span><\/p>\n","protected":false},"excerpt":{"rendered":"<p>&nbsp; 1 &#8211; N\u00e3o fui aprovado(a) na Chamada Regular. Ainda tenho chance? Sim! Ao longo de cada semestre letivo, a Uern realizar\u00e1 v\u00e1rias convoca\u00e7\u00f5es dos candidatos inscritos na Lista de Espera, de acordo com a exist\u00eancia de vagas. O cronograma com as datas previstas para as convoca\u00e7\u00f5es est\u00e1 na p\u00e1gina do certame. Para fazer parte [&hellip;]<\/p>\n","protected":false},"author":6,"featured_media":0,"parent":0,"menu_order":0,"comment_status":"closed","ping_status":"closed","template":"","meta":{"footnotes":""},"class_list":["post-2300","page","type-page","status-publish","hentry"],"_links":{"self":[{"href":"https:\/\/portal.uern.br\/proeg\/sisu\/wp-json\/wp\/v2\/pages\/2300","targetHints":{"allow":["GET"]}}],"collection":[{"href":"https:\/\/portal.uern.br\/proeg\/sisu\/wp-json\/wp\/v2\/pages"}],"about":[{"href":"https:\/\/portal.uern.br\/proeg\/sisu\/wp-json\/wp\/v2\/types\/page"}],"author":[{"embeddable":true,"href":"https:\/\/portal.uern.br\/proeg\/sisu\/wp-json\/wp\/v2\/users\/6"}],"replies":[{"embeddable":true,"href":"https:\/\/portal.uern.br\/proeg\/sisu\/wp-json\/wp\/v2\/comments?post=2300"}],"version-history":[{"count":3,"href":"https:\/\/portal.uern.br\/proeg\/sisu\/wp-json\/wp\/v2\/pages\/2300\/revisions"}],"predecessor-version":[{"id":2887,"href":"https:\/\/portal.uern.br\/proeg\/sisu\/wp-json\/wp\/v2\/pages\/2300\/revisions\/2887"}],"wp:attachment":[{"href":"https:\/\/portal.uern.br\/proeg\/sisu\/wp-json\/wp\/v2\/media?parent=2300"}],"curies":[{"name":"wp","href":"https:\/\/api.w.org\/{rel}","templated":true}]}}

Lista de Espera Psvi &#8211; Dúvidas Frequentes

<p>&nbsp;</p>
<p><b>1 &#8211; Não fui aprovado(a) na Chamada Regular. Ainda tenho chance?</b></p>
<p><span style="font-weight: 400">Sim! Ao longo de cada semestre letivo, a Uern realizará várias convocações dos candidatos inscritos na Lista de Espera, de acordo com a existência de vagas. O cronograma com as datas previstas para as convocações está na página do certame.</span></p>
<p><span style="font-weight: 400">Para fazer parte da Lista de Espera, o(a) candidato(a) deverá se inscrever no </span><a href="http://sisu.mec.gov.br/"><span style="font-weight: 400">Sisu/MEC</span></a><span style="font-weight: 400">, e aguardar as futuras chamadas que serão divulgadas na página do </span><a href="https://portal.uern.br/proeg/sisu/"><span style="font-weight: 400">Setor de Admissão/Uern</span></a><span style="font-weight: 400">, em consonância com o cronograma publicado.</span></p>
<p>&nbsp;</p>
<p><b>2 &#8211; Meu nome está na Lista de Espera, preciso declarar interesse em concorrer às vagas remanescentes?</b><span style="font-weight: 400"> </span></p>
<p><span style="font-weight: 400">Os candidatos que estão inscritos na lista de espera concorrerão às eventuais vagas remanescentes, não sendo necessário realizar declaração de interesse. </span></p>
<p>&nbsp;</p>
<p><b>3 &#8211; Realizei minha inscrição na lista de espera. Como saberei que fui aprovado(a)?</b></p>
<p><span style="font-weight: 400">De acordo com a existência de vagas, a Uern </span><b>poderá realizar mais de uma convocação</b><span style="font-weight: 400">, o número de convocações dependerá da quantidade de vagas não preenchidas. É importante ficar atento(a) ao site da Uern para ficar informado(a) sobre as possíveis alterações no decorrer do ano.</span></p>
<p><span style="font-weight: 400">O(A) inscrito(a) deverá </span><b>acompanhar de forma frequente</b><span style="font-weight: 400"> todas as informações disponibilizadas em nossos meios oficiais de comunicação: </span><a href="https://portal.uern.br/"><span style="font-weight: 400">Portal Uern</span></a><span style="font-weight: 400">, </span><a href="https://portal.uern.br/proeg/sisu/"><span style="font-weight: 400">Portal Psvi Sisu/Uern</span></a><span style="font-weight: 400"> e </span><a href="https://portal.uern.br/jouern/"><span style="font-weight: 400">Jouern</span></a><span style="font-weight: 400">. Há também o Canal do Telegram com todas as notícias dos </span><a href="https://t.me/processosseletivosuern"><span style="font-weight: 400">Processos Seletivos/Uern</span></a><span style="font-weight: 400">.</span></p>

<p>&nbsp; 1 &#8211; Não fui aprovado(a) na Chamada Regular. Ainda tenho chance? Sim! Ao longo de cada semestre letivo, a Uern realizará várias convocações dos candidatos inscritos na Lista de Espera, de acordo com a existência de vagas. O cronograma com as datas previstas para as convocações está na página do certame. Para fazer parte [&hellip;]</p>
