{"id":2274,"date":"2024-05-21T11:09:57","date_gmt":"2024-05-21T14:09:57","guid":{"rendered":"https:\/\/portal.uern.br\/proeg\/sisu\/?page_id=2274"},"modified":"2024-05-21T12:27:30","modified_gmt":"2024-05-21T15:27:30","slug":"remanejamentopsviduvidasfrequentes","status":"publish","type":"page","link":"https:\/\/portal.uern.br\/proeg\/sisu\/remanejamentopsviduvidasfrequentes\/","title":{"rendered":"Remanejamento de Semestre Psvi &#8211; D\u00favidas Frequentes"},"content":{"rendered":"<p>&nbsp;<\/p>\n<p><b>1 &#8211; O que \u00e9 remanejamento de semestre?<\/b><\/p>\n<p><span style=\"font-weight: 400\">\u00c9 a modifica\u00e7\u00e3o do semestre de ingresso do(a) candidato(a).<\/span><\/p>\n<p>&nbsp;<\/p>\n<p><b>2 &#8211; Quais cursos possuem remanejamento de semestre?<\/b><\/p>\n<p><span style=\"font-weight: 400\">Educa\u00e7\u00e3o F\u00edsica, Medicina, Pedagogia (Matutino e Noturno) e Qu\u00edmica (todos do Campus Central).<\/span><\/p>\n<p>&nbsp;<\/p>\n<p><b>3 &#8211; Fui aprovado(a) no curso de Educa\u00e7\u00e3o F\u00edsica ABI, Medicina, Pedagogia ou Qu\u00edmica para o segundo semestre. H\u00e1 possibilidade de ser transferido para o primeiro semestre?<\/b><\/p>\n<p><span style=\"font-weight: 400\">Caso haja vagas dispon\u00edveis nesses cursos ap\u00f3s a Chamada Regular, a Uern publicar\u00e1 uma lista de remanejamento contendo os nomes dos ingressantes que haviam inicialmente sido convocados para o segundo semestre para ocupar vaga no primeiro semestre.<\/span><\/p>\n<p><span style=\"font-weight: 400\">O(A) <\/span><b>candidato(a) <\/b><b>n\u00e3o<\/b><b> pode escolher<\/b><span style=\"font-weight: 400\"> em qual semestre ingressar, havendo vaga, ele ser\u00e1 obrigatoriamente remanejado para o primeiro semestre.<\/span><\/p>\n<p><span style=\"font-weight: 400\">As vagas abertas pelos candidatos remanejados ser\u00e3o preenchidas pelos candidatos da lista de espera.<\/span><\/p>\n<p>&nbsp;<\/p>\n<p><b>4 &#8211; Posso escolher em qual semestre desejo ingressar na institui\u00e7\u00e3o?<\/b><\/p>\n<p><span style=\"font-weight: 400\">N\u00e3o! O(A) <\/span><b>candidato(a) <\/b><b>n\u00e3o<\/b><b> pode escolher<\/b><span style=\"font-weight: 400\"> o semestre de ingresso. O seu semestre de ingresso consta na Lista de Convocados, ou, caso tenha sido remanejado no Edital de Remanejados.<\/span><\/p>\n<p>&nbsp;<\/p>\n<p><b>5 &#8211; Eu fui remanejado(a), posso optar por permanecer no segundo semestre?<\/b><\/p>\n<p><span style=\"font-weight: 400\">N\u00e3o! O(A) <\/span><b>candidato(a) <\/b><b>n\u00e3o<\/b><b> pode escolher<\/b><span style=\"font-weight: 400\"> em qual semestre ingressar, havendo vaga, mesmo tendo sido convocado inicialmente para o segundo semestre, ele\/ela ser\u00e1 obrigatoriamente remanejado(a) para o primeiro semestre.<\/span><\/p>\n","protected":false},"excerpt":{"rendered":"<p>&nbsp; 1 &#8211; O que \u00e9 remanejamento de semestre? \u00c9 a modifica\u00e7\u00e3o do semestre de ingresso do(a) candidato(a). &nbsp; 2 &#8211; Quais cursos possuem remanejamento de semestre? Educa\u00e7\u00e3o F\u00edsica, Medicina, Pedagogia (Matutino e Noturno) e Qu\u00edmica (todos do Campus Central). &nbsp; 3 &#8211; Fui aprovado(a) no curso de Educa\u00e7\u00e3o F\u00edsica ABI, Medicina, Pedagogia ou Qu\u00edmica [&hellip;]<\/p>\n","protected":false},"author":6,"featured_media":0,"parent":0,"menu_order":0,"comment_status":"closed","ping_status":"closed","template":"","meta":{"footnotes":""},"class_list":["post-2274","page","type-page","status-publish","hentry"],"_links":{"self":[{"href":"https:\/\/portal.uern.br\/proeg\/sisu\/wp-json\/wp\/v2\/pages\/2274","targetHints":{"allow":["GET"]}}],"collection":[{"href":"https:\/\/portal.uern.br\/proeg\/sisu\/wp-json\/wp\/v2\/pages"}],"about":[{"href":"https:\/\/portal.uern.br\/proeg\/sisu\/wp-json\/wp\/v2\/types\/page"}],"author":[{"embeddable":true,"href":"https:\/\/portal.uern.br\/proeg\/sisu\/wp-json\/wp\/v2\/users\/6"}],"replies":[{"embeddable":true,"href":"https:\/\/portal.uern.br\/proeg\/sisu\/wp-json\/wp\/v2\/comments?post=2274"}],"version-history":[{"count":3,"href":"https:\/\/portal.uern.br\/proeg\/sisu\/wp-json\/wp\/v2\/pages\/2274\/revisions"}],"predecessor-version":[{"id":2354,"href":"https:\/\/portal.uern.br\/proeg\/sisu\/wp-json\/wp\/v2\/pages\/2274\/revisions\/2354"}],"wp:attachment":[{"href":"https:\/\/portal.uern.br\/proeg\/sisu\/wp-json\/wp\/v2\/media?parent=2274"}],"curies":[{"name":"wp","href":"https:\/\/api.w.org\/{rel}","templated":true}]}}