{"id":2254,"date":"2024-05-21T10:37:35","date_gmt":"2024-05-21T13:37:35","guid":{"rendered":"https:\/\/portal.uern.br\/proeg\/sisu\/?page_id=2254"},"modified":"2025-01-08T10:38:03","modified_gmt":"2025-01-08T13:38:03","slug":"acoes-psvi-duvidas-frequentes","status":"publish","type":"page","link":"https:\/\/portal.uern.br\/proeg\/sisu\/acoes-psvi-duvidas-frequentes\/","title":{"rendered":"A\u00e7\u00f5es Afirmativas Psvi &#8211; D\u00favidas Frequentes"},"content":{"rendered":"<p>&nbsp;<\/p>\n<p><b>1 &#8211; Como \u00e9 realizada a confer\u00eancia das informa\u00e7\u00f5es relativas \u00e0s modalidades de reserva de vagas?<\/b><b><br \/>\n<\/b><span style=\"font-weight: 400\">A confer\u00eancia da documenta\u00e7\u00e3o ser\u00e1 realizada no momento do cadastro institucional para candidatos da categoria Egresso de Escola P\u00fablica (EEP).<\/span><\/p>\n<p><span style=\"font-weight: 400\">Para os candidatos da categoria Preto, Pardo e Ind\u00edgena (PPI), atrav\u00e9s da Banca do Procedimento de Heteroidentifica\u00e7\u00e3o. J\u00e1 para os candidatos da categoria Pessoa com Defici\u00eancia (PCD), a confer\u00eancia da perten\u00e7a \u00e0 categoria \u00e9 realizada atrav\u00e9s da Junta Multiprofissional.<\/span><\/p>\n<p>&nbsp;<\/p>\n<p><b>2 &#8211; Cursei o Ensino M\u00e9dio em escola privada com bolsa integral, posso concorrer \u00e0 reserva de vagas na categoria Egresso de Escola P\u00fablica (EEP)?<\/b><span style=\"font-weight: 400\">\u00a0<\/span><\/p>\n<p><span style=\"font-weight: 400\">N\u00e3o! As vagas destinadas a essa categoria somente s\u00e3o ocupadas por candidatos que tenham cursado <\/span><b>integralmente<\/b><span style=\"font-weight: 400\"> o ensino fundamental e m\u00e9dio em <\/span><b>escolas p\u00fablicas<\/b><span style=\"font-weight: 400\">.<\/span><\/p>\n<p>&nbsp;<\/p>\n<p><b>3 &#8211; Cursei o Ensino M\u00e9dio em escola p\u00fablica estrangeira. Posso concorrer \u00e0 reserva de vagas na categoria Egresso de Escola P\u00fablica (EEP)?<\/b><\/p>\n<p><span style=\"font-weight: 400\">N\u00e3o, pois a Lei de Cotas se baseia em um recorte nacional e utiliza o conceito de escola p\u00fablica com base na Lei de Diretrizes e Bases da Educa\u00e7\u00e3o (LDB), Lei n\u00ba 9394\/96, art. 19, inciso I, conforme trecho em anexo:<\/span><\/p>\n<p>&nbsp;<\/p>\n<p><i><span style=\"font-weight: 400\">Art. 19. As institui\u00e7\u00f5es de ensino dos diferentes n\u00edveis classificam\u2013se nas seguintes categorias administrativas:<\/span><\/i><\/p>\n<p><i><span style=\"font-weight: 400\">I \u2013 p\u00fablicas, assim entendidas as criadas ou incorporadas, mantidas e administradas pelo Poder P\u00fablico<\/span><\/i><\/p>\n<p>&nbsp;<\/p>\n<p><b>4 &#8211; O que acontece caso eu n\u00e3o consiga comprovar que atendo aos requisitos exigidos pela a\u00e7\u00e3o afirmativa para a qual me inscrevi?<\/b><\/p>\n<p><span style=\"font-weight: 400\">O(A) candidato(a) ser\u00e1 eliminado(a). <\/span><span style=\"font-weight: 400\">A vaga ser\u00e1 disponibilizada para outro(a) candidato(a) numa poss\u00edvel convoca\u00e7\u00e3o seguinte.<\/span><\/p>\n<p>&nbsp;<\/p>\n<p><b>5 &#8211; O que acontece se houver den\u00fancia contra a utiliza\u00e7\u00e3o das a\u00e7\u00f5es afirmativas?<\/b><\/p>\n<p><span style=\"font-weight: 400\">Eventuais fraudes, <\/span><b>identificadas a qualquer tempo<\/b><span style=\"font-weight: 400\">, resultar\u00e3o na <\/span><b>perda da vaga ou a exclus\u00e3o do candidato do curso de gradua\u00e7\u00e3o<\/b><span style=\"font-weight: 400\">, sem preju\u00edzo da ado\u00e7\u00e3o das medidas legais cab\u00edveis.<\/span><\/p>\n<p>&nbsp;<\/p>\n<p><b>6 &#8211; Como \u00e9 realizada a divis\u00e3o das vagas para cotistas?<\/b><\/p>\n<p><span style=\"font-weight: 400\">Em cumprimento \u00e0 <\/span><a href=\"http:\/\/diariooficial.rn.gov.br\/dei\/dorn3\/docview.aspx?id_jor=00000001&amp;data=20190131&amp;id_doc=634831\"><span style=\"font-weight: 400\">Lei Estadual n\u00ba 10.480, de 30 de janeiro de 2019<\/span><\/a><span style=\"font-weight: 400\">, ser\u00e3o reservadas 5% das vagas para pessoas com defici\u00eancia e 50% (cinquenta por cento) das vagas iniciais da Uern para a Cota Social, que \u00e9 subdividida da seguinte forma:<\/span><\/p>\n<ul>\n<li style=\"font-weight: 400\"><span style=\"font-weight: 400\">40%: Candidatos que tenham cursado integralmente os ensinos fundamental e m\u00e9dio em escolas p\u00fablicas;<\/span><\/li>\n<li style=\"font-weight: 400\"><span style=\"font-weight: 400\">60%: Candidatos autodeclarados pretos, pardos ou ind\u00edgenas.<\/span><\/li>\n<\/ul>\n<p>&nbsp;<\/p>\n<p><strong>7 &#8211; Os(As) candidatos(as) da categoria Preto, Pardo e Ind\u00edgena (PPI) precisam ter estudado em escola p\u00fablica?<\/strong><\/p>\n<p>N\u00e3o. Os(As) candidatos(as) da categoria Preto, Pardo e Ind\u00edgena (PPI) podem ter estudado em qualquer tipo de escola.<\/p>\n<p>&nbsp;<\/p>\n","protected":false},"excerpt":{"rendered":"<p>&nbsp; 1 &#8211; Como \u00e9 realizada a confer\u00eancia das informa\u00e7\u00f5es relativas \u00e0s modalidades de reserva de vagas? A confer\u00eancia da documenta\u00e7\u00e3o ser\u00e1 realizada no momento do cadastro institucional para candidatos da categoria Egresso de Escola P\u00fablica (EEP). Para os candidatos da categoria Preto, Pardo e Ind\u00edgena (PPI), atrav\u00e9s da Banca do Procedimento de Heteroidentifica\u00e7\u00e3o. J\u00e1 [&hellip;]<\/p>\n","protected":false},"author":6,"featured_media":0,"parent":0,"menu_order":0,"comment_status":"closed","ping_status":"closed","template":"","meta":{"footnotes":""},"class_list":["post-2254","page","type-page","status-publish","hentry"],"_links":{"self":[{"href":"https:\/\/portal.uern.br\/proeg\/sisu\/wp-json\/wp\/v2\/pages\/2254","targetHints":{"allow":["GET"]}}],"collection":[{"href":"https:\/\/portal.uern.br\/proeg\/sisu\/wp-json\/wp\/v2\/pages"}],"about":[{"href":"https:\/\/portal.uern.br\/proeg\/sisu\/wp-json\/wp\/v2\/types\/page"}],"author":[{"embeddable":true,"href":"https:\/\/portal.uern.br\/proeg\/sisu\/wp-json\/wp\/v2\/users\/6"}],"replies":[{"embeddable":true,"href":"https:\/\/portal.uern.br\/proeg\/sisu\/wp-json\/wp\/v2\/comments?post=2254"}],"version-history":[{"count":9,"href":"https:\/\/portal.uern.br\/proeg\/sisu\/wp-json\/wp\/v2\/pages\/2254\/revisions"}],"predecessor-version":[{"id":2869,"href":"https:\/\/portal.uern.br\/proeg\/sisu\/wp-json\/wp\/v2\/pages\/2254\/revisions\/2869"}],"wp:attachment":[{"href":"https:\/\/portal.uern.br\/proeg\/sisu\/wp-json\/wp\/v2\/media?parent=2254"}],"curies":[{"name":"wp","href":"https:\/\/api.w.org\/{rel}","templated":true}]}}