{"id":1534,"date":"2023-11-07T12:35:56","date_gmt":"2023-11-07T15:35:56","guid":{"rendered":"https:\/\/portal.uern.br\/proeg\/sisu\/?page_id=1534"},"modified":"2025-10-16T09:34:15","modified_gmt":"2025-10-16T12:34:15","slug":"psvni","status":"publish","type":"page","link":"https:\/\/portal.uern.br\/proeg\/sisu\/psvni\/","title":{"rendered":"Psvni"},"content":{"rendered":"<p>Para acesso aos editais de cada certame, acesse a p\u00e1gina do ano desejado:<\/p>\n<p><a href=\"https:\/\/portal.uern.br\/proeg\/sisu\/psvni-2026\/\">Psvni 2026<\/a><\/p>\n<p><a href=\"https:\/\/portal.uern.br\/proeg\/sisu\/psvni-2025\/\">Psvni 2025<\/a><\/p>\n<p><a href=\"https:\/\/portal.uern.br\/proeg\/sisu\/psvni-2024\/\">Psvni 2024<\/a><\/p>\n<p><a href=\"https:\/\/portal.uern.br\/proeg\/sisu\/psvni-2023\/\">Psvni 2023<\/a><\/p>\n<p><a href=\"https:\/\/portal.uern.br\/proeg\/sisu\/psvni-2022\/\">Psvni 2022<\/a><\/p>\n<p>&nbsp;<\/p>\n<p style=\"text-align: center\"><strong>Formas de Concorr\u00eancia do Psvni<\/strong><img fetchpriority=\"high\" decoding=\"async\" class=\"alignnone size-full wp-image-2386\" src=\"https:\/\/portal.uern.br\/proeg\/sisu\/wp-content\/uploads\/sites\/3\/2024\/05\/Psvni.jpeg\" alt=\"\" width=\"1212\" height=\"824\" srcset=\"https:\/\/portal.uern.br\/proeg\/sisu\/wp-content\/uploads\/sites\/3\/2024\/05\/Psvni.jpeg 1212w, https:\/\/portal.uern.br\/proeg\/sisu\/wp-content\/uploads\/sites\/3\/2024\/05\/Psvni-300x204.jpeg 300w, https:\/\/portal.uern.br\/proeg\/sisu\/wp-content\/uploads\/sites\/3\/2024\/05\/Psvni-1024x696.jpeg 1024w, https:\/\/portal.uern.br\/proeg\/sisu\/wp-content\/uploads\/sites\/3\/2024\/05\/Psvni-768x522.jpeg 768w\" sizes=\"(max-width: 1212px) 100vw, 1212px\" \/><\/p>\n<p>&nbsp;<\/p>\n<p style=\"text-align: left\"><em>Transfer\u00eancia Interna<\/em><\/p>\n<p style=\"text-align: left\"><img decoding=\"async\" class=\"alignnone size-full wp-image-2393\" src=\"https:\/\/portal.uern.br\/proeg\/sisu\/wp-content\/uploads\/sites\/3\/2024\/05\/Transferencia-Interna.jpeg\" alt=\"\" width=\"1577\" height=\"633\" srcset=\"https:\/\/portal.uern.br\/proeg\/sisu\/wp-content\/uploads\/sites\/3\/2024\/05\/Transferencia-Interna.jpeg 1577w, https:\/\/portal.uern.br\/proeg\/sisu\/wp-content\/uploads\/sites\/3\/2024\/05\/Transferencia-Interna-300x120.jpeg 300w, https:\/\/portal.uern.br\/proeg\/sisu\/wp-content\/uploads\/sites\/3\/2024\/05\/Transferencia-Interna-1024x411.jpeg 1024w, https:\/\/portal.uern.br\/proeg\/sisu\/wp-content\/uploads\/sites\/3\/2024\/05\/Transferencia-Interna-768x308.jpeg 768w, https:\/\/portal.uern.br\/proeg\/sisu\/wp-content\/uploads\/sites\/3\/2024\/05\/Transferencia-Interna-1536x617.jpeg 1536w\" sizes=\"(max-width: 1577px) 100vw, 1577px\" \/><\/p>\n<p>&nbsp;<\/p>\n<p style=\"text-align: left\"><em>Transfer\u00eancia Externa<\/em><\/p>\n<p><img decoding=\"async\" class=\"alignnone size-full wp-image-2395\" src=\"https:\/\/portal.uern.br\/proeg\/sisu\/wp-content\/uploads\/sites\/3\/2024\/05\/Transferencia-Externa.jpg\" alt=\"\" width=\"2221\" height=\"1012\" srcset=\"https:\/\/portal.uern.br\/proeg\/sisu\/wp-content\/uploads\/sites\/3\/2024\/05\/Transferencia-Externa.jpg 2221w, https:\/\/portal.uern.br\/proeg\/sisu\/wp-content\/uploads\/sites\/3\/2024\/05\/Transferencia-Externa-300x137.jpg 300w, https:\/\/portal.uern.br\/proeg\/sisu\/wp-content\/uploads\/sites\/3\/2024\/05\/Transferencia-Externa-1024x467.jpg 1024w, https:\/\/portal.uern.br\/proeg\/sisu\/wp-content\/uploads\/sites\/3\/2024\/05\/Transferencia-Externa-768x350.jpg 768w, https:\/\/portal.uern.br\/proeg\/sisu\/wp-content\/uploads\/sites\/3\/2024\/05\/Transferencia-Externa-1536x700.jpg 1536w, https:\/\/portal.uern.br\/proeg\/sisu\/wp-content\/uploads\/sites\/3\/2024\/05\/Transferencia-Externa-2048x933.jpg 2048w\" sizes=\"(max-width: 2221px) 100vw, 2221px\" \/><\/p>\n<p>&nbsp;<\/p>\n<p style=\"text-align: left\"><em>Retorno<\/em><\/p>\n<p><img loading=\"lazy\" decoding=\"async\" class=\"alignnone size-full wp-image-2398\" src=\"https:\/\/portal.uern.br\/proeg\/sisu\/wp-content\/uploads\/sites\/3\/2024\/05\/Retorno-1.jpg\" alt=\"\" width=\"1808\" height=\"1243\" srcset=\"https:\/\/portal.uern.br\/proeg\/sisu\/wp-content\/uploads\/sites\/3\/2024\/05\/Retorno-1.jpg 1808w, https:\/\/portal.uern.br\/proeg\/sisu\/wp-content\/uploads\/sites\/3\/2024\/05\/Retorno-1-300x206.jpg 300w, https:\/\/portal.uern.br\/proeg\/sisu\/wp-content\/uploads\/sites\/3\/2024\/05\/Retorno-1-1024x704.jpg 1024w, https:\/\/portal.uern.br\/proeg\/sisu\/wp-content\/uploads\/sites\/3\/2024\/05\/Retorno-1-768x528.jpg 768w, https:\/\/portal.uern.br\/proeg\/sisu\/wp-content\/uploads\/sites\/3\/2024\/05\/Retorno-1-1536x1056.jpg 1536w\" sizes=\"(max-width: 1808px) 100vw, 1808px\" \/><\/p>\n","protected":false},"excerpt":{"rendered":"<p>Para acesso aos editais de cada certame, acesse a p\u00e1gina do ano desejado: Psvni 2026 Psvni 2025 Psvni 2024 Psvni 2023 Psvni 2022 &nbsp; Formas de Concorr\u00eancia do Psvni &nbsp; Transfer\u00eancia Interna &nbsp; Transfer\u00eancia Externa &nbsp; Retorno<\/p>\n","protected":false},"author":6,"featured_media":0,"parent":0,"menu_order":1,"comment_status":"closed","ping_status":"closed","template":"","meta":{"footnotes":""},"class_list":["post-1534","page","type-page","status-publish","hentry"],"_links":{"self":[{"href":"https:\/\/portal.uern.br\/proeg\/sisu\/wp-json\/wp\/v2\/pages\/1534","targetHints":{"allow":["GET"]}}],"collection":[{"href":"https:\/\/portal.uern.br\/proeg\/sisu\/wp-json\/wp\/v2\/pages"}],"about":[{"href":"https:\/\/portal.uern.br\/proeg\/sisu\/wp-json\/wp\/v2\/types\/page"}],"author":[{"embeddable":true,"href":"https:\/\/portal.uern.br\/proeg\/sisu\/wp-json\/wp\/v2\/users\/6"}],"replies":[{"embeddable":true,"href":"https:\/\/portal.uern.br\/proeg\/sisu\/wp-json\/wp\/v2\/comments?post=1534"}],"version-history":[{"count":16,"href":"https:\/\/portal.uern.br\/proeg\/sisu\/wp-json\/wp\/v2\/pages\/1534\/revisions"}],"predecessor-version":[{"id":3264,"href":"https:\/\/portal.uern.br\/proeg\/sisu\/wp-json\/wp\/v2\/pages\/1534\/revisions\/3264"}],"wp:attachment":[{"href":"https:\/\/portal.uern.br\/proeg\/sisu\/wp-json\/wp\/v2\/media?parent=1534"}],"curies":[{"name":"wp","href":"https:\/\/api.w.org\/{rel}","templated":true}]}}