{"id":655,"date":"2023-10-26T14:05:22","date_gmt":"2023-10-26T17:05:22","guid":{"rendered":"https:\/\/portal.uern.br\/proeg\/dirca\/?page_id=655"},"modified":"2025-06-27T11:32:24","modified_gmt":"2025-06-27T14:32:24","slug":"setor-de-diplomas","status":"publish","type":"page","link":"https:\/\/portal.uern.br\/proeg\/dirca\/setor-de-diplomas\/","title":{"rendered":"Setor de Diplomas"},"content":{"rendered":"<p style=\"text-align: justify\">O <strong>Setor de Diplomas<\/strong> \u00e9 o \u00f3rg\u00e3o da UERN respons\u00e1vel pela emiss\u00e3o e registro de diplomas de gradua\u00e7\u00e3o. Para isso, presta os seguintes principais servi\u00e7os: emiss\u00e3o e registro dos diplomas dos, aproximadamente, 60 cursos de gradua\u00e7\u00e3o da UERN, bem como de diplomas de gradua\u00e7\u00e3o de cursos vinculados a outras Institui\u00e7\u00f5es de Ensino Superior parceiras, condu\u00e7\u00e3o de processos de emiss\u00e3o de apostilas relativas \u00e0 revalida\u00e7\u00e3o de diplomas emitidos por institui\u00e7\u00f5es estrangeiras e apoio no fornecimento de informa\u00e7\u00f5es de compet\u00eancia do Setor, para diversos setores da UERN.<\/p>\n<p>Contato: <a href=\"mailto:dipomas.dirca@uern.br\">dipomas.dirca@uern.br<\/a><\/p>\n<p>&nbsp;<\/p>\n","protected":false},"excerpt":{"rendered":"<p>O Setor de Diplomas \u00e9 o \u00f3rg\u00e3o da UERN respons\u00e1vel pela emiss\u00e3o e registro de diplomas de gradua\u00e7\u00e3o. Para isso, presta os seguintes principais servi\u00e7os: emiss\u00e3o e registro dos diplomas dos, aproximadamente, 60 cursos de gradua\u00e7\u00e3o da UERN, bem como de diplomas de gradua\u00e7\u00e3o de cursos vinculados a outras Institui\u00e7\u00f5es de Ensino Superior parceiras, condu\u00e7\u00e3o [&hellip;]<\/p>\n","protected":false},"author":7,"featured_media":0,"parent":0,"menu_order":0,"comment_status":"closed","ping_status":"closed","template":"","meta":{"footnotes":""},"class_list":["post-655","page","type-page","status-publish","hentry"],"_links":{"self":[{"href":"https:\/\/portal.uern.br\/proeg\/dirca\/wp-json\/wp\/v2\/pages\/655","targetHints":{"allow":["GET"]}}],"collection":[{"href":"https:\/\/portal.uern.br\/proeg\/dirca\/wp-json\/wp\/v2\/pages"}],"about":[{"href":"https:\/\/portal.uern.br\/proeg\/dirca\/wp-json\/wp\/v2\/types\/page"}],"author":[{"embeddable":true,"href":"https:\/\/portal.uern.br\/proeg\/dirca\/wp-json\/wp\/v2\/users\/7"}],"replies":[{"embeddable":true,"href":"https:\/\/portal.uern.br\/proeg\/dirca\/wp-json\/wp\/v2\/comments?post=655"}],"version-history":[{"count":2,"href":"https:\/\/portal.uern.br\/proeg\/dirca\/wp-json\/wp\/v2\/pages\/655\/revisions"}],"predecessor-version":[{"id":857,"href":"https:\/\/portal.uern.br\/proeg\/dirca\/wp-json\/wp\/v2\/pages\/655\/revisions\/857"}],"wp:attachment":[{"href":"https:\/\/portal.uern.br\/proeg\/dirca\/wp-json\/wp\/v2\/media?parent=655"}],"curies":[{"name":"wp","href":"https:\/\/api.w.org\/{rel}","templated":true}]}}