{"id":948,"date":"2023-02-28T11:13:39","date_gmt":"2023-02-28T14:13:39","guid":{"rendered":"https:\/\/portal.uern.br\/proad\/?page_id=948"},"modified":"2025-07-08T10:50:07","modified_gmt":"2025-07-08T13:50:07","slug":"setor-de-almoxarifado-sa","status":"publish","type":"page","link":"https:\/\/portal.uern.br\/proad\/setor-de-almoxarifado-sa\/","title":{"rendered":"Setor de Patrim\u00f4nio &#8211; SP"},"content":{"rendered":"<p>&nbsp;<\/p>\n<h2><span style=\"color: #0000ff\"><strong>Atribui\u00e7\u00f5es:<\/strong><\/span><\/h2>\n<p>&nbsp;<\/p>\n<ul>\n<li style=\"list-style-type: none\">\n<ul>\n<li>Receber e conferir os materiais permanentes adquiridos ou cedidos, de acordo com o documento de compra (Nota de Empenho e Nota Fiscal) ou equivalentes;<\/li>\n<li>Receber, conferir, armazenar e registrar os materiais em estoque;<\/li>\n<li>Registrar em sistema pr\u00f3prio as notas fiscais dos materiais recebidos;<\/li>\n<li>Encaminhar ao Departamento de Materiais e Patrim\u00f4nio as notas fiscais para demais provid\u00eancias, com vistas ao pagamento;<\/li>\n<li>Elaborar estat\u00edsticas de consumo por materiais e centros de custos para previs\u00e3o das compras;<\/li>\n<li>Elaborar balancetes dos materiais de consumo existentes e outros relat\u00f3rios solicitados;<\/li>\n<li>Preservar a qualidade e as quantidades dos materiais estocados;<\/li>\n<li>Garantir que as instala\u00e7\u00f5es estejam adequadas para movimenta\u00e7\u00e3o e retiradas dos materiais, visando um atendimento \u00e1gil e eficiente;<\/li>\n<li>Organizar e manter atualizado o registro de estoque do material existente;<\/li>\n<li>Estabelecer normas de armazenamento dos materiais estocados;<\/li>\n<li>Tra\u00e7ar uma log\u00edstica de distribui\u00e7\u00e3o e transporte de materiais permanentes e equipamentos solicitados;<\/li>\n<li>Cadastrar e tombar o material permanente recebido;<\/li>\n<li>Registrar a movimenta\u00e7\u00e3o de bens m\u00f3veis;<\/li>\n<li>Providenciar a baixa patrimonial e o seguro dos bens m\u00f3veis e im\u00f3veis;<\/li>\n<li>Proceder, periodicamente, ao invent\u00e1rio dos m\u00f3veis constantes no cadastro;<\/li>\n<li>Verificar, periodicamente, o estados dos bens m\u00f3veis e im\u00f3veis;<\/li>\n<li>Promover medidas administrativas necess\u00e1rias \u00e0 defesa dos bens patrimoniais;<\/li>\n<li>Outras tarefas correlatas.<\/li>\n<\/ul>\n<\/li>\n<\/ul>\n<p>&nbsp;<\/p>\n<p>&nbsp;<\/p>\n","protected":false},"excerpt":{"rendered":"<p>&nbsp; Atribui\u00e7\u00f5es: &nbsp; Receber e conferir os materiais permanentes adquiridos ou cedidos, de acordo com o documento de compra (Nota de Empenho e Nota Fiscal) ou equivalentes; Receber, conferir, armazenar e registrar os materiais em estoque; Registrar em sistema pr\u00f3prio as notas fiscais dos materiais recebidos; Encaminhar ao Departamento de Materiais e Patrim\u00f4nio as notas [&hellip;]<\/p>\n","protected":false},"author":2,"featured_media":0,"parent":0,"menu_order":0,"comment_status":"closed","ping_status":"closed","template":"","meta":{"footnotes":""},"class_list":["post-948","page","type-page","status-publish","hentry"],"_links":{"self":[{"href":"https:\/\/portal.uern.br\/proad\/wp-json\/wp\/v2\/pages\/948","targetHints":{"allow":["GET"]}}],"collection":[{"href":"https:\/\/portal.uern.br\/proad\/wp-json\/wp\/v2\/pages"}],"about":[{"href":"https:\/\/portal.uern.br\/proad\/wp-json\/wp\/v2\/types\/page"}],"author":[{"embeddable":true,"href":"https:\/\/portal.uern.br\/proad\/wp-json\/wp\/v2\/users\/2"}],"replies":[{"embeddable":true,"href":"https:\/\/portal.uern.br\/proad\/wp-json\/wp\/v2\/comments?post=948"}],"version-history":[{"count":7,"href":"https:\/\/portal.uern.br\/proad\/wp-json\/wp\/v2\/pages\/948\/revisions"}],"predecessor-version":[{"id":1798,"href":"https:\/\/portal.uern.br\/proad\/wp-json\/wp\/v2\/pages\/948\/revisions\/1798"}],"wp:attachment":[{"href":"https:\/\/portal.uern.br\/proad\/wp-json\/wp\/v2\/media?parent=948"}],"curies":[{"name":"wp","href":"https:\/\/api.w.org\/{rel}","templated":true}]}}