{"id":318,"date":"2022-09-12T14:32:14","date_gmt":"2022-09-12T17:32:14","guid":{"rendered":"https:\/\/paisdemossoro.com.br\/wordpress\/proad\/?page_id=318"},"modified":"2025-07-08T10:54:49","modified_gmt":"2025-07-08T13:54:49","slug":"estrutura","status":"publish","type":"page","link":"https:\/\/portal.uern.br\/proad\/estrutura\/","title":{"rendered":"Atribui\u00e7\u00f5es da PROAD"},"content":{"rendered":"<h2><\/h2>\n<p>&nbsp;<\/p>\n<h2 style=\"text-align: justify\"><strong><span style=\"color: #0000ff\">Pr\u00f3-Reitor(a)<\/span><\/strong><\/h2>\n<ul>\n<li style=\"list-style-type: none\">\n<ul>\n<li>Assessorar diretamente ao(\u00e0) Reitor(a), conforme especificidades da Pr\u00f3-Reitoria, cumprindo e fazendo cumprir as atribui\u00e7\u00f5es peculiares \u00e0 mesma, especialmente no que se refere \u00e0 administra\u00e7\u00e3o da Universidade.<\/li>\n<\/ul>\n<\/li>\n<\/ul>\n<h5><\/h5>\n<p>&nbsp;<\/p>\n<h2 style=\"text-align: justify\"><strong><span style=\"color: #0000ff\">Pr\u00f3-Reitor(a) Adjunto(a)<\/span><\/strong><\/h2>\n<ul>\n<li style=\"list-style-type: none\">\n<ul>\n<li>Substituir o(a) titular nas suas aus\u00eancias e impedimentos;<\/li>\n<li>Representar a Pr\u00f3-Reitoria em reuni\u00f5es, comiss\u00f5es, f\u00f3runs e outros eventos;<\/li>\n<li>Acompanhar as atividades das Diretorias e demais Setores da Pr\u00f3-Reitoria;<\/li>\n<li>Exercer outras atribui\u00e7\u00f5es delegadas pelo(a) titular.<\/li>\n<\/ul>\n<\/li>\n<\/ul>\n<p>&nbsp;<\/p>\n<p>&nbsp;<\/p>\n<h2 style=\"text-align: justify\"><strong><span style=\"color: #0000ff\">Assessoria T\u00e9cnica<\/span><\/strong><\/h2>\n<ul>\n<li style=\"list-style-type: none\">\n<ul>\n<li>Assessorar o Gabinete do(a) Pr\u00f3-Reitor(a) e os diversos Setores da Pr\u00f3-Reitoria no planejamento e desenvolvimento das a\u00e7\u00f5es a cargo da PROAD;<\/li>\n<li>Sugerir o desenvolvimento de a\u00e7\u00f5es e atividades que possam contribuir para o incremento ou melhoria dos procedimentos e tr\u00e2mites administrativos da PROAD;<\/li>\n<li>Organizar encontros, semin\u00e1rios e acompanhar resultados;<\/li>\n<li>Minutar e revisar documentos necess\u00e1rios aos trabalhos da Pr\u00f3-Reitoria;<\/li>\n<li>Cumprir outras tarefas conforme delega\u00e7\u00e3o dos(as) Pr\u00f3-Reitores(as).<\/li>\n<\/ul>\n<\/li>\n<\/ul>\n<p>&nbsp;<\/p>\n<p>&nbsp;<\/p>\n<h2 style=\"text-align: justify\"><span style=\"color: #0000ff\"><strong>Secretaria<\/strong><\/span><\/h2>\n<ul>\n<li style=\"list-style-type: none\">\n<ul>\n<li>Agendar os compromissos dos(as) Pr\u00f3-Reitores(as);<\/li>\n<li>Despachar diariamente com os(as) Pr\u00f3-Reitores(as);<\/li>\n<li>Efetuar, receber e filtrar liga\u00e7\u00f5es telef\u00f4nicas;<\/li>\n<li>Redigir correspond\u00eancias oficiais, convites e outros documentos designados pelos(as) Pr\u00f3-Reitores(as);<\/li>\n<li>Agendar os compromissos dos(as) Pr\u00f3-Reitores(as);<\/li>\n<li>Receber, protocolar, encaminhar, triar, registrar e encaminhar documentos e correspond\u00eancias impressas e eletr\u00f4nicas;<\/li>\n<li>Organizar e secretariar reuni\u00f5es conduzidas pelos(as) Pr\u00f3-Reitores(as);<\/li>\n<li>Arquivar documentos e correspond\u00eancias diversas e manter o arquivo organizado;<\/li>\n<li>Orientar e monitorar as atividades da equipe de auxiliares.<\/li>\n<\/ul>\n<\/li>\n<\/ul>\n<p>&nbsp;<\/p>\n<p>&nbsp;<\/p>\n<p>&nbsp;<\/p>\n","protected":false},"excerpt":{"rendered":"<p>&nbsp; Pr\u00f3-Reitor(a) Assessorar diretamente ao(\u00e0) Reitor(a), conforme especificidades da Pr\u00f3-Reitoria, cumprindo e fazendo cumprir as atribui\u00e7\u00f5es peculiares \u00e0 mesma, especialmente no que se refere \u00e0 administra\u00e7\u00e3o da Universidade. &nbsp; Pr\u00f3-Reitor(a) Adjunto(a) Substituir o(a) titular nas suas aus\u00eancias e impedimentos; Representar a Pr\u00f3-Reitoria em reuni\u00f5es, comiss\u00f5es, f\u00f3runs e outros eventos; Acompanhar as atividades das Diretorias e [&hellip;]<\/p>\n","protected":false},"author":1,"featured_media":0,"parent":0,"menu_order":0,"comment_status":"closed","ping_status":"closed","template":"","meta":{"footnotes":""},"class_list":["post-318","page","type-page","status-publish","hentry"],"_links":{"self":[{"href":"https:\/\/portal.uern.br\/proad\/wp-json\/wp\/v2\/pages\/318","targetHints":{"allow":["GET"]}}],"collection":[{"href":"https:\/\/portal.uern.br\/proad\/wp-json\/wp\/v2\/pages"}],"about":[{"href":"https:\/\/portal.uern.br\/proad\/wp-json\/wp\/v2\/types\/page"}],"author":[{"embeddable":true,"href":"https:\/\/portal.uern.br\/proad\/wp-json\/wp\/v2\/users\/1"}],"replies":[{"embeddable":true,"href":"https:\/\/portal.uern.br\/proad\/wp-json\/wp\/v2\/comments?post=318"}],"version-history":[{"count":31,"href":"https:\/\/portal.uern.br\/proad\/wp-json\/wp\/v2\/pages\/318\/revisions"}],"predecessor-version":[{"id":1803,"href":"https:\/\/portal.uern.br\/proad\/wp-json\/wp\/v2\/pages\/318\/revisions\/1803"}],"wp:attachment":[{"href":"https:\/\/portal.uern.br\/proad\/wp-json\/wp\/v2\/media?parent=318"}],"curies":[{"name":"wp","href":"https:\/\/api.w.org\/{rel}","templated":true}]}}

Atribuições da PROAD

<h2></h2>
<p>&nbsp;</p>
<h2 style="text-align: justify"><strong><span style="color: #0000ff">Pró-Reitor(a)</span></strong></h2>
<ul>
<li style="list-style-type: none">
<ul>
<li>Assessorar diretamente ao(à) Reitor(a), conforme especificidades da Pró-Reitoria, cumprindo e fazendo cumprir as atribuições peculiares à mesma, especialmente no que se refere à administração da Universidade.</li>
</ul>
</li>
</ul>
<h5></h5>
<p>&nbsp;</p>
<h2 style="text-align: justify"><strong><span style="color: #0000ff">Pró-Reitor(a) Adjunto(a)</span></strong></h2>
<ul>
<li style="list-style-type: none">
<ul>
<li>Substituir o(a) titular nas suas ausências e impedimentos;</li>
<li>Representar a Pró-Reitoria em reuniões, comissões, fóruns e outros eventos;</li>
<li>Acompanhar as atividades das Diretorias e demais Setores da Pró-Reitoria;</li>
<li>Exercer outras atribuições delegadas pelo(a) titular.</li>
</ul>
</li>
</ul>
<p>&nbsp;</p>
<p>&nbsp;</p>
<h2 style="text-align: justify"><strong><span style="color: #0000ff">Assessoria Técnica</span></strong></h2>
<ul>
<li style="list-style-type: none">
<ul>
<li>Assessorar o Gabinete do(a) Pró-Reitor(a) e os diversos Setores da Pró-Reitoria no planejamento e desenvolvimento das ações a cargo da PROAD;</li>
<li>Sugerir o desenvolvimento de ações e atividades que possam contribuir para o incremento ou melhoria dos procedimentos e trâmites administrativos da PROAD;</li>
<li>Organizar encontros, seminários e acompanhar resultados;</li>
<li>Minutar e revisar documentos necessários aos trabalhos da Pró-Reitoria;</li>
<li>Cumprir outras tarefas conforme delegação dos(as) Pró-Reitores(as).</li>
</ul>
</li>
</ul>
<p>&nbsp;</p>
<p>&nbsp;</p>
<h2 style="text-align: justify"><span style="color: #0000ff"><strong>Secretaria</strong></span></h2>
<ul>
<li style="list-style-type: none">
<ul>
<li>Agendar os compromissos dos(as) Pró-Reitores(as);</li>
<li>Despachar diariamente com os(as) Pró-Reitores(as);</li>
<li>Efetuar, receber e filtrar ligações telefônicas;</li>
<li>Redigir correspondências oficiais, convites e outros documentos designados pelos(as) Pró-Reitores(as);</li>
<li>Agendar os compromissos dos(as) Pró-Reitores(as);</li>
<li>Receber, protocolar, encaminhar, triar, registrar e encaminhar documentos e correspondências impressas e eletrônicas;</li>
<li>Organizar e secretariar reuniões conduzidas pelos(as) Pró-Reitores(as);</li>
<li>Arquivar documentos e correspondências diversas e manter o arquivo organizado;</li>
<li>Orientar e monitorar as atividades da equipe de auxiliares.</li>
</ul>
</li>
</ul>
<p>&nbsp;</p>
<p>&nbsp;</p>
<p>&nbsp;</p>

<p>&nbsp; Pró-Reitor(a) Assessorar diretamente ao(à) Reitor(a), conforme especificidades da Pró-Reitoria, cumprindo e fazendo cumprir as atribuições peculiares à mesma, especialmente no que se refere à administração da Universidade. &nbsp; Pró-Reitor(a) Adjunto(a) Substituir o(a) titular nas suas ausências e impedimentos; Representar a Pró-Reitoria em reuniões, comissões, fóruns e outros eventos; Acompanhar as atividades das Diretorias e [&hellip;]</p>
