{"id":1772,"date":"2025-06-27T11:13:35","date_gmt":"2025-06-27T14:13:35","guid":{"rendered":"https:\/\/portal.uern.br\/proad\/?page_id=1772"},"modified":"2025-06-27T11:18:06","modified_gmt":"2025-06-27T14:18:06","slug":"atribuicoes-do-dmp","status":"publish","type":"page","link":"https:\/\/portal.uern.br\/proad\/atribuicoes-do-dmp\/","title":{"rendered":"Atribui\u00e7\u00f5es do DMP"},"content":{"rendered":"<p>&nbsp;<\/p>\n<ul>\n<li style=\"list-style-type: none\">\n<ul>\n<li>Controlar, gerenciar a execu\u00e7\u00e3o das contrata\u00e7\u00f5es relacionadas \u00e0 aquisi\u00e7\u00e3o de bens de consumo e permanentes;<\/li>\n<li>Conferir a instru\u00e7\u00e3o dos processos de compras e servi\u00e7os;<\/li>\n<li>Emitir Ordens de Compras e Servi\u00e7os de acordo com os contratos;<\/li>\n<li>Realizar o controle de notas de empenho e notas fiscais das compras de bens e materiais em geral;<\/li>\n<li>Manter contato com os fornecedores de bens e materiais em geral;<\/li>\n<li>Outras tarefas correlatas.<\/li>\n<\/ul>\n<\/li>\n<\/ul>\n<p>&nbsp;<\/p>\n<p>&nbsp;<\/p>\n","protected":false},"excerpt":{"rendered":"<p>&nbsp; Controlar, gerenciar a execu\u00e7\u00e3o das contrata\u00e7\u00f5es relacionadas \u00e0 aquisi\u00e7\u00e3o de bens de consumo e permanentes; Conferir a instru\u00e7\u00e3o dos processos de compras e servi\u00e7os; Emitir Ordens de Compras e Servi\u00e7os de acordo com os contratos; Realizar o controle de notas de empenho e notas fiscais das compras de bens e materiais em geral; Manter [&hellip;]<\/p>\n","protected":false},"author":2,"featured_media":0,"parent":0,"menu_order":0,"comment_status":"closed","ping_status":"closed","template":"","meta":{"footnotes":""},"class_list":["post-1772","page","type-page","status-publish","hentry"],"_links":{"self":[{"href":"https:\/\/portal.uern.br\/proad\/wp-json\/wp\/v2\/pages\/1772","targetHints":{"allow":["GET"]}}],"collection":[{"href":"https:\/\/portal.uern.br\/proad\/wp-json\/wp\/v2\/pages"}],"about":[{"href":"https:\/\/portal.uern.br\/proad\/wp-json\/wp\/v2\/types\/page"}],"author":[{"embeddable":true,"href":"https:\/\/portal.uern.br\/proad\/wp-json\/wp\/v2\/users\/2"}],"replies":[{"embeddable":true,"href":"https:\/\/portal.uern.br\/proad\/wp-json\/wp\/v2\/comments?post=1772"}],"version-history":[{"count":2,"href":"https:\/\/portal.uern.br\/proad\/wp-json\/wp\/v2\/pages\/1772\/revisions"}],"predecessor-version":[{"id":1778,"href":"https:\/\/portal.uern.br\/proad\/wp-json\/wp\/v2\/pages\/1772\/revisions\/1778"}],"wp:attachment":[{"href":"https:\/\/portal.uern.br\/proad\/wp-json\/wp\/v2\/media?parent=1772"}],"curies":[{"name":"wp","href":"https:\/\/api.w.org\/{rel}","templated":true}]}}