{"id":1718,"date":"2025-06-27T09:50:40","date_gmt":"2025-06-27T12:50:40","guid":{"rendered":"https:\/\/portal.uern.br\/proad\/?page_id=1718"},"modified":"2025-06-27T10:00:27","modified_gmt":"2025-06-27T13:00:27","slug":"atribuicoes-da-diretoria-de-administracao-e-servicos-das","status":"publish","type":"page","link":"https:\/\/portal.uern.br\/proad\/atribuicoes-da-diretoria-de-administracao-e-servicos-das\/","title":{"rendered":"Atribui\u00e7\u00f5es da DAS"},"content":{"rendered":"<p>&nbsp;<\/p>\n<h5 style=\"padding-left: 40px\"><\/h5>\n<ul>\n<li style=\"list-style-type: none\">\n<ul style=\"text-align: justify\">\n<li><span style=\"color: #000000\">Demandar, operacionalizar, gerenciar e fiscalizar as contrata\u00e7\u00f5es de bens e servi\u00e7os comuns;<\/span><\/li>\n<li><span style=\"color: #000000\">Planejar, organizar e controlar as atividades dos diversos Departamentos e Setores \u00e0 ela subordinados, al\u00e9m de tra\u00e7ar estrat\u00e9gias e m\u00e9todos de trabalho que tornem o servi\u00e7o mais eficiente;<\/span><\/li>\n<li><span style=\"color: #000000\">Estabelecer a\u00e7\u00f5es para que a atividade administrativa disponibilize relat\u00f3rios operacionais ou informativos adequados, que demonstre o cumprimento de suas metas e resultados alcan\u00e7ados;<\/span><\/li>\n<li><span style=\"color: #000000\">Gerenciar as atividades e contratos relacionados ao apoio e suporte administrativo b\u00e1sico, tais como: Suprimentos (compras, armazenamento, distribui\u00e7\u00e3o de materiais e equipamentos), Servi\u00e7os Gerais (transportes, limpeza, conserva\u00e7\u00e3o e manuten\u00e7\u00e3o predial e de equipamentos), entre outros correlatos.<\/span><\/li>\n<\/ul>\n<\/li>\n<\/ul>\n<p>&nbsp;<\/p>\n","protected":false},"excerpt":{"rendered":"<p>&nbsp; Demandar, operacionalizar, gerenciar e fiscalizar as contrata\u00e7\u00f5es de bens e servi\u00e7os comuns; Planejar, organizar e controlar as atividades dos diversos Departamentos e Setores \u00e0 ela subordinados, al\u00e9m de tra\u00e7ar estrat\u00e9gias e m\u00e9todos de trabalho que tornem o servi\u00e7o mais eficiente; Estabelecer a\u00e7\u00f5es para que a atividade administrativa disponibilize relat\u00f3rios operacionais ou informativos adequados, que [&hellip;]<\/p>\n","protected":false},"author":2,"featured_media":0,"parent":0,"menu_order":0,"comment_status":"closed","ping_status":"closed","template":"","meta":{"footnotes":""},"class_list":["post-1718","page","type-page","status-publish","hentry"],"_links":{"self":[{"href":"https:\/\/portal.uern.br\/proad\/wp-json\/wp\/v2\/pages\/1718","targetHints":{"allow":["GET"]}}],"collection":[{"href":"https:\/\/portal.uern.br\/proad\/wp-json\/wp\/v2\/pages"}],"about":[{"href":"https:\/\/portal.uern.br\/proad\/wp-json\/wp\/v2\/types\/page"}],"author":[{"embeddable":true,"href":"https:\/\/portal.uern.br\/proad\/wp-json\/wp\/v2\/users\/2"}],"replies":[{"embeddable":true,"href":"https:\/\/portal.uern.br\/proad\/wp-json\/wp\/v2\/comments?post=1718"}],"version-history":[{"count":5,"href":"https:\/\/portal.uern.br\/proad\/wp-json\/wp\/v2\/pages\/1718\/revisions"}],"predecessor-version":[{"id":1736,"href":"https:\/\/portal.uern.br\/proad\/wp-json\/wp\/v2\/pages\/1718\/revisions\/1736"}],"wp:attachment":[{"href":"https:\/\/portal.uern.br\/proad\/wp-json\/wp\/v2\/media?parent=1718"}],"curies":[{"name":"wp","href":"https:\/\/api.w.org\/{rel}","templated":true}]}}