{"id":1712,"date":"2025-06-27T09:40:59","date_gmt":"2025-06-27T12:40:59","guid":{"rendered":"https:\/\/portal.uern.br\/proad\/?page_id=1712"},"modified":"2025-07-08T11:05:17","modified_gmt":"2025-07-08T14:05:17","slug":"endereco-e-contatos","status":"publish","type":"page","link":"https:\/\/portal.uern.br\/proad\/endereco-e-contatos\/","title":{"rendered":"Endere\u00e7o e Contatos"},"content":{"rendered":"<h6><\/h6>\n<p>&nbsp;<\/p>\n<h6 style=\"padding-left: 40px\"><span style=\"color: #000000\"><span style=\"font-size: medium;font-family: 'Times New Roman', serif\">\u00a0<img decoding=\"async\" class=\"alignnone wp-image-1696\" src=\"https:\/\/portal.uern.br\/proad\/wp-content\/uploads\/2025\/06\/Endereco-300x300.jpg\" alt=\"\" width=\"20\" height=\"20\" srcset=\"https:\/\/portal.uern.br\/proad\/wp-content\/uploads\/2025\/06\/Endereco-300x300.jpg 300w, https:\/\/portal.uern.br\/proad\/wp-content\/uploads\/2025\/06\/Endereco-150x150.jpg 150w, https:\/\/portal.uern.br\/proad\/wp-content\/uploads\/2025\/06\/Endereco.jpg 640w\" sizes=\"(max-width: 20px) 100vw, 20px\" \/>\u00a0 \u00a0<\/span><span style=\"font-family: 'Times New Roman', serif\"><span style=\"font-size: medium\">Endere\u00e7o:<\/span><\/span><\/span><\/h6>\n<h6 style=\"padding-left: 80px\"><strong><span style=\"color: #0000ff\"><span style=\"font-family: 'Times New Roman', serif\"><span style=\"font-size: medium\">Pra\u00e7a Miguel Faustino, S\/N, Centro, Mossor\u00f3-RN.<\/span><\/span><\/span><\/strong><span style=\"color: #0000ff\"><span style=\"font-family: 'Times New Roman', serif\"><span style=\"font-size: medium\"><br \/>\n<\/span><\/span><strong><span style=\"font-size: medium;font-family: 'Times New Roman', serif\">Edif\u00edcio Ep\u00edlogo de Campos, 1\u00ba Andar &#8211; CEP: 59.610-220.<\/span><\/strong><\/span><\/h6>\n<p>&nbsp;<\/p>\n<p>&nbsp;<\/p>\n<h6 style=\"padding-left: 40px\"><span style=\"color: #000000\"><span style=\"font-size: medium;font-family: 'Times New Roman', serif\"><img decoding=\"async\" class=\"alignnone wp-image-1697\" src=\"https:\/\/portal.uern.br\/proad\/wp-content\/uploads\/2025\/06\/E-mail-300x196.jpg\" alt=\"\" width=\"24\" height=\"16\" srcset=\"https:\/\/portal.uern.br\/proad\/wp-content\/uploads\/2025\/06\/E-mail-300x196.jpg 300w, https:\/\/portal.uern.br\/proad\/wp-content\/uploads\/2025\/06\/E-mail.jpg 550w\" sizes=\"(max-width: 24px) 100vw, 24px\" \/>\u00a0 \u00a0E-mail: <strong><span style=\"color: #0000ff\">proad@uern.br<\/span><\/strong><\/span><\/span><\/h6>\n<h6 style=\"padding-left: 40px\"><span style=\"color: #000000\"><span style=\"font-size: medium;font-family: 'Times New Roman', serif\">\u00a0<img decoding=\"async\" class=\"alignnone wp-image-1698\" src=\"https:\/\/portal.uern.br\/proad\/wp-content\/uploads\/2025\/06\/Dias-e-Horarios-de-Atendimento.webp\" alt=\"\" width=\"21\" height=\"23\" \/>\u00a0 \u00a0Hor\u00e1rios de Atendimento: <span style=\"color: #0000ff\"><strong>Segunda a Sexta<\/strong><\/span><\/span><\/span><\/h6>\n<h6 style=\"padding-left: 80px\"><span style=\"color: #000000\"><span style=\"font-size: medium;font-family: 'Times New Roman', serif\">&#8211; Manh\u00e3: <span style=\"color: #0000ff\"><strong>07:00h \u00e0s 12:00h<br \/>\n<\/strong><\/span><\/span><\/span><span style=\"color: #000000\"><span style=\"font-size: medium;font-family: 'Times New Roman', serif\">&#8211; Tarde: <span style=\"color: #0000ff\"><strong>13:00h \u00e0s 17:00h<\/strong><\/span><\/span><\/span><\/h6>\n<p>&nbsp;<\/p>\n<p align=\"justify\">\n","protected":false},"excerpt":{"rendered":"<p>&nbsp; \u00a0\u00a0 \u00a0Endere\u00e7o: Pra\u00e7a Miguel Faustino, S\/N, Centro, Mossor\u00f3-RN. Edif\u00edcio Ep\u00edlogo de Campos, 1\u00ba Andar &#8211; CEP: 59.610-220. &nbsp; &nbsp; \u00a0 \u00a0E-mail: proad@uern.br \u00a0\u00a0 \u00a0Hor\u00e1rios de Atendimento: Segunda a Sexta &#8211; Manh\u00e3: 07:00h \u00e0s 12:00h &#8211; Tarde: 13:00h \u00e0s 17:00h &nbsp;<\/p>\n","protected":false},"author":2,"featured_media":0,"parent":0,"menu_order":0,"comment_status":"closed","ping_status":"closed","template":"","meta":{"footnotes":""},"class_list":["post-1712","page","type-page","status-publish","hentry"],"_links":{"self":[{"href":"https:\/\/portal.uern.br\/proad\/wp-json\/wp\/v2\/pages\/1712","targetHints":{"allow":["GET"]}}],"collection":[{"href":"https:\/\/portal.uern.br\/proad\/wp-json\/wp\/v2\/pages"}],"about":[{"href":"https:\/\/portal.uern.br\/proad\/wp-json\/wp\/v2\/types\/page"}],"author":[{"embeddable":true,"href":"https:\/\/portal.uern.br\/proad\/wp-json\/wp\/v2\/users\/2"}],"replies":[{"embeddable":true,"href":"https:\/\/portal.uern.br\/proad\/wp-json\/wp\/v2\/comments?post=1712"}],"version-history":[{"count":9,"href":"https:\/\/portal.uern.br\/proad\/wp-json\/wp\/v2\/pages\/1712\/revisions"}],"predecessor-version":[{"id":1812,"href":"https:\/\/portal.uern.br\/proad\/wp-json\/wp\/v2\/pages\/1712\/revisions\/1812"}],"wp:attachment":[{"href":"https:\/\/portal.uern.br\/proad\/wp-json\/wp\/v2\/media?parent=1712"}],"curies":[{"name":"wp","href":"https:\/\/api.w.org\/{rel}","templated":true}]}}