{"id":1584,"date":"2025-02-20T10:34:05","date_gmt":"2025-02-20T13:34:05","guid":{"rendered":"https:\/\/portal.uern.br\/proad\/?page_id=1584"},"modified":"2026-01-12T15:28:00","modified_gmt":"2026-01-12T18:28:00","slug":"gestao-2","status":"publish","type":"page","link":"https:\/\/portal.uern.br\/proad\/gestao-2\/","title":{"rendered":"Gest\u00e3o"},"content":{"rendered":"<h2><\/h2>\n<p>&nbsp;<\/p>\n<h2 style=\"text-align: justify\"><span style=\"color: #0000ff\"><strong>Gabinete da Pr\u00f3-Reitoria de Administra\u00e7\u00e3o:<\/strong><\/span><\/h2>\n<p style=\"text-align: justify\"><strong>Pr\u00f3-Reitora de Administra\u00e7\u00e3o: <span style=\"color: #0000ff\">TNS Ma. Maria Nilza Batista Luz<\/span><\/strong><br \/>\n<strong>Forma\u00e7\u00e3o:<\/strong> Licenciada em Geografia pela Universidade do Estado do Rio Grande do Norte &#8211; UERN(2006); Especialista em Geografia e Gest\u00e3o Ambiental pela FIP (2007); Mestra em Educa\u00e7\u00e3o pela Universidade do Estado do Rio Grande do Norte &#8211; UERN (2018).<br \/>\n<strong>E-mail:<\/strong>\u00a0gab.proad@uern.br \/ proad@uern.br<\/p>\n<p>&nbsp;<\/p>\n<p style=\"text-align: justify\"><strong>Pr\u00f3-Reitor Adjunto de Administra\u00e7\u00e3o: <span style=\"color: #0000ff\">TNS Me. Pedro Rebou\u00e7as de Oliveira Neto<\/span><\/strong><br \/>\n<strong>Forma\u00e7\u00e3o:<\/strong> Graduado em Comunica\u00e7\u00e3o Social-Jornalismo pela Universidade do Estado do Rio Grande do Norte &#8211; UERN (2008); Especialista em Gest\u00e3o de Recursos Humanos pela Universidade do Estado do Rio Grande do Norte &#8211; UERN (2012).<br \/>\n<strong>E-mail:<\/strong>\u00a0adj.proad@uern.br \/ proad@uern.br<\/p>\n<p>&nbsp;<\/p>\n<p style=\"text-align: justify\"><strong>Secret\u00e1ria:<\/strong> <span style=\"color: #0000ff\"><strong>TNM Esp. Mirella Fabianne Pacheco da Cunha Almeida<\/strong><\/span><br \/>\n<strong>Forma\u00e7\u00e3o:<\/strong> Graduada em Servi\u00e7o Social pela Universidade Federal do Rio Grande do Norte &#8211; UFRN (2005); Especialista em Gest\u00e3o de Recursos Humanos pela Faculdade Internacional Signorelli (2013).<br \/>\n<strong>E-mail:<\/strong>\u00a0proad@uern.br<\/p>\n<p>&nbsp;<\/p>\n<h5 style=\"text-align: justify\"><\/h5>\n<h2 style=\"text-align: justify\"><span style=\"color: #0000ff\"><strong>Assessoria T\u00e9cnica da PROAD:<\/strong><\/span><\/h2>\n<p style=\"text-align: justify\"><strong>Assessora: <span style=\"color: #0000ff\">TNS Ma. Sheila Karene Nolasco da Silva Fernandes<\/span><\/strong><br \/>\n<strong>Forma\u00e7\u00e3o:<\/strong> Graduada em Direito pela Universidade Potiguar (2013); Especialista em Direito Tribut\u00e1rio pela Universidade Anhanguera &#8211; UNIDERP (2014); Especialista em Direito Administrativo pela Escola do Governo (2015); Mestre em Geografia pelo Programa de P\u00f3s-Gradua\u00e7\u00e3o em Geografia &#8211; PPGEO\/UERN (2025); Doutoranda em Geografia pelo Programa de P\u00f3s-Gradua\u00e7\u00e3o em Geografia &#8211; PPGEO\/UERN (2025).<br \/>\n<strong>E-mail:<\/strong>\u00a0asstec.proad@uern.br<\/p>\n<p>&nbsp;<\/p>\n<p style=\"text-align: justify\"><strong>Assessor: <span style=\"color: #0000ff\">TNM Esp. Josenildo Henrique da Silva<\/span><\/strong><br \/>\n<strong>Forma\u00e7\u00e3o:<\/strong> Graduado em Geografia pela Universidade do Estado do Rio Grande do Norte &#8211; UERN (2002); Especialista em Educa\u00e7\u00e3o Ambiental pela Faculdade Internacional Signorelli (2013).<br \/>\n<strong>E-mail:<\/strong>\u00a0asstec.proad@uern.br<\/p>\n<p>&nbsp;<\/p>\n<p style=\"text-align: justify\"><strong>Assessor: <span style=\"color: #0000ff\">TNM Esp. Heryck Luiz Goes de Medeiros<\/span><\/strong><br \/>\n<strong>Forma\u00e7\u00e3o: <\/strong>Bacharel em Direito pela Faculdade de Ci\u00eancias e Tecnologia <em>Mater Christi<\/em> (2012); Especialista em Direito Administrativo e Licita\u00e7\u00f5es pela Faculdade \u00danica de Ipatinga (2021).<br \/>\n<strong>E-mail:<\/strong>\u00a0asstec.proad@uern.br<\/p>\n<h5 style=\"text-align: justify\"><\/h5>\n<p><strong>Assessora: <span style=\"color: #0000ff\">TNS Ma. Nayara Glenda Vidal Padre de Medeiros<\/span><br \/>\nForma\u00e7\u00e3o: <\/strong>Graduada em Direito pela Faculdade de Ci\u00eancias e Tecnologia <em>Mater Christi<\/em> (2010); Especialista em Direito do Trabalho e Processo do Trabalho pela Faculdade de Direito Prof. Dam\u00e1sio de Jesus (2014); Mestra em Estudos Jur\u00eddicos com \u00canfase em Direito Internacional pela MUST University (2025).<br \/>\n<strong>E-mail:<\/strong>\u00a0asstec.proad@uern.br<\/p>\n<p>&nbsp;<\/p>\n<p>&nbsp;<\/p>\n<h2 style=\"text-align: justify\"><span style=\"color: #0000ff\"><strong>Diretoria de Administra\u00e7\u00e3o e Servi\u00e7os &#8211; DAS:<\/strong><\/span><\/h2>\n<p style=\"text-align: justify\"><strong>Diretor: <span style=\"color: #0000ff\">TNS Me. Pedro Eloy de Paiva Farias<\/span><br \/>\nForma\u00e7\u00e3o: <\/strong>Graduado em Direito pela Universidade Potiguar &#8211; UnP (2011); Especialista em Direito Penal e Processo Penal pela Universidade Potiguar &#8211; UnP (2013); Mestre em Direitos Fundamentais pela Universidade da Amaz\u00f4nia (2025).<br \/>\n<strong>E-mails:<\/strong>\u00a0diradm@uern.br \/\u00a0sec.diradm@uern.br<\/p>\n<p>&nbsp;<\/p>\n<p style=\"text-align: justify\"><strong>Secret\u00e1rio: <span style=\"color: #0000ff\">TNM Esp. M\u00e1rio S\u00e9rgio Leite<\/span><\/strong><br \/>\n<strong>Forma\u00e7\u00e3o:<\/strong> Graduado em Engenharia de Produ\u00e7\u00e3o pela Universidade Federal Rural do Semi-\u00c1rido \u2013 UFERSA (2014); Especialista em Estat\u00edstica pela UNOPAR (2022); Mestrando em Administra\u00e7\u00e3o pela MUST University (2025).<br \/>\n<strong>E-mails:<\/strong>\u00a0diradm@uern.br \/ sec.diradm@uern.br<\/p>\n<p>&nbsp;<\/p>\n<p>&nbsp;<\/p>\n<h3 style=\"text-align: justify\"><span style=\"color: #0000ff\"><strong>Unidades ligadas \u00e0 Diretoria de Administra\u00e7\u00e3o e Servi\u00e7os:<\/strong><\/span><\/h3>\n<p style=\"text-align: justify\"><strong>Unidade:<\/strong> <span style=\"color: #0000ff\"><strong>Departamento de Manuten\u00e7\u00e3o e Seguran\u00e7a &#8211; DMS<\/strong><\/span><br \/>\n<strong>Chefe da unidade<\/strong>: <span style=\"color: #0000ff\"><strong>TNM Me Daniel Filgueira Chaves<\/strong><\/span> (Prefeito do Campus Central)<br \/>\n<strong>Forma\u00e7\u00e3o: <\/strong>Graduado em Administra\u00e7\u00e3o pela Universidade Federal Rural do Semi-\u00c1rido &#8211; UFERSA (2013); Especialista em Gest\u00e3o P\u00fablica pela Faculdade Internacional Signorelli &#8211; FIS (2014); Mestre em Administra\u00e7\u00e3o pela MUST University (2024).<strong><br \/>\nE-mail:<\/strong>\u00a0prefeitura@uern.br<\/p>\n<p>&nbsp;<\/p>\n<p style=\"text-align: justify\"><strong>Unidade:<\/strong> <span style=\"color: #0000ff\"><strong>Setor de Manuten\u00e7\u00e3o &#8211; SM<\/strong><\/span><br \/>\n<strong>Chefe da unidade:<\/strong> <span style=\"color: #0000ff\"><strong>TNS Esp. Rodrigo Guerra Benevides<\/strong><\/span><br \/>\n<strong>Forma\u00e7\u00e3o: <\/strong>Graduado em Educa\u00e7\u00e3o F\u00edsica pela Faculdade Integrada do Cear\u00e1 &#8211; UNIFIC (2008); Especialista em Treinamento Desportivo pela Universidade do Estado do Cear\u00e1 &#8211; UECE (2010).<strong><br \/>\nE-mail:<\/strong>\u00a0prefeitura@uern.br<\/p>\n<p>&nbsp;<\/p>\n<p style=\"text-align: justify\"><strong>Unidade:<\/strong> <span style=\"color: #0000ff\"><strong>Setor de Seguran\u00e7a &#8211; SS<\/strong><\/span><br \/>\n<strong>Chefe da unidade:<\/strong> <span style=\"color: #0000ff\"><strong>TNS Ranieri Fernandes da Silva<\/strong><\/span><br \/>\n<strong>Forma\u00e7\u00e3o: <\/strong>Graduado em\u00a0<strong><br \/>\nE-mail:<\/strong>\u00a0seguranca@uern.br<\/p>\n<p>&nbsp;<\/p>\n<p style=\"text-align: justify\"><strong>Unidade:<\/strong> <span style=\"color: #0000ff\"><strong>Setor de Di\u00e1rias, Hospedagens e Passagens &#8211; SDHP<\/strong><\/span><br \/>\n<strong>Chefe da unidade:<\/strong> <span style=\"color: #0000ff\"><strong>TNS Esp. Iluska Larissa Leite Linhares<\/strong><\/span><br \/>\n<strong>Forma\u00e7\u00e3o: <\/strong>Graduada em Turismo pela Universidade Federal do Rio Grande do Norte &#8211; UFRN (2004); Graduada em Direito pela Universidade do Estado do Rio Grande do Norte &#8211; UERN (2011); Especialista em Direito Constitucional e Tribut\u00e1rio pela Universidade Potiguar -UNP (2015); Mestranda em Ci\u00eancias Sociais e Humanas pela Universidade do Estado do Rio Grande do Norte &#8211; UERN (2026).<strong><br \/>\nE-mail:<\/strong>\u00a0diarias.proad@uern.br<\/p>\n<p>&nbsp;<\/p>\n<p style=\"text-align: justify\"><strong>Unidade:<\/strong> <span style=\"color: #0000ff\"><strong>Departamento de Transportes &#8211; DT<\/strong><\/span><br \/>\n<strong>Chefe da unidade:<\/strong> <span style=\"color: #0000ff\"><strong>TNS Esp. Rafael Adolfo de Ara\u00fajo Amorim<\/strong><\/span><br \/>\n<strong>Forma\u00e7\u00e3o: <\/strong>Graduado em Tecn\u00f3logo em Petr\u00f3leo e G\u00e1s pela Universidade Potiguar &#8211; UNP (2010); Especialista em MBA em Log\u00edstica pela Universidade Potiguar &#8211; UNP (2013).<strong><br \/>\nE-mail:<\/strong>\u00a0transportes@uern.br<\/p>\n<p>&nbsp;<\/p>\n<p style=\"text-align: justify\"><strong>Unidade:<\/strong> <span style=\"color: #0000ff\"><strong>Departamento de Materiais e Patrim\u00f4nio &#8211; DMP<\/strong><\/span><br \/>\n<strong>Chefe da unidade:<\/strong> <span style=\"color: #0000ff\"><strong>TNM Esp. Evaldo Pinheiro de Albuquerque<\/strong><\/span><br \/>\n<strong>Forma\u00e7\u00e3o:<\/strong> Graduado em Direito pela Universidade do Estado do Rio Grande do Norte &#8211; UERN, Bacharelado (2018); Especialista em Direito Administrativo pela Faculdade \u00danica de Ipatinga (2022).<strong><br \/>\nE-mail:<\/strong> compras@uern.br<\/p>\n<p>&nbsp;<\/p>\n<p style=\"text-align: justify\"><strong>Unidade:<\/strong> <span style=\"color: #0000ff\"><strong>Setor de Arquivo e Documenta\u00e7\u00e3o &#8211; SAD<\/strong><\/span><br \/>\n<strong>Chefe da unidade:<\/strong> <span style=\"color: #0000ff\"><strong>TNM Esp. Jos\u00e9 Ricardo Correia Freire<\/strong><\/span><br \/>\n<strong>Forma\u00e7\u00e3o: <\/strong>Graduado em Tecnologia em Gest\u00e3o P\u00fablica pela Universidade do Estado do Rio Grande do Norte &#8211; UERN (2015); Especialista em Engenharia El\u00e9trica com \u00canfase em Instala\u00e7\u00f5es El\u00e9tricas Industriais pela Universidade C\u00e2ndido Mendes &#8211; UCAM (2021).<strong><br \/>\nE-mail:<\/strong>\u00a0arquivo@uern.br<\/p>\n<p>&nbsp;<\/p>\n<p style=\"text-align: justify\"><strong>Unidade:<\/strong> <span style=\"color: #0000ff\"><strong>Setor de Almoxarifado &#8211; SA<\/strong><\/span><br \/>\n<strong>Chefe da unidade:<\/strong> <span style=\"color: #0000ff\"><strong>TNM Esp. \u00c9rica Lopes de Lima<\/strong><\/span><br \/>\n<strong>Forma\u00e7\u00e3o: <\/strong>Graduada em Letras com habilita\u00e7\u00e3o em L\u00edngua Espanhola pela Universidade do Estado do Rio Grande do Norte &#8211; UERN (2007); Especialista em Gest\u00e3o de Projetos e Suprimentos pela Universidade C\u00e2ndido Mendes &#8211; UCAM (2020).<strong><br \/>\nE-mail:<\/strong>\u00a0almoxarifado@uern.br<\/p>\n<p>&nbsp;<\/p>\n<p style=\"text-align: justify\"><strong>Unidade:<\/strong> <span style=\"color: #0000ff\"><strong>Setor de Patrim\u00f4nio &#8211; SPAT<\/strong><\/span><br \/>\n<strong>Chefe da unidade:<\/strong> <span style=\"color: #0000ff\"><strong>TNM Esp. Antonio Vitor Ferreira de Souza<\/strong><\/span><br \/>\n<strong>Forma\u00e7\u00e3o: <\/strong>Graduado em Administra\u00e7\u00e3o pela Universidade Federal Rural do Semi-\u00c1rido &#8211; UFERSA (2012); Especialista em Gest\u00e3o de Pessoas pela Universidade Candido Mendes &#8211; UCAM (2015); Mestrando em Ci\u00eancias da Administra\u00e7\u00e3o pela MUST University (2026).<strong><br \/>\nE-mail:<\/strong> patrimonio@uern.br<\/p>\n<p>&nbsp;<\/p>\n<h5 style=\"text-align: justify\"><\/h5>\n<h2 style=\"text-align: justify\"><span style=\"color: #0000ff\"><strong>Diretoria de Licita\u00e7\u00f5es e Contratos &#8211; DLC:<\/strong><\/span><\/h2>\n<p style=\"text-align: justify\"><strong>Diretora:<\/strong> <span style=\"color: #0000ff\"><strong>TNS Me. Geovani Carlos de Andrade Filho<\/strong><\/span><br \/>\n<strong>Forma\u00e7\u00e3o:<\/strong> Graduado em Direito pela Universidade do Estado do Rio Grande do Norte \u2013 UERN (2011); Especialista em Direito Administrativo pela Universidade do Estado do Rio Grande do Norte \u2013 UERN (2016); Master of Science in Legal Studies, Emphasis in International Law pela MUST University; Mestre em Direitos Fundamentais pela Universidade da Amaz\u00f4nia &#8211; UNAMA (2024).<br \/>\n<strong>E-mail:<\/strong> dlc@uern.br<\/p>\n<p>&nbsp;<\/p>\n<p style=\"text-align: justify\"><strong>Secret\u00e1ria:<\/strong> <span style=\"color: #0000ff\"><strong>TNS Ma. Luciana Gomes Pacheco<\/strong><\/span><br \/>\n<strong>Forma\u00e7\u00e3o: <\/strong>Graduada em Direito pela Universidade do Estado do Rio Grande do Norte &#8211; UERN (2002); Especialista em Direito Administrativo, pela Universidade do Estado do Rio Grande do Norte &#8211; UERN (2015); Master of Science in Legal Studies, Emphasis in International Law pela MUST University, Mestre em Direitos Fundamentais pela Universidade da Amaz\u00f4nia &#8211; UNAMA (2024).<br \/>\n<strong>E-mail:<\/strong> dlc@uern.br<\/p>\n<p>&nbsp;<\/p>\n<h5 style=\"text-align: justify\"><\/h5>\n<h3 style=\"text-align: justify\"><span style=\"color: #0000ff\"><strong>Unidades ligadas \u00e0 Diretoria de Licita\u00e7\u00f5es e Contratos:<\/strong><\/span><\/h3>\n<p style=\"text-align: justify\"><strong>Unidade:<\/strong> <span style=\"color: #0000ff\"><strong>Setor de Pesquisa de Pre\u00e7o &#8211; SPP<\/strong><\/span><br \/>\n<strong>Chefe da unidade:<\/strong> <span style=\"color: #0000ff\"><strong>TNS Esp. Neyson Luan de Morais Farias<\/strong><\/span><br \/>\n<strong>Forma\u00e7\u00e3o: <\/strong>Graduado em Direito pela Universidade do Estado do Rio Grande do Norte \u2013 UERN (2014); Especialista em Direito Penal e Processual Penal pela Universidade Est\u00e1cio de S\u00e1 (2017); Mestrando em Servi\u00e7o Social e Direitos Sociais pela Universidade do Estado do Rio Grande do Norte \u2013 UERN (2026).<strong><br \/>\nE-mail:<\/strong> dlc@uern.br<\/p>\n<p>&nbsp;<\/p>\n<p style=\"text-align: justify\"><strong>Unidade:<\/strong> <span style=\"color: #0000ff\"><strong>Setor de Contratos &#8211; SC<\/strong><\/span><br \/>\n<strong>Chefe da unidade:<\/strong> <span style=\"color: #0000ff\"><strong>TNS Ma. Elza Thays Farias de Lucena<\/strong><\/span><br \/>\n<strong>Forma\u00e7\u00e3o: <\/strong>Graduada em Direito pela Universidade do Estado do Rio Grande do Norte \u2013 UERN (2016); Especialista em Direito Administrativo pela Faculdade \u00danica de Ipatinga (2019); Master of Science in Legal Studies, Emphasis in International Law pela MUST University; Mestre em Direitos Fundamentais pela Universidade da Amaz\u00f4nia &#8211; UNAMA (2024).<strong><br \/>\nE-mail:<\/strong> contratos@uern.br<\/p>\n<p>&nbsp;<\/p>\n<p style=\"text-align: justify\"><strong>Unidade:<\/strong> <span style=\"color: #0000ff\"><strong>Setor de Planejamento &#8211; SP<\/strong><\/span><br \/>\n<strong>Chefe da unidade:<\/strong> <span style=\"color: #0000ff\"><strong>TNS Ma. Am\u00e1bilis de Oliveira e Silva<\/strong><\/span><br \/>\n<strong>Forma\u00e7\u00e3o: <\/strong>Graduada em Direito pela Universidade Potiguar \u2013 UNP (2012); Especialista em Direito P\u00fablico pela Universidade Anhanguera \u2013 UNIDERP (2015); Especialista em Hist\u00f3ria do Direito da Fam\u00edlia pela Universidade de Lisboa (2019); Mestra em Direito Direito Civil e Processo Civil pela Universidade de Lisboa (2024).<strong><br \/>\nE-mail: <\/strong>dlc@uern.br<\/p>\n<p>&nbsp;<\/p>\n<p style=\"text-align: justify\">\n","protected":false},"excerpt":{"rendered":"<p>&nbsp; Gabinete da Pr\u00f3-Reitoria de Administra\u00e7\u00e3o: Pr\u00f3-Reitora de Administra\u00e7\u00e3o: TNS Ma. Maria Nilza Batista Luz Forma\u00e7\u00e3o: Licenciada em Geografia pela Universidade do Estado do Rio Grande do Norte &#8211; UERN(2006); Especialista em Geografia e Gest\u00e3o Ambiental pela FIP (2007); Mestra em Educa\u00e7\u00e3o pela Universidade do Estado do Rio Grande do Norte &#8211; UERN (2018). E-mail:\u00a0gab.proad@uern.br [&hellip;]<\/p>\n","protected":false},"author":2,"featured_media":0,"parent":0,"menu_order":0,"comment_status":"closed","ping_status":"closed","template":"","meta":{"footnotes":""},"class_list":["post-1584","page","type-page","status-publish","hentry"],"_links":{"self":[{"href":"https:\/\/portal.uern.br\/proad\/wp-json\/wp\/v2\/pages\/1584","targetHints":{"allow":["GET"]}}],"collection":[{"href":"https:\/\/portal.uern.br\/proad\/wp-json\/wp\/v2\/pages"}],"about":[{"href":"https:\/\/portal.uern.br\/proad\/wp-json\/wp\/v2\/types\/page"}],"author":[{"embeddable":true,"href":"https:\/\/portal.uern.br\/proad\/wp-json\/wp\/v2\/users\/2"}],"replies":[{"embeddable":true,"href":"https:\/\/portal.uern.br\/proad\/wp-json\/wp\/v2\/comments?post=1584"}],"version-history":[{"count":30,"href":"https:\/\/portal.uern.br\/proad\/wp-json\/wp\/v2\/pages\/1584\/revisions"}],"predecessor-version":[{"id":1881,"href":"https:\/\/portal.uern.br\/proad\/wp-json\/wp\/v2\/pages\/1584\/revisions\/1881"}],"wp:attachment":[{"href":"https:\/\/portal.uern.br\/proad\/wp-json\/wp\/v2\/media?parent=1584"}],"curies":[{"name":"wp","href":"https:\/\/api.w.org\/{rel}","templated":true}]}}