{"id":978,"date":"2023-02-24T16:45:04","date_gmt":"2023-02-24T19:45:04","guid":{"rendered":"https:\/\/portal.uern.br\/prae\/?page_id=978"},"modified":"2024-04-10T14:54:58","modified_gmt":"2024-04-10T17:54:58","slug":"auxilio-digital","status":"publish","type":"page","link":"https:\/\/portal.uern.br\/prae\/auxilio-digital\/","title":{"rendered":"Aux\u00edlio Inclus\u00e3o Digital"},"content":{"rendered":"<p>&nbsp;<\/p>\n<p><img fetchpriority=\"high\" decoding=\"async\" class=\"aligncenter wp-image-1889 size-large\" src=\"https:\/\/portal.uern.br\/prae\/wp-content\/uploads\/2024\/04\/DIGITAL@4x-1024x512.png\" alt=\"\" width=\"800\" height=\"400\" srcset=\"https:\/\/portal.uern.br\/prae\/wp-content\/uploads\/2024\/04\/DIGITAL@4x-1024x512.png 1024w, https:\/\/portal.uern.br\/prae\/wp-content\/uploads\/2024\/04\/DIGITAL@4x-300x150.png 300w, https:\/\/portal.uern.br\/prae\/wp-content\/uploads\/2024\/04\/DIGITAL@4x-768x384.png 768w, https:\/\/portal.uern.br\/prae\/wp-content\/uploads\/2024\/04\/DIGITAL@4x-1536x768.png 1536w, https:\/\/portal.uern.br\/prae\/wp-content\/uploads\/2024\/04\/DIGITAL@4x-2048x1024.png 2048w\" sizes=\"(max-width: 800px) 100vw, 800px\" \/><\/p>\n<p><b>Aux\u00edlio Inclus\u00e3o Digital<\/b><\/p>\n<p><span style=\"font-weight: 400\">O Aux\u00edlio Inclus\u00e3o Digital foi implantado com respaldo na Resolu\u00e7\u00e3o n\u00ba 002\/2020 &#8211; CD (<\/span><a href=\"https:\/\/www.uern.br\/controledepaginas\/prae-PROUERN\/arquivos\/5941resolua%C2%A7a%C2%A3o_02_2020__cd_dispoe_sobre_programa_fomento_acoes_assistencia_permanencia_estudantil___prouern.pdf\"><span style=\"font-weight: 400\">Clique aqui para acessar<\/span><\/a><span style=\"font-weight: 400\">) que disp\u00f5e sobre o Programa de Fomento \u00e0s A\u00e7\u00f5es de Perman\u00eancia da Uern (ProUern), e constitui-se em apoio ao financiamento, por meio de bolsas ou aux\u00edlio financeiro, de iniciativas ligadas \u00e0s \u00e1reas do ensino, pesquisa, extens\u00e3o, esportes, eventos, transporte, cultura e inclus\u00e3o. Este aux\u00edlio originou-se como uma estrat\u00e9gia de combate \u00e0 desigualdade social de acesso \u00e0s ferramentas digitais no contexto de enfrentamento ao COVID-19 durante a pandemia, disponibilizando apoio financeiro com o valor de R$ 1000,00 a estudantes devidamente matriculados em componentes curriculares ofertados pela UERN, e que se encontrem em situa\u00e7\u00e3o de comprovada vulnerabilidade socioecon\u00f4mica. <\/span><\/p>\n<p>&nbsp;<\/p>\n","protected":false},"excerpt":{"rendered":"<p>&nbsp; Aux\u00edlio Inclus\u00e3o Digital O Aux\u00edlio Inclus\u00e3o Digital foi implantado com respaldo na Resolu\u00e7\u00e3o n\u00ba 002\/2020 &#8211; CD (Clique aqui para acessar) que disp\u00f5e sobre o Programa de Fomento \u00e0s A\u00e7\u00f5es de Perman\u00eancia da Uern (ProUern), e constitui-se em apoio ao financiamento, por meio de bolsas ou aux\u00edlio financeiro, de iniciativas ligadas \u00e0s \u00e1reas do [&hellip;]<\/p>\n","protected":false},"author":3,"featured_media":0,"parent":0,"menu_order":0,"comment_status":"closed","ping_status":"closed","template":"","meta":{"footnotes":""},"class_list":["post-978","page","type-page","status-publish","hentry"],"_links":{"self":[{"href":"https:\/\/portal.uern.br\/prae\/wp-json\/wp\/v2\/pages\/978","targetHints":{"allow":["GET"]}}],"collection":[{"href":"https:\/\/portal.uern.br\/prae\/wp-json\/wp\/v2\/pages"}],"about":[{"href":"https:\/\/portal.uern.br\/prae\/wp-json\/wp\/v2\/types\/page"}],"author":[{"embeddable":true,"href":"https:\/\/portal.uern.br\/prae\/wp-json\/wp\/v2\/users\/3"}],"replies":[{"embeddable":true,"href":"https:\/\/portal.uern.br\/prae\/wp-json\/wp\/v2\/comments?post=978"}],"version-history":[{"count":5,"href":"https:\/\/portal.uern.br\/prae\/wp-json\/wp\/v2\/pages\/978\/revisions"}],"predecessor-version":[{"id":1890,"href":"https:\/\/portal.uern.br\/prae\/wp-json\/wp\/v2\/pages\/978\/revisions\/1890"}],"wp:attachment":[{"href":"https:\/\/portal.uern.br\/prae\/wp-json\/wp\/v2\/media?parent=978"}],"curies":[{"name":"wp","href":"https:\/\/api.w.org\/{rel}","templated":true}]}}