{"id":526,"date":"2023-02-07T10:25:07","date_gmt":"2023-02-07T13:25:07","guid":{"rendered":"http:\/\/beta.apps.uern.br\/wordpress\/prae\/?page_id=526"},"modified":"2023-02-07T10:27:06","modified_gmt":"2023-02-07T13:27:06","slug":"restaurante-popular","status":"publish","type":"page","link":"https:\/\/portal.uern.br\/prae\/restaurante-popular\/","title":{"rendered":"Restaurante Popular"},"content":{"rendered":"<p><img fetchpriority=\"high\" decoding=\"async\" class=\"aligncenter wp-image-529 size-full\" src=\"http:\/\/beta.apps.uern.br\/wordpress\/prae\/wp-content\/uploads\/2023\/02\/402920160523_112223-696x392-1.jpg\" alt=\"\" width=\"696\" height=\"392\" srcset=\"https:\/\/portal.uern.br\/prae\/wp-content\/uploads\/2023\/02\/402920160523_112223-696x392-1.jpg 696w, https:\/\/portal.uern.br\/prae\/wp-content\/uploads\/2023\/02\/402920160523_112223-696x392-1-300x169.jpg 300w\" sizes=\"(max-width: 696px) 100vw, 696px\" \/><\/p>\n<p><strong>RESTAURANTE POPULAR<\/strong><\/p>\n<p><strong>Campus Central<\/strong><\/p>\n<p>O Programa Restaurante Popular foi implantado no Campus Central da Universidade do Estado do Rio Grande do Norte \u2013 UERN, em mar\u00e7o de 2016, por meio do Termo de Coopera\u00e7\u00e3o n. 005\/2015 com a Secretaria de Estado do Trabalho, da Habita\u00e7\u00e3o e da Assist\u00eancia Social \u2013 SETHAS\/RN e oferece \u00e0 comunidade acad\u00eamica uma refei\u00e7\u00e3o custo de R$ 1,00.<\/p>\n<p>O Restaurante, que fica no Centro de Conviv\u00eancia do Campus Central, funciona das 10h30min \u00e0s 12h00min e serve atualmente 900 refei\u00e7\u00f5es di\u00e1rias, atendendo alunos, t\u00e9cnicos, professores, funcion\u00e1rios e tamb\u00e9m o p\u00fablico externo.<\/p>\n<p><strong>CAF\u00c9 CIDAD\u00c3O<\/strong><\/p>\n<p><strong>Campus Central<\/strong><\/p>\n<p>Por interm\u00e9dio da parceria entre a UERN e a Secretaria de Estado do Trabalho, da Habita\u00e7\u00e3o e da Assist\u00eancia Social \u2013 SETHAS\/RN foi implantado o Caf\u00e9 Cidad\u00e3o, em outubro de 2018, ao custo de R$ 0,50,\u00a0funciona das 6h00min \u00e0s 8h00min e serve, atualmente, 325 refei\u00e7\u00f5es di\u00e1rias, atendendo alunos, t\u00e9cnicos, professores, funcion\u00e1rios e tamb\u00e9m o p\u00fablico externo.<\/p>\n<p><strong>Campus de Patu<\/strong><\/p>\n<p>Iniciou as atividades no 20 de dezermbro de 2019, inicialmente, ofertando 200 (duzentas) refei\u00e7\u00f5es di\u00e1rias.<\/p>\n<p><strong>SOPA CIDAD\u00c3<\/strong><\/p>\n<p><strong>Campus Central<\/strong><\/p>\n<p>Por interm\u00e9dio\u00a0da parceria entre a UERN e a Secretaria de Estado do Trabalho, da Habita\u00e7\u00e3o e da Assist\u00eancia Social \u2013 SETHAS\/RN\u00a0o Programa Sopa Cidad\u00e3 foi implantado no Campus Central da UERN, em julho de 2019, ao custo de R$ 0,50,\u00a0funciona das 17h00min \u00e0s 19h00min e serve, atualmente, 300 sopas di\u00e1rias, atendendo alunos, t\u00e9cnicos, professores, funcion\u00e1rios e tamb\u00e9m o p\u00fablico externo.<\/p>\n","protected":false},"excerpt":{"rendered":"<p>RESTAURANTE POPULAR Campus Central O Programa Restaurante Popular foi implantado no Campus Central da Universidade do Estado do Rio Grande do Norte \u2013 UERN, em mar\u00e7o de 2016, por meio do Termo de Coopera\u00e7\u00e3o n. 005\/2015 com a Secretaria de Estado do Trabalho, da Habita\u00e7\u00e3o e da Assist\u00eancia Social \u2013 SETHAS\/RN e oferece \u00e0 comunidade [&hellip;]<\/p>\n","protected":false},"author":3,"featured_media":0,"parent":0,"menu_order":0,"comment_status":"closed","ping_status":"closed","template":"","meta":{"footnotes":""},"class_list":["post-526","page","type-page","status-publish","hentry"],"_links":{"self":[{"href":"https:\/\/portal.uern.br\/prae\/wp-json\/wp\/v2\/pages\/526","targetHints":{"allow":["GET"]}}],"collection":[{"href":"https:\/\/portal.uern.br\/prae\/wp-json\/wp\/v2\/pages"}],"about":[{"href":"https:\/\/portal.uern.br\/prae\/wp-json\/wp\/v2\/types\/page"}],"author":[{"embeddable":true,"href":"https:\/\/portal.uern.br\/prae\/wp-json\/wp\/v2\/users\/3"}],"replies":[{"embeddable":true,"href":"https:\/\/portal.uern.br\/prae\/wp-json\/wp\/v2\/comments?post=526"}],"version-history":[{"count":3,"href":"https:\/\/portal.uern.br\/prae\/wp-json\/wp\/v2\/pages\/526\/revisions"}],"predecessor-version":[{"id":530,"href":"https:\/\/portal.uern.br\/prae\/wp-json\/wp\/v2\/pages\/526\/revisions\/530"}],"wp:attachment":[{"href":"https:\/\/portal.uern.br\/prae\/wp-json\/wp\/v2\/media?parent=526"}],"curies":[{"name":"wp","href":"https:\/\/api.w.org\/{rel}","templated":true}]}}