{"id":510,"date":"2023-02-07T09:58:10","date_gmt":"2023-02-07T12:58:10","guid":{"rendered":"http:\/\/beta.apps.uern.br\/wordpress\/prae\/?page_id=510"},"modified":"2025-04-29T16:41:19","modified_gmt":"2025-04-29T19:41:19","slug":"noticias","status":"publish","type":"page","link":"https:\/\/portal.uern.br\/prae\/noticias\/","title":{"rendered":"2023 &#8211; Not\u00edcias"},"content":{"rendered":"<h3 class=\"entry-title td-module-title\"><strong><em>Acompanhe as nossas not\u00edcias nos links abaixo:<\/em><\/strong><\/h3>\n<p>&nbsp;<\/p>\n<h1 class=\"elementor-heading-title elementor-size-default\"><a href=\"https:\/\/portal.uern.br\/blog\/uern-divulga-edital-da-3a-etapa-da-selecao-para-o-programa-residencia-universitaria\/\">Uern divulga edital da 3\u00aa etapa da sele\u00e7\u00e3o para o programa Resid\u00eancia Universit\u00e1ria<\/a><\/h1>\n<h3 class=\"entry-title td-module-title\"><a title=\"UERN oferta 11 vagas remanescentes na segunda etapa para o Programa de Resid\u00eancia Universit\u00e1ria\" href=\"http:\/\/portal.uern.br\/blog\/prae-uern-oferta-11-vagas-remanescentes-na-segunda-etapa-para-o-programa-de-residencia-universitaria\/\" rel=\"bookmark\">UERN oferta 11 vagas remanescentes na segunda etapa para o Programa de Resid\u00eancia Universit\u00e1ria<\/a><\/h3>\n<h3 class=\"entry-title td-module-title\"><a title=\"Resultado final da sele\u00e7\u00e3o de Resid\u00eancia Universit\u00e1ria \u00e9 divulgado\" href=\"http:\/\/portal.uern.br\/blog\/resultado-final-da-selecao-de-residencia-universitaria-e-divulgado\/\" rel=\"bookmark\">Resultado final da sele\u00e7\u00e3o de Resid\u00eancia Universit\u00e1ria \u00e9 divulgado<\/a><\/h3>\n<h3 class=\"entry-title td-module-title\"><a title=\"Feira de produtos agroecol\u00f3gicos e artesanais retoma atividades\" href=\"http:\/\/portal.uern.br\/blog\/feira-de-produtos-agroecologicos-e-artesanais-retoma-atividades\/\" rel=\"bookmark\">Feira de produtos agroecol\u00f3gicos e artesanais retoma atividades<\/a><\/h3>\n<h3 class=\"entry-title td-module-title\"><a style=\"font-size: 1.17em\" title=\"Juern\u2019s 2023: divulgado o deferimento de inscri\u00e7\u00f5es de atletas e equipes\" href=\"http:\/\/portal.uern.br\/blog\/juerns-2023-divulgado-o-deferimento-de-inscricoes-de-atletas-e-equipes\/\" rel=\"bookmark\">Juern\u2019s 2023: divulgado o deferimento de inscri\u00e7\u00f5es de atletas e equipes<\/a><\/h3>\n<h3 class=\"entry-title td-module-title\"><a style=\"font-size: 1.17em\" title=\"Uern divulga resultado preliminar de sele\u00e7\u00e3o de est\u00e1gio\" href=\"http:\/\/portal.uern.br\/blog\/uern-divulga-resultado-preliminar-de-selecao-de-estagio\/\" rel=\"bookmark\">Uern divulga resultado preliminar de sele\u00e7\u00e3o de est\u00e1gio<\/a><\/h3>\n<h3 class=\"entry-title td-module-title\"><a title=\"Uern abre processo seletivo para acesso ao Programa de Resid\u00eancia Universit\u00e1ria\" href=\"http:\/\/portal.uern.br\/blog\/uern-abre-processo-seletivo-para-acesso-ao-programa-de-residencia-universitaria\/\" rel=\"bookmark\">Uern abre processo seletivo para acesso ao Programa de Resid\u00eancia Universit\u00e1ria<\/a><\/h3>\n<h3 class=\"entry-title td-module-title\"><a title=\"Estudante \u00e9 convocada para preenchimento de vaga em Resid\u00eancia Universit\u00e1ria\" href=\"http:\/\/portal.uern.br\/blog\/estudante-e-convocada-para-preenchimento-de-vaga-em-residencia-universitaria\/\" rel=\"bookmark\">Estudante \u00e9 convocada para preenchimento de vaga em Resid\u00eancia Universit\u00e1ria<\/a><\/h3>\n<h3 class=\"entry-title td-module-title\"><a title=\"Uern publica cronograma de entrevistas de sele\u00e7\u00e3o de est\u00e1gio\" href=\"http:\/\/portal.uern.br\/blog\/uern-publica-cronograma-de-entrevistas-de-selecao-de-estagio\/\" rel=\"bookmark\">Uern publica cronograma de entrevistas de sele\u00e7\u00e3o de est\u00e1gio<\/a><\/h3>\n<h3 class=\"entry-title td-module-title\"><a title=\"Prae convoca para vagas residuais do Programa de Apoio ao Estudante\" href=\"https:\/\/portal.uern.br\/blog\/prae-convoca-para-vagas-residuais-do-programa-de-apoio-ao-estudante\/\" rel=\"bookmark\">Prae convoca para vagas residuais do Programa de Apoio ao Estudante<\/a><\/h3>\n<h3 class=\"entry-title td-module-title\"><a title=\"Discursos de gratid\u00e3o e contentamento marcam posse de pr\u00f3-reitora e pr\u00f3-reitor adjunto da PRAE\" href=\"https:\/\/portal.uern.br\/blog\/discursos-de-gratidao-e-contentamento-marcam-posse-de-pro-reitora-e-pro-reitor-adjunto-da-prae\/\" rel=\"bookmark\">Discursos de gratid\u00e3o e contentamento marcam posse de pr\u00f3-reitora e pr\u00f3-reitor adjunto da PRAE<\/a><\/h3>\n<h3 class=\"entry-title td-module-title\"><\/h3>\n<h3 class=\"entry-title td-module-title\"><\/h3>\n","protected":false},"excerpt":{"rendered":"<p>Acompanhe as nossas not\u00edcias nos links abaixo: &nbsp; Uern divulga edital da 3\u00aa etapa da sele\u00e7\u00e3o para o programa Resid\u00eancia Universit\u00e1ria UERN oferta 11 vagas remanescentes na segunda etapa para o Programa de Resid\u00eancia Universit\u00e1ria Resultado final da sele\u00e7\u00e3o de Resid\u00eancia Universit\u00e1ria \u00e9 divulgado Feira de produtos agroecol\u00f3gicos e artesanais retoma atividades Juern\u2019s 2023: divulgado [&hellip;]<\/p>\n","protected":false},"author":3,"featured_media":0,"parent":0,"menu_order":0,"comment_status":"closed","ping_status":"closed","template":"","meta":{"footnotes":""},"class_list":["post-510","page","type-page","status-publish","hentry"],"_links":{"self":[{"href":"https:\/\/portal.uern.br\/prae\/wp-json\/wp\/v2\/pages\/510","targetHints":{"allow":["GET"]}}],"collection":[{"href":"https:\/\/portal.uern.br\/prae\/wp-json\/wp\/v2\/pages"}],"about":[{"href":"https:\/\/portal.uern.br\/prae\/wp-json\/wp\/v2\/types\/page"}],"author":[{"embeddable":true,"href":"https:\/\/portal.uern.br\/prae\/wp-json\/wp\/v2\/users\/3"}],"replies":[{"embeddable":true,"href":"https:\/\/portal.uern.br\/prae\/wp-json\/wp\/v2\/comments?post=510"}],"version-history":[{"count":10,"href":"https:\/\/portal.uern.br\/prae\/wp-json\/wp\/v2\/pages\/510\/revisions"}],"predecessor-version":[{"id":2738,"href":"https:\/\/portal.uern.br\/prae\/wp-json\/wp\/v2\/pages\/510\/revisions\/2738"}],"wp:attachment":[{"href":"https:\/\/portal.uern.br\/prae\/wp-json\/wp\/v2\/media?parent=510"}],"curies":[{"name":"wp","href":"https:\/\/api.w.org\/{rel}","templated":true}]}}