{"id":434,"date":"2023-02-06T16:46:39","date_gmt":"2023-02-06T19:46:39","guid":{"rendered":"http:\/\/beta.apps.uern.br\/wordpress\/prae\/?page_id=434"},"modified":"2023-02-06T16:46:39","modified_gmt":"2023-02-06T19:46:39","slug":"diretoria-de-assuntos-estudantis","status":"publish","type":"page","link":"https:\/\/portal.uern.br\/prae\/diretoria-de-assuntos-estudantis\/","title":{"rendered":"Diretoria de Assuntos Estudantis"},"content":{"rendered":"<p>A Diretoria de Assuntos Estudantis (DAE) foi criada pela\u00a0<a href=\"https:\/\/www.uern.br\/controledepaginas\/documentos-legislacao-cd\/arquivos\/5106resolucao_n_2022_59___cd___define_as_nomenclaturas_e_os_quantitativos_dos_cargos_comissionados_e_das_funcoes_gratificadas_da_fuern_e_institui_os_organogramas.pdf\" target=\"_blank\" rel=\"noopener\">RESOLU\u00c7\u00c3O N\u00ba 59\/2022 &#8211; CD<\/a>\u00a0de 01 de setembro de 2022, e \u00e9 respos\u00e1vel pelo gerenciamento dos seguintes setores da PRAE:<\/p>\n<ul>\n<li>Setor de A\u00e7\u00f5es Afirmativas e A\u00e7\u00f5es Estudantis;<\/li>\n<li>Setor de Aten\u00e7\u00e3o \u00e0 Sa\u00fade e Qualidade de Vida Estudantil;<\/li>\n<li>Setor de Esporte, Cultura e Lazer;<\/li>\n<li>Setor de Est\u00e1gios N\u00e3o-Obrigat\u00f3rios.<\/li>\n<\/ul>\n<p>Competem \u00e0 PRAE e a esta Diretoria as a\u00e7\u00f5es de promo\u00e7\u00e3o \u00e0 assist\u00eancia e perman\u00eancia estudantil, por meio da distribui\u00e7\u00e3o de aux\u00edlios a estudantes em vulnerabilidade socio-econ\u00f4mica; celebra\u00e7\u00e3o de conv\u00eanios e ofertas de bolsas de est\u00e1gios n\u00e3o-obrigat\u00f3rios; atendimentos psicossociais com equipe especializada; e realiza\u00e7\u00e3o de eventos e projetos de fomento \u00e0s pr\u00e1ticas esportivas e bem-estar da comunidade acad\u00eamica.<\/p>\n<p style=\"text-align: center\">Jessica de F\u00e1tima Vianna<\/p>\n<p style=\"text-align: center\"><strong>Diretora de Assuntos Estudantis<\/strong><\/p>\n","protected":false},"excerpt":{"rendered":"<p>A Diretoria de Assuntos Estudantis (DAE) foi criada pela\u00a0RESOLU\u00c7\u00c3O N\u00ba 59\/2022 &#8211; CD\u00a0de 01 de setembro de 2022, e \u00e9 respos\u00e1vel pelo gerenciamento dos seguintes setores da PRAE: Setor de A\u00e7\u00f5es Afirmativas e A\u00e7\u00f5es Estudantis; Setor de Aten\u00e7\u00e3o \u00e0 Sa\u00fade e Qualidade de Vida Estudantil; Setor de Esporte, Cultura e Lazer; Setor de Est\u00e1gios N\u00e3o-Obrigat\u00f3rios. [&hellip;]<\/p>\n","protected":false},"author":3,"featured_media":0,"parent":0,"menu_order":0,"comment_status":"closed","ping_status":"closed","template":"","meta":{"footnotes":""},"class_list":["post-434","page","type-page","status-publish","hentry"],"_links":{"self":[{"href":"https:\/\/portal.uern.br\/prae\/wp-json\/wp\/v2\/pages\/434","targetHints":{"allow":["GET"]}}],"collection":[{"href":"https:\/\/portal.uern.br\/prae\/wp-json\/wp\/v2\/pages"}],"about":[{"href":"https:\/\/portal.uern.br\/prae\/wp-json\/wp\/v2\/types\/page"}],"author":[{"embeddable":true,"href":"https:\/\/portal.uern.br\/prae\/wp-json\/wp\/v2\/users\/3"}],"replies":[{"embeddable":true,"href":"https:\/\/portal.uern.br\/prae\/wp-json\/wp\/v2\/comments?post=434"}],"version-history":[{"count":1,"href":"https:\/\/portal.uern.br\/prae\/wp-json\/wp\/v2\/pages\/434\/revisions"}],"predecessor-version":[{"id":435,"href":"https:\/\/portal.uern.br\/prae\/wp-json\/wp\/v2\/pages\/434\/revisions\/435"}],"wp:attachment":[{"href":"https:\/\/portal.uern.br\/prae\/wp-json\/wp\/v2\/media?parent=434"}],"curies":[{"name":"wp","href":"https:\/\/api.w.org\/{rel}","templated":true}]}}