{"id":308,"date":"2022-10-10T15:44:34","date_gmt":"2022-10-10T18:44:34","guid":{"rendered":"https:\/\/paisdemossoro.com.br\/wordpress\/prae\/?page_id=308"},"modified":"2024-04-10T15:09:00","modified_gmt":"2024-04-10T18:09:00","slug":"convenios-de-estagio","status":"publish","type":"page","link":"https:\/\/portal.uern.br\/prae\/convenios-de-estagio\/","title":{"rendered":"Conv\u00eanios de Est\u00e1gio"},"content":{"rendered":"<p>&nbsp;<\/p>\n<p><img fetchpriority=\"high\" decoding=\"async\" class=\"aligncenter wp-image-1896 size-large\" src=\"https:\/\/portal.uern.br\/prae\/wp-content\/uploads\/2024\/04\/ESTAGIO@4x-1024x512.png\" alt=\"\" width=\"800\" height=\"400\" srcset=\"https:\/\/portal.uern.br\/prae\/wp-content\/uploads\/2024\/04\/ESTAGIO@4x-1024x512.png 1024w, https:\/\/portal.uern.br\/prae\/wp-content\/uploads\/2024\/04\/ESTAGIO@4x-300x150.png 300w, https:\/\/portal.uern.br\/prae\/wp-content\/uploads\/2024\/04\/ESTAGIO@4x-768x384.png 768w, https:\/\/portal.uern.br\/prae\/wp-content\/uploads\/2024\/04\/ESTAGIO@4x-1536x768.png 1536w, https:\/\/portal.uern.br\/prae\/wp-content\/uploads\/2024\/04\/ESTAGIO@4x-2048x1024.png 2048w\" sizes=\"(max-width: 800px) 100vw, 800px\" \/><\/p>\n<p>Conforme a lei 11.788\/2008 o estudante somente pode ser inserido em campos de est\u00e1gio caso exista um conv\u00eanio pr\u00e9vio entre a Universidade e a Empresa \/entidade que oferta vagas. A celebra\u00e7\u00e3o do conv\u00eanio de est\u00e1gio \u00e9 o ato que formaliza as normas, resguardando a Empresa\/entidade concedente, a UERN e o Estudante estagi\u00e1rio.<\/p>\n<p align=\"justify\"><em><strong><span style=\"font-size: medium\">O que \u00e9 um conv\u00eanio de est\u00e1gio?<\/span><\/strong><\/em><\/p>\n<p align=\"justify\"><span style=\"font-size: medium\">Um conv\u00eanio de est\u00e1gio \u00e9 um acordo legal entre a UERN e a empresa ou \u00f3rg\u00e3o que deseja receber estagi\u00e1rios. Esse conv\u00eanio formaliza as diretrizes, protegendo tanto a empresa ou entidade concedente quanto a UERN e o pr\u00f3prio estagi\u00e1rio.<\/span><\/p>\n<p align=\"justify\"><em><strong><span style=\"font-size: medium\">Quais s\u00e3o os requisitos para um estudante da UERN realizar um est\u00e1gio n\u00e3o obrigat\u00f3rio?<\/span><\/strong><\/em><\/p>\n<p align=\"justify\"><span style=\"font-size: medium\">Segundo a Lei 11.788\/2008, o aluno s\u00f3 pode participar de programas de est\u00e1gio se houver um conv\u00eanio previamente estabelecido entre a universidade e a empresa ou entidade que oferece as vagas. Al\u00e9m disso, a legisla\u00e7\u00e3o de est\u00e1gio tamb\u00e9m permite uma alternativa: o estudante pode firmar o Termo de Compromisso de Est\u00e1gio por meio de um agente de integra\u00e7\u00e3o que seja conveniado com a institui\u00e7\u00e3o (como CIEE, IEL, entre outros).<\/span><\/p>\n<p align=\"justify\"><em><strong><span style=\"font-size: medium\">Quais s\u00e3o os procedimentos para estabelecer um conv\u00eanio de est\u00e1gio com a UERN?<\/span><\/strong><\/em><\/p>\n<p align=\"justify\"><span style=\"font-size: medium\">Para celebrar um conv\u00eanio com a FUERN (Funda\u00e7\u00e3o Universidade do Estado do Rio Grande do Norte), \u00e9 necess\u00e1rio o envio da seguinte documenta\u00e7\u00e3o:<\/span><\/p>\n<ol type=\"a\">\n<li>\n<p align=\"justify\"><span style=\"font-size: medium\">Of\u00edcio do Proponente solicitando o conv\u00eanio, com justificativa da solicita\u00e7\u00e3o e especifica\u00e7\u00e3o dos cursos de gradua\u00e7\u00e3o para os quais a empresa deseja estagi\u00e1rios, bem como uma descri\u00e7\u00e3o das atividades;<\/span><\/p>\n<\/li>\n<li>\n<p align=\"justify\"><span style=\"font-size: medium\">Informa\u00e7\u00f5es pessoais do representante legal do Proponente (RG, CPF, endere\u00e7o completo e estado civil); <\/span><\/p>\n<\/li>\n<li>\n<p align=\"justify\"><span style=\"font-size: medium\">C\u00f3pia do CPF e do documento de identidade do representante legal do Proponente; <\/span><\/p>\n<\/li>\n<li>\n<p align=\"justify\"><span style=\"font-size: medium\">Informa\u00e7\u00f5es da Pessoa Jur\u00eddica solicitante do conv\u00eanio (CNPJ, raz\u00e3o social, nome fantasia e endere\u00e7o completo); <\/span><\/p>\n<\/li>\n<li>\n<p align=\"justify\"><span style=\"font-size: medium\">Comprovante de situa\u00e7\u00e3o cadastral do CNPJ do Proponente; <\/span><\/p>\n<\/li>\n<li>\n<p align=\"justify\"><span style=\"font-size: medium\">Estatuto ou Contrato Social do Proponente (atualizado e registrado em cart\u00f3rio); <\/span><\/p>\n<\/li>\n<li>\n<p align=\"justify\"><span style=\"font-size: medium\">Ata ou ato que nomeou o representante legal do Proponente; <\/span><\/p>\n<\/li>\n<li>\n<p align=\"justify\"><span style=\"font-size: medium\">Certid\u00f5es Negativas do Estado do Rio Grande do Norte, Federal, para o INSS e FGTS da Pessoa Jur\u00eddica Proponente.<\/span><\/p>\n<\/li>\n<\/ol>\n<p align=\"justify\"><span style=\"font-size: medium\">Toda a documenta\u00e7\u00e3o deve ser encaminhada para o e-mail <\/span><span style=\"color: #467886\"><u><a href=\"..\/..\/..\/..\/Downloads\/sec.prae@uern.br\"><span style=\"font-size: medium\">sec.prae@uern.br<\/span><\/a><\/u><\/span><span style=\"font-size: medium\"> para an\u00e1lise e tomada de provid\u00eancias quanto \u00e0 celebra\u00e7\u00e3o do Conv\u00eanio. Com a documenta\u00e7\u00e3o completa e correta da parte concedente, o processo \u00e9 encaminhado para a an\u00e1lise da assessoria jur\u00eddica da UERN, para que ap\u00f3s parecer seja assinado pela reitora da UERN.<\/span><\/p>\n<p align=\"justify\">\n","protected":false},"excerpt":{"rendered":"<p>&nbsp; Conforme a lei 11.788\/2008 o estudante somente pode ser inserido em campos de est\u00e1gio caso exista um conv\u00eanio pr\u00e9vio entre a Universidade e a Empresa \/entidade que oferta vagas. A celebra\u00e7\u00e3o do conv\u00eanio de est\u00e1gio \u00e9 o ato que formaliza as normas, resguardando a Empresa\/entidade concedente, a UERN e o Estudante estagi\u00e1rio. O que [&hellip;]<\/p>\n","protected":false},"author":1,"featured_media":0,"parent":0,"menu_order":0,"comment_status":"closed","ping_status":"closed","template":"","meta":{"footnotes":""},"class_list":["post-308","page","type-page","status-publish","hentry"],"_links":{"self":[{"href":"https:\/\/portal.uern.br\/prae\/wp-json\/wp\/v2\/pages\/308","targetHints":{"allow":["GET"]}}],"collection":[{"href":"https:\/\/portal.uern.br\/prae\/wp-json\/wp\/v2\/pages"}],"about":[{"href":"https:\/\/portal.uern.br\/prae\/wp-json\/wp\/v2\/types\/page"}],"author":[{"embeddable":true,"href":"https:\/\/portal.uern.br\/prae\/wp-json\/wp\/v2\/users\/1"}],"replies":[{"embeddable":true,"href":"https:\/\/portal.uern.br\/prae\/wp-json\/wp\/v2\/comments?post=308"}],"version-history":[{"count":5,"href":"https:\/\/portal.uern.br\/prae\/wp-json\/wp\/v2\/pages\/308\/revisions"}],"predecessor-version":[{"id":1898,"href":"https:\/\/portal.uern.br\/prae\/wp-json\/wp\/v2\/pages\/308\/revisions\/1898"}],"wp:attachment":[{"href":"https:\/\/portal.uern.br\/prae\/wp-json\/wp\/v2\/media?parent=308"}],"curies":[{"name":"wp","href":"https:\/\/api.w.org\/{rel}","templated":true}]}}