{"id":2982,"date":"2025-10-17T17:00:51","date_gmt":"2025-10-17T20:00:51","guid":{"rendered":"https:\/\/portal.uern.br\/prae\/?page_id=2982"},"modified":"2026-01-06T12:51:48","modified_gmt":"2026-01-06T15:51:48","slug":"prae-em-numeros","status":"publish","type":"page","link":"https:\/\/portal.uern.br\/prae\/prae-em-numeros\/","title":{"rendered":"Prae em N\u00fameros"},"content":{"rendered":"<div class=\"elementor-element elementor-element-c87e62a elementor-widget elementor-widget-theme-post-title elementor-page-title elementor-widget-heading\" data-id=\"c87e62a\" data-element_type=\"widget\" data-widget_type=\"theme-post-title.default\" data-raofz=\"16\">\n<div class=\"elementor-widget-container\" data-raofz=\"16\">\n<h1 class=\"elementor-heading-title elementor-size-default\" data-raofz=\"40\">Assuntos Estudantis<\/h1>\n<\/div>\n<\/div>\n<div class=\"elementor-element elementor-element-406e4e8 elementor-widget elementor-widget-theme-post-content\" data-id=\"406e4e8\" data-element_type=\"widget\" data-widget_type=\"theme-post-content.default\" data-raofz=\"16\">\n<div class=\"elementor-widget-container\" data-raofz=\"16\">\n<h3 data-raofz=\"28\"><strong>PRAE \u2013 Pr\u00f3-Reitoria de Assuntos Estudantis<\/strong><\/h3>\n<p data-raofz=\"16\">Criada em 19 de junho de 2018, a PRAE \u00e9 o marco de consolida\u00e7\u00e3o da assist\u00eancia estudantil como centralidade estrat\u00e9gica de combate \u00e0s desigualdades sociais e regionais, respeito \u00e0 diversidade e de inclus\u00e3o social que promova a garantia do pleno acesso, perman\u00eancia e sucesso dos (as) estudantes na UERN.<\/p>\n<p data-raofz=\"16\"><a role=\"link\" href=\"https:\/\/lookerstudio.google.com\/reporting\/4a893bb6-52de-4947-86a2-02be50552847\" data-raofz=\"16\">Confira todos os N\u00fameros de Assuntos Estudantis<\/a><\/p>\n<div data-raofz=\"16\"><\/div>\n<div data-raofz=\"16\"><strong>Endere\u00e7o: <\/strong>Campus Central L, BR 110 \u2013 KM 46 \u2013 Rua Prof. Ant\u00f4nio Campos, s\/n \u2013 Costa e Silva \u2013 CEP: 59.633-010 \u2013 Mossor\u00f3\/RN.<\/div>\n<div data-raofz=\"16\">\n<p data-raofz=\"16\"><strong>Hor\u00e1rio de atendimento:\u00a0<\/strong>de segunda a sexta, das 7h \u00e0s 20h30min.<\/p>\n<p data-raofz=\"16\"><strong>Contato:\u00a0<\/strong>prae@uern.br\u00a0<strong>Tel:<\/strong>\u00a0(84) 3315-2185<\/p>\n<p data-raofz=\"16\"><strong>Gabinete da Pr\u00f3-Reitoria\u00a0\u2013\u00a0<\/strong>gab.prae@uern.br<\/p>\n<p data-raofz=\"16\"><strong>Gabinete da Pr\u00f3-Reitoria Adjunta \u2013\u00a0<\/strong>adj.prae@uern.br<\/p>\n<p data-raofz=\"16\"><strong>Assessoria \u2013\u00a0<\/strong>assessoria.prae@uern.br<\/p>\n<p data-raofz=\"16\"><strong>Diretoria de Assuntos Estudantis \u2013\u00a0<\/strong>dae.prae@uern.rn<\/p>\n<p data-raofz=\"16\"><strong>Setor de Aten\u00e7\u00e3o a Sa\u00fade e Qualidade de Vida Estudantil \u2013\u00a0<\/strong>seas.prae@uern.br<\/p>\n<p data-raofz=\"16\"><strong>Setor de A\u00e7\u00f5es Afirmativas e Assist\u00eancia Estudantil<\/strong>\u00a0\u2013 sae.prae@uern.br<\/p>\n<p data-raofz=\"16\"><strong>Aux\u00edlio \u00e0 Participa\u00e7\u00e3o em Eventos <\/strong>\u2013 auxilioeventos.prae@uern.br<\/p>\n<p data-raofz=\"16\"><strong>Setor de Est\u00e1gio N\u00e3o Obrigat\u00f3rio<\/strong>\u00a0\u2013 sec.prae@uern.br<\/p>\n<p data-raofz=\"16\"><strong>Setor de Esportes e Eventos<\/strong>\u00a0\u2013 esporte.prae@uern.br<\/p>\n<p data-raofz=\"16\"><strong>Secretaria da PRAE<\/strong>\u00a0\u2013 prae@uern.br<\/p>\n<p data-raofz=\"16\"><strong>Redes Sociais<\/strong><\/p>\n<ul>\n<li data-raofz=\"16\">Acesse informa\u00e7\u00f5es no canal p\u00fablico do Telegram PRAEUERN \u2013\u00a0<a role=\"link\" href=\"https:\/\/t.me\/PRAEUERN\" data-raofz=\"16\">Clique aqui.<\/a><\/li>\n<li data-raofz=\"16\">Acompanhe o nosso Instagram \u2013\u00a0<a role=\"link\" href=\"https:\/\/www.instagram.com\/prae.uern\/?hl=pt-br\" rel=\"noopener\" data-raofz=\"16\">Clique aqui.<\/a><\/li>\n<\/ul>\n<\/div>\n<\/div>\n<\/div>\n","protected":false},"excerpt":{"rendered":"<p>Assuntos Estudantis PRAE \u2013 Pr\u00f3-Reitoria de Assuntos Estudantis Criada em 19 de junho de 2018, a PRAE \u00e9 o marco de consolida\u00e7\u00e3o da assist\u00eancia estudantil como centralidade estrat\u00e9gica de combate \u00e0s desigualdades sociais e regionais, respeito \u00e0 diversidade e de inclus\u00e3o social que promova a garantia do pleno acesso, perman\u00eancia e sucesso dos (as) estudantes [&hellip;]<\/p>\n","protected":false},"author":3,"featured_media":0,"parent":0,"menu_order":0,"comment_status":"closed","ping_status":"closed","template":"","meta":{"footnotes":""},"class_list":["post-2982","page","type-page","status-publish","hentry"],"_links":{"self":[{"href":"https:\/\/portal.uern.br\/prae\/wp-json\/wp\/v2\/pages\/2982","targetHints":{"allow":["GET"]}}],"collection":[{"href":"https:\/\/portal.uern.br\/prae\/wp-json\/wp\/v2\/pages"}],"about":[{"href":"https:\/\/portal.uern.br\/prae\/wp-json\/wp\/v2\/types\/page"}],"author":[{"embeddable":true,"href":"https:\/\/portal.uern.br\/prae\/wp-json\/wp\/v2\/users\/3"}],"replies":[{"embeddable":true,"href":"https:\/\/portal.uern.br\/prae\/wp-json\/wp\/v2\/comments?post=2982"}],"version-history":[{"count":4,"href":"https:\/\/portal.uern.br\/prae\/wp-json\/wp\/v2\/pages\/2982\/revisions"}],"predecessor-version":[{"id":3063,"href":"https:\/\/portal.uern.br\/prae\/wp-json\/wp\/v2\/pages\/2982\/revisions\/3063"}],"wp:attachment":[{"href":"https:\/\/portal.uern.br\/prae\/wp-json\/wp\/v2\/media?parent=2982"}],"curies":[{"name":"wp","href":"https:\/\/api.w.org\/{rel}","templated":true}]}}