{"id":2723,"date":"2025-04-29T16:29:17","date_gmt":"2025-04-29T19:29:17","guid":{"rendered":"https:\/\/portal.uern.br\/prae\/?page_id=2723"},"modified":"2025-04-29T16:41:39","modified_gmt":"2025-04-29T19:41:39","slug":"2018-noticias","status":"publish","type":"page","link":"https:\/\/portal.uern.br\/prae\/2018-noticias\/","title":{"rendered":"2018 &#8211; Not\u00edcias"},"content":{"rendered":"<h3 class=\"entry-title td-module-title\"><strong><em>Acompanhe as nossas not\u00edcias nos links abaixo:<\/em><\/strong><\/h3>\n<h3 class=\"entry-title td-module-title\"><a title=\"Conselho Diretor autoriza cria\u00e7\u00e3o da PRAE e PROGEP, aprova cria\u00e7\u00e3o de Jornal Oficial e prorroga\u00e7\u00e3o de concursos\" href=\"http:\/\/portal.uern.br\/blog\/conselho-diretor-autoriza-criacao-da-prae-e-progep-aprova-criacao-de-jornal-oficial-e-prorrogacao-de-concursos\/\" rel=\"bookmark\">Conselho Diretor autoriza cria\u00e7\u00e3o da PRAE e PROGEP, aprova cria\u00e7\u00e3o de Jornal Oficial e&#8230;<\/a><\/h3>\n<h3 class=\"entry-title td-module-title\"><a title=\"PRAE e PROGEP \u2013 CONSUNI aprova cria\u00e7\u00e3o da Pr\u00f3-Reitoria de Assuntos Estudantis e da Pr\u00f3-Reitoria de Gest\u00e3o de Pessoas\" href=\"http:\/\/portal.uern.br\/blog\/prae-e-progep-consuni-aprova-criacao-da-pro-reitoria-de-assuntos-estudantis-e-da-pro-reitoria-de-gestao-de-pessoas\/\" rel=\"bookmark\">PRAE e PROGEP \u2013 CONSUNI aprova cria\u00e7\u00e3o da Pr\u00f3-Reitoria de Assuntos Estudantis e da&#8230;<\/a><\/h3>\n<h3 class=\"entry-title td-module-title\"><a title=\"Pr\u00f3-reitores de Assuntos Estudantis tomam posse\" href=\"http:\/\/portal.uern.br\/blog\/pro-reitores-de-assuntos-estudantis-tomam-posse\/\" rel=\"bookmark\">Pr\u00f3-reitores de Assuntos Estudantis tomam posse<\/a><\/h3>\n<h3 class=\"entry-title td-module-title\"><a title=\"UERN solicita implanta\u00e7\u00e3o dos programas \u201cCaf\u00e9 cidad\u00e3o\u201d e \u201cSopa cidad\u00e3\u201d no restaurante popular\" href=\"http:\/\/portal.uern.br\/blog\/uern-solicita-implantacao-dos-programas-cafe-cidadao-e-sopa-cidada-no-restaurante-popular\/\" rel=\"bookmark\">UERN solicita implanta\u00e7\u00e3o dos programas \u201cCaf\u00e9 cidad\u00e3o\u201d e \u201cSopa cidad\u00e3\u201d no restaurante popular<\/a><\/h3>\n<p><a style=\"font-size: 1.17em\" title=\"PRAE divulga resultado final da sele\u00e7\u00e3o do Programa de Apoio ao Estudante\" href=\"http:\/\/portal.uern.br\/blog\/prae-divulga-resultado-final-da-selecao-do-programa-de-apoio-ao-estudante\/\" rel=\"bookmark\">PRAE divulga resultado final da sele\u00e7\u00e3o do Programa de Apoio ao Estudante<\/a><\/p>\n<h3 class=\"entry-title td-module-title\"><a title=\"PRAE oferece vagas de est\u00e1gio para Comunica\u00e7\u00e3o Social e Educa\u00e7\u00e3o F\u00edsica\" href=\"http:\/\/portal.uern.br\/blog\/prae-oferece-vagas-de-estagio-para-comunicacao-social-e-educacao-fisica\/\" rel=\"bookmark\">PRAE oferece vagas de est\u00e1gio para Comunica\u00e7\u00e3o Social e Educa\u00e7\u00e3o F\u00edsica<\/a><\/h3>\n<h3 class=\"entry-title td-module-title\"><a title=\"PRAE abre sele\u00e7\u00e3o para vagas na Resid\u00eancia Universit\u00e1ria em Caic\u00f3\" href=\"http:\/\/portal.uern.br\/blog\/prae-abre-selecao-para-vagas-na-residencia-universitaria-em-caico\/\" rel=\"bookmark\">PRAE abre sele\u00e7\u00e3o para vagas na Resid\u00eancia Universit\u00e1ria em Caic\u00f3<\/a><\/h3>\n<h3 class=\"entry-title td-module-title\"><a title=\"PRAE publica cronograma de entrevistas para est\u00e1gio\" href=\"http:\/\/portal.uern.br\/blog\/prae-divulga-cronograma-de-entrevistas-para-estagio\/\" rel=\"bookmark\">PRAE publica cronograma de entrevistas para est\u00e1gio<\/a><\/h3>\n<h3 class=\"entry-title td-module-title\"><a title=\"PRAE divulga resultado do processo seletivo de estagi\u00e1rios\" href=\"http:\/\/portal.uern.br\/blog\/prae-divulga-resultado-do-processo-seletivo-de-estagiarios\/\" rel=\"bookmark\">PRAE divulga resultado do processo seletivo de estagi\u00e1rios<\/a><\/h3>\n<h3 class=\"entry-title td-module-title\"><a title=\"PRAE prorroga inscri\u00e7\u00f5es para Resid\u00eancia Universit\u00e1ria de Caic\u00f3\" href=\"http:\/\/portal.uern.br\/blog\/prae-prorroga-inscricoes-para-residencia-universitaria-de-caico\/\" rel=\"bookmark\">PRAE prorroga inscri\u00e7\u00f5es para Resid\u00eancia Universit\u00e1ria de Caic\u00f3<\/a><\/h3>\n<h3 class=\"entry-title td-module-title\"><a title=\"PRAE e Faculdade de Educa\u00e7\u00e3o F\u00edsica planejam Jogos Universit\u00e1rios 2018\" href=\"http:\/\/portal.uern.br\/blog\/prae-e-faculdade-de-educacao-fisica-planejam-os-jogos-universitarios-2018\/\" rel=\"bookmark\">PRAE e Faculdade de Educa\u00e7\u00e3o F\u00edsica planejam Jogos Universit\u00e1rios 2018<\/a><\/h3>\n<h3 class=\"entry-title td-module-title\"><a title=\"PRAE abre sele\u00e7\u00e3o para preenchimento de vagas nas Resid\u00eancias Universit\u00e1rias\" href=\"http:\/\/portal.uern.br\/blog\/prae-abre-selecao-para-preenchimento-de-vagas-nas-residencias-universitarias\/\" rel=\"bookmark\">PRAE abre sele\u00e7\u00e3o para preenchimento de vagas nas Resid\u00eancias Universit\u00e1rias<\/a><\/h3>\n<h3 class=\"entry-title td-module-title\"><a title=\"PRAE abre sele\u00e7\u00e3o para preenchimento de vagas nas Resid\u00eancias Universit\u00e1rias\" href=\"http:\/\/portal.uern.br\/blog\/prae-abre-selecao-para-preenchimento-de-vagas-nas-residencias-universitarias-2\/\" rel=\"bookmark\">PRAE abre sele\u00e7\u00e3o para preenchimento de vagas nas Resid\u00eancias Universit\u00e1rias<\/a><\/h3>\n<h3 class=\"entry-title td-module-title\"><a title=\"PRAE publica editais com convoca\u00e7\u00e3o para Resid\u00eancias de Mossor\u00f3, Caic\u00f3, Natal, Ass\u00fa e Patu\" href=\"http:\/\/portal.uern.br\/blog\/prae-publica-editais-com-convocacao-para-residencias\/\" rel=\"bookmark\">PRAE publica editais com convoca\u00e7\u00e3o para Resid\u00eancias de Mossor\u00f3, Caic\u00f3, Natal, Ass\u00fa e Patu<\/a><\/h3>\n<h3 class=\"entry-title td-module-title\"><a title=\"PRAE lan\u00e7a edital com oferta de 12 vagas para est\u00e1gio no \u00e2mbito da UERN\" href=\"http:\/\/portal.uern.br\/blog\/prae-lanca-edital-com-oferta-de-12-vagas-para-estagio-no-ambito-da-uern\/\" rel=\"bookmark\">PRAE lan\u00e7a edital com oferta de 12 vagas para est\u00e1gio no \u00e2mbito da UERN<\/a><\/h3>\n<h3 class=\"entry-title td-module-title\"><a title=\"PRAE divulga selecionados para Resid\u00eancias Universit\u00e1rias de Caic\u00f3\" href=\"http:\/\/portal.uern.br\/blog\/prae-divulga-selecionados-para-residencia-universitaria-de-caico\/\" rel=\"bookmark\">PRAE divulga selecionados para Resid\u00eancias Universit\u00e1rias de Caic\u00f3<\/a><\/h3>\n<h3 class=\"entry-title td-module-title\"><a title=\"PRAE lan\u00e7a edital de segunda convoca\u00e7\u00e3o para entrega de documentos para Resid\u00eancias Universit\u00e1rias\" href=\"http:\/\/portal.uern.br\/blog\/prae-lanca-edital-de-segunda-convocacao-para-entrega-de-documentos-para-residencias-universitarias\/\" rel=\"bookmark\">PRAE lan\u00e7a edital de segunda convoca\u00e7\u00e3o para entrega de documentos para Resid\u00eancias Universit\u00e1rias<\/a><\/h3>\n<h3 class=\"entry-title td-module-title\"><a title=\"PRAE divulga cronograma de entrevistas para vagas de est\u00e1gio\" href=\"http:\/\/portal.uern.br\/blog\/prae-divulga-cronograma-de-entrevistas-para-vagas-de-estagio\/\" rel=\"bookmark\">PRAE divulga cronograma de entrevistas para vagas de est\u00e1gio<\/a><\/h3>\n<h3 class=\"entry-title td-module-title\"><a title=\"PRAE publica edital de segunda convoca\u00e7\u00e3o para o Programa de Apoio ao Estudante\" href=\"http:\/\/portal.uern.br\/blog\/prae-publica-edital-de-segunda-convocacao-para-o-programa-de-apoio-ao-estudante\/\" rel=\"bookmark\">PRAE publica edital de segunda convoca\u00e7\u00e3o para o Programa de Apoio ao Estudante<\/a><\/h3>\n<h3 class=\"entry-title td-module-title\"><a title=\"PRAE\/UERN retifica edital de segunda convoca\u00e7\u00e3o do Programa de Apoio ao Estudante\" href=\"http:\/\/portal.uern.br\/blog\/prae-uern-retifica-edital-de-segunda-convocacao-do-programa-de-apoio-ao-estudante-pae\/\" rel=\"bookmark\">PRAE\/UERN retifica edital de segunda convoca\u00e7\u00e3o do Programa de Apoio ao Estudante<\/a><\/h3>\n<h3 class=\"entry-title td-module-title\"><a title=\"PRAE altera hor\u00e1rio de entrevistas para candidatos a vagas de est\u00e1gio\" href=\"http:\/\/portal.uern.br\/blog\/prae-altera-horario-de-entrevistas-para-candidatos-a-vagas-de-estagio\/\" rel=\"bookmark\">PRAE altera hor\u00e1rio de entrevistas para candidatos a vagas de est\u00e1gio<\/a><\/h3>\n<h3 class=\"entry-title td-module-title\"><a title=\"PRAE convoca estudantes para entrevistas para vagas nas Resid\u00eancias Universit\u00e1rias\" href=\"http:\/\/portal.uern.br\/blog\/prae-convoca-estudantes-para-entrevistas-para-vagas-nas-residencias-universitarias\/\" rel=\"bookmark\">PRAE convoca estudantes para entrevistas para vagas nas Resid\u00eancias Universit\u00e1rias<\/a><\/h3>\n<h3 class=\"entry-title td-module-title\"><a title=\"PRAE divulga resultado preliminar do processo seletivo do Programa de Apoio ao Estudante\" href=\"http:\/\/portal.uern.br\/blog\/prae-divulga-resultado-preliminar-do-processo-seletivo-do-programa-de-apoio-ao-estudante\/\" rel=\"bookmark\">PRAE divulga resultado preliminar do processo seletivo do Programa de Apoio ao Estudante<\/a><\/h3>\n<h3 class=\"entry-title td-module-title\"><a title=\"PRAE divulga resultado final de sele\u00e7\u00e3o para o Programa de Apoio ao Estudante (PAE)\" href=\"http:\/\/portal.uern.br\/blog\/prae-divulga-resultado-final-do-programa-de-apoio-ao-estudante-pae\/\" rel=\"bookmark\">PRAE divulga resultado final de sele\u00e7\u00e3o para o Programa de Apoio ao Estudante (PAE)<\/a><\/h3>\n<h3 class=\"entry-title td-module-title\"><a title=\"PRAE desenvolve projetos voltados \u00e0 sa\u00fade mental dos estudantes\" href=\"http:\/\/portal.uern.br\/blog\/prae-desenvolve-projetos-voltados-a-saude-mental-dos-estudantes\/\" rel=\"bookmark\">PRAE desenvolve projetos voltados \u00e0 sa\u00fade mental dos estudantes<\/a><\/h3>\n<h3 class=\"entry-title td-module-title\"><a title=\"PRAE convoca candidato classificado em processo seletivo\" href=\"http:\/\/portal.uern.br\/blog\/prae-convoca-candidato-classificado-em-processo-seletivo\/\" rel=\"bookmark\">PRAE convoca candidato classificado em processo seletivo<\/a><\/h3>\n<h3 class=\"entry-title td-module-title\"><a title=\"PRAE retifica edital das Resid\u00eancias Universit\u00e1rias\" href=\"http:\/\/portal.uern.br\/blog\/prae-retifica-edital-das-residencias-universitarias\/\" rel=\"bookmark\">PRAE retifica edital das Resid\u00eancias Universit\u00e1rias<\/a><\/h3>\n<h3 class=\"entry-title td-module-title\"><a title=\"PRAE altera datas de entrevistas para vagas nas Resid\u00eancias Universit\u00e1rias do Campus de Patu\" href=\"http:\/\/portal.uern.br\/blog\/prae-altera-datas-de-entrevistas-para-vagas-nas-residencias-universitarias-do-campus-de-patu\/\" rel=\"bookmark\">PRAE altera datas de entrevistas para vagas nas Resid\u00eancias Universit\u00e1rias do Campus de Patu<\/a><\/h3>\n<h3 class=\"entry-title td-module-title\"><a title=\"PRAE seleciona estagi\u00e1rio para atuar na Diretoria de Educa\u00e7\u00e3o a Dist\u00e2ncia\" href=\"http:\/\/portal.uern.br\/blog\/prae-seleciona-estagiario-para-atuar-na-diretoria-de-ensino-a-distancia\/\" rel=\"bookmark\">PRAE seleciona estagi\u00e1rio para atuar na Diretoria de Educa\u00e7\u00e3o a Dist\u00e2ncia<\/a><\/h3>\n<h3 class=\"entry-title td-module-title\"><a title=\"PRAE anuncia resultado de sele\u00e7\u00e3o para Resid\u00eancia Feminina de Patu\" href=\"http:\/\/portal.uern.br\/blog\/prae-anuncia-resultado-de-selecao-para-residencia-feminina-de-patu\/\" rel=\"bookmark\">PRAE anuncia resultado de sele\u00e7\u00e3o para Resid\u00eancia Feminina de Patu<\/a><\/h3>\n<h3 class=\"entry-title td-module-title\"><a title=\"PRAE divulga cronograma de entrevistas para sele\u00e7\u00e3o de estagi\u00e1rio\" href=\"http:\/\/portal.uern.br\/blog\/prae-divulga-cronograma-de-entrevistas-para-selecao-de-estagiario\/\" rel=\"bookmark\">PRAE divulga cronograma de entrevistas para sele\u00e7\u00e3o de estagi\u00e1rio<\/a><\/h3>\n<h3 class=\"entry-title td-module-title\"><a title=\"PRAE divulga resultado de processo seletivo para est\u00e1gio n\u00e3o obrigat\u00f3rio\" href=\"http:\/\/portal.uern.br\/blog\/prae-divulga-edital-para-estagio-nao-obrigatorio\/\" rel=\"bookmark\">PRAE divulga resultado de processo seletivo para est\u00e1gio n\u00e3o obrigat\u00f3rio<\/a><\/h3>\n<h3 class=\"entry-title td-module-title\"><a title=\"PRAE reabre inscri\u00e7\u00f5es para processo seletivo de vagas nas Resid\u00eancias Universit\u00e1rias\" href=\"http:\/\/portal.uern.br\/blog\/prae-reabre-inscricoes-para-processo-seletivo-de-vagas-nas-residencias-universitarias\/\" rel=\"bookmark\">PRAE reabre inscri\u00e7\u00f5es para processo seletivo de vagas nas Resid\u00eancias Universit\u00e1rias<\/a><\/h3>\n<h3 class=\"entry-title td-module-title\"><a title=\"PRAE\/UERN abre inscri\u00e7\u00f5es para vagas remanescentes em Resid\u00eancias Universit\u00e1rias\" href=\"http:\/\/portal.uern.br\/blog\/prae-uern-abre-inscricoes-para-vagas-remanescentes-em-residencias-universitarias\/\" rel=\"bookmark\">PRAE\/UERN abre inscri\u00e7\u00f5es para vagas remanescentes em Resid\u00eancias Universit\u00e1rias<\/a><\/h3>\n<h3 class=\"entry-title td-module-title\"><a title=\"PRAE\/UERN divulga resultado de sele\u00e7\u00e3o para Resid\u00eancias Universit\u00e1rias do Campus de Ass\u00fa\" href=\"http:\/\/portal.uern.br\/blog\/prae-uern-divulga-resultado-de-selecao-para-residencias-universitarias-do-campus-de-assu\/\" rel=\"bookmark\">PRAE\/UERN divulga resultado de sele\u00e7\u00e3o para Resid\u00eancias Universit\u00e1rias do Campus de Ass\u00fa<\/a><\/h3>\n<h3 class=\"entry-title td-module-title\"><a title=\"PRAE realiza o primeiro Festival Esportivo da UERN\" href=\"http:\/\/portal.uern.br\/blog\/prae-realiza-o-primeiro-festival-esportivo-da-uern\/\" rel=\"bookmark\">PRAE realiza o primeiro Festival Esportivo da UERN<\/a><\/h3>\n<h3 class=\"entry-title td-module-title\"><a title=\"PRAE realizar\u00e1 I Semin\u00e1rio de Est\u00e1gio Curricular N\u00e3o Obrigat\u00f3rio\" href=\"http:\/\/portal.uern.br\/blog\/prae-realizara-i-seminario-de-estagio-nao-obrigatorio\/\" rel=\"bookmark\">PRAE realizar\u00e1 I Semin\u00e1rio de Est\u00e1gio Curricular N\u00e3o Obrigat\u00f3rio<\/a><\/h3>\n<h3 class=\"entry-title td-module-title\"><a title=\"PRAE convoca alunos para entrevista em sele\u00e7\u00e3o de Resid\u00eancias Universit\u00e1rias\" href=\"http:\/\/portal.uern.br\/blog\/prae-convoca-alunos-para-entrevista-em-selecao-de-residencias-universitarias\/\" rel=\"bookmark\">PRAE convoca alunos para entrevista em sele\u00e7\u00e3o de Resid\u00eancias Universit\u00e1rias<\/a><\/h3>\n<h3 class=\"entry-title td-module-title\"><a title=\"PRAE convoca selecionados para Resid\u00eancias Universit\u00e1rias\" href=\"http:\/\/portal.uern.br\/blog\/prae-convoca-selecionados-para-residencias-universitarias\/\" rel=\"bookmark\">PRAE convoca selecionados para Resid\u00eancias Universit\u00e1rias<\/a><\/h3>\n<h3 class=\"entry-title td-module-title\"><a title=\"PRAE divulga resultado preliminar para vagas remanescentes nas Resid\u00eancias Universit\u00e1rias\" href=\"http:\/\/portal.uern.br\/blog\/prae-divulga-resultado-preliminar-para-vagas-remanescentes-nas-residencias-universitarias\/\" rel=\"bookmark\">PRAE divulga resultado preliminar para vagas remanescentes nas Resid\u00eancias Universit\u00e1rias<\/a><\/h3>\n<h3 class=\"entry-title td-module-title\"><a title=\"PRAE anuncia resultado do processo de sele\u00e7\u00e3o das Resid\u00eancias Universit\u00e1rias de Mossor\u00f3, Natal e Caic\u00f3\" href=\"http:\/\/portal.uern.br\/blog\/prae-anuncia-resultado-do-processo-de-selecao-das-residencias-universitarias-de-mossoro-natal-e-caico\/\" rel=\"bookmark\">PRAE anuncia resultado do processo de sele\u00e7\u00e3o das Resid\u00eancias Universit\u00e1rias de Mossor\u00f3, Natal e&#8230;<\/a><\/h3>\n<h3 class=\"entry-title td-module-title\"><a title=\"PRAE abre reavalia\u00e7\u00e3o acad\u00eamica para residentes universit\u00e1rios e contemplados com bolsas de perman\u00eancia\" href=\"http:\/\/portal.uern.br\/blog\/prae-abre-reavaliacao-academica-para-residentes-universitarios-e-contemplados-com-bolsas-de-permanencia\/\" rel=\"bookmark\">PRAE abre reavalia\u00e7\u00e3o acad\u00eamica para residentes universit\u00e1rios e contemplados com bolsas de perman\u00eancia<\/a><\/h3>\n","protected":false},"excerpt":{"rendered":"<p>Acompanhe as nossas not\u00edcias nos links abaixo: Conselho Diretor autoriza cria\u00e7\u00e3o da PRAE e PROGEP, aprova cria\u00e7\u00e3o de Jornal Oficial e&#8230; PRAE e PROGEP \u2013 CONSUNI aprova cria\u00e7\u00e3o da Pr\u00f3-Reitoria de Assuntos Estudantis e da&#8230; Pr\u00f3-reitores de Assuntos Estudantis tomam posse UERN solicita implanta\u00e7\u00e3o dos programas \u201cCaf\u00e9 cidad\u00e3o\u201d e \u201cSopa cidad\u00e3\u201d no restaurante popular PRAE [&hellip;]<\/p>\n","protected":false},"author":3,"featured_media":0,"parent":0,"menu_order":0,"comment_status":"closed","ping_status":"closed","template":"","meta":{"footnotes":""},"class_list":["post-2723","page","type-page","status-publish","hentry"],"_links":{"self":[{"href":"https:\/\/portal.uern.br\/prae\/wp-json\/wp\/v2\/pages\/2723","targetHints":{"allow":["GET"]}}],"collection":[{"href":"https:\/\/portal.uern.br\/prae\/wp-json\/wp\/v2\/pages"}],"about":[{"href":"https:\/\/portal.uern.br\/prae\/wp-json\/wp\/v2\/types\/page"}],"author":[{"embeddable":true,"href":"https:\/\/portal.uern.br\/prae\/wp-json\/wp\/v2\/users\/3"}],"replies":[{"embeddable":true,"href":"https:\/\/portal.uern.br\/prae\/wp-json\/wp\/v2\/comments?post=2723"}],"version-history":[{"count":2,"href":"https:\/\/portal.uern.br\/prae\/wp-json\/wp\/v2\/pages\/2723\/revisions"}],"predecessor-version":[{"id":2739,"href":"https:\/\/portal.uern.br\/prae\/wp-json\/wp\/v2\/pages\/2723\/revisions\/2739"}],"wp:attachment":[{"href":"https:\/\/portal.uern.br\/prae\/wp-json\/wp\/v2\/media?parent=2723"}],"curies":[{"name":"wp","href":"https:\/\/api.w.org\/{rel}","templated":true}]}}