{"id":244,"date":"2022-09-08T16:28:10","date_gmt":"2022-09-08T19:28:10","guid":{"rendered":"https:\/\/paisdemossoro.com.br\/wordpress\/prae\/?page_id=244"},"modified":"2024-04-10T14:38:30","modified_gmt":"2024-04-10T17:38:30","slug":"programa-auxilio-creche","status":"publish","type":"page","link":"https:\/\/portal.uern.br\/prae\/programa-auxilio-creche\/","title":{"rendered":"Programa Aux\u00edlio-Creche"},"content":{"rendered":"<p>&nbsp;<\/p>\n<p><img fetchpriority=\"high\" decoding=\"async\" class=\"aligncenter wp-image-1885 size-large\" src=\"https:\/\/portal.uern.br\/prae\/wp-content\/uploads\/2024\/04\/WhatsApp-Image-2024-04-10-at-14.31.45-1-1024x512.jpeg\" alt=\"\" width=\"800\" height=\"400\" srcset=\"https:\/\/portal.uern.br\/prae\/wp-content\/uploads\/2024\/04\/WhatsApp-Image-2024-04-10-at-14.31.45-1-1024x512.jpeg 1024w, https:\/\/portal.uern.br\/prae\/wp-content\/uploads\/2024\/04\/WhatsApp-Image-2024-04-10-at-14.31.45-1-300x150.jpeg 300w, https:\/\/portal.uern.br\/prae\/wp-content\/uploads\/2024\/04\/WhatsApp-Image-2024-04-10-at-14.31.45-1-768x384.jpeg 768w, https:\/\/portal.uern.br\/prae\/wp-content\/uploads\/2024\/04\/WhatsApp-Image-2024-04-10-at-14.31.45-1-1536x768.jpeg 1536w, https:\/\/portal.uern.br\/prae\/wp-content\/uploads\/2024\/04\/WhatsApp-Image-2024-04-10-at-14.31.45-1.jpeg 1600w\" sizes=\"(max-width: 800px) 100vw, 800px\" \/><\/p>\n<p>Criado pela Resolu\u00e7\u00e3o 9\/2020 &#8211; CD, de 20 de outubro de 2020, o Aux\u00edlio-creche se constitui em aux\u00edlio financeiro destinado as(aos) estudantes regularmente matriculadas(os) nos cursos de gradua\u00e7\u00e3o presencial da Uern com filhos de idade entre 0 (zero) e 5 (cinco) anos.<\/p>\n<h5>S\u00e3o objetivos do Programa Aux\u00edlio-Creche:<\/h5>\n<ul>\n<li>Auxiliar no combate\u2000\u00e0 pobreza manifestada por meio das desigualdades sociais e regionais no interior da Uern;<\/li>\n<li>Garantir a perman\u00eancia de qualidade, assegurando\u2000aos estudantes com filhos de idade entre 0 (zero) e 5 (cinco) anos a igualdade de condi\u00e7\u00f5es no exerc\u00edcio das atividades acad\u00eamicas;<\/li>\n<li>Reduzir as taxas de reten\u00e7\u00e3o e evas\u00e3o; e<\/li>\n<li>Aumentar as taxas de sucesso acad\u00eamico das(dos) estudantes.<\/li>\n<\/ul>\n<h5>Quem pode ser benefici\u00e1rio do Aux\u00edlio-creche? Pode ser benefici\u00e1rio do Aux\u00edlio-creche o aluno que atender aos seguintes requisitos:<\/h5>\n<ul>\n<li>Comprovar situa\u00e7\u00e3o de renda que justifique a concess\u00e3o do aux\u00edlio;<\/li>\n<li>Participar de todas as etapas da avalia\u00e7\u00e3o socioecon\u00f4mica;<\/li>\n<li>Ter cursado a educa\u00e7\u00e3o b\u00e1sica integralmente em escola p\u00fablica, excetuando-se os casos de estudantes oriundos da rede privada previstos em edital;<\/li>\n<li>Estar regularmente matriculada(o) em curso de gradua\u00e7\u00e3o presencial da Uern;<\/li>\n<li>N\u00e3o possuir diploma de gradua\u00e7\u00e3o;<\/li>\n<li>N\u00e3o estar em situa\u00e7\u00e3o de trancamento volunt\u00e1rio ou compuls\u00f3rio de qualquer componente curricular obrigat\u00f3rio do per\u00edodo acad\u00eamico em curso;<\/li>\n<li>N\u00e3o possuir v\u00ednculo empregat\u00edcio, p\u00fablico ou privado, ainda que tempor\u00f3rio, excetuando-se os casos espec\u00edficos estabelecidos em edital;<\/li>\n<li>N\u00e3o ser benefici\u00e1ria(o) de outro programa socioassistencial da Uern, excetuando-se os casos espec\u00edficos estabelecidos em edital;<\/li>\n<li>N\u00e3o ser benefici\u00e1ria(o) de qualquer outro tipo de bolsa ou aux\u00edlio financeiro que ultrapasse o valor de um sal\u00e1rio-m\u00ednimo e meio; e<\/li>\n<li>N\u00e3o estar em d\u00e9bito com o Sistema Integrado de Bibliotecas da Uern.<\/li>\n<\/ul>\n<p>&nbsp;<\/p>\n<p><iframe title=\"Lan\u00e7amento do Edital do Programa Aux\u00edlio Creche\" width=\"800\" height=\"450\" src=\"https:\/\/www.youtube.com\/embed\/lXYNYWxTZT0?start=5&#038;feature=oembed\" frameborder=\"0\" allow=\"accelerometer; autoplay; clipboard-write; encrypted-media; gyroscope; picture-in-picture; web-share\" referrerpolicy=\"strict-origin-when-cross-origin\" allowfullscreen><\/iframe><\/p>\n<p>&nbsp;<\/p>\n","protected":false},"excerpt":{"rendered":"<p>&nbsp; Criado pela Resolu\u00e7\u00e3o 9\/2020 &#8211; CD, de 20 de outubro de 2020, o Aux\u00edlio-creche se constitui em aux\u00edlio financeiro destinado as(aos) estudantes regularmente matriculadas(os) nos cursos de gradua\u00e7\u00e3o presencial da Uern com filhos de idade entre 0 (zero) e 5 (cinco) anos. S\u00e3o objetivos do Programa Aux\u00edlio-Creche: Auxiliar no combate\u2000\u00e0 pobreza manifestada por meio [&hellip;]<\/p>\n","protected":false},"author":1,"featured_media":0,"parent":0,"menu_order":0,"comment_status":"closed","ping_status":"closed","template":"","meta":{"footnotes":""},"class_list":["post-244","page","type-page","status-publish","hentry"],"_links":{"self":[{"href":"https:\/\/portal.uern.br\/prae\/wp-json\/wp\/v2\/pages\/244","targetHints":{"allow":["GET"]}}],"collection":[{"href":"https:\/\/portal.uern.br\/prae\/wp-json\/wp\/v2\/pages"}],"about":[{"href":"https:\/\/portal.uern.br\/prae\/wp-json\/wp\/v2\/types\/page"}],"author":[{"embeddable":true,"href":"https:\/\/portal.uern.br\/prae\/wp-json\/wp\/v2\/users\/1"}],"replies":[{"embeddable":true,"href":"https:\/\/portal.uern.br\/prae\/wp-json\/wp\/v2\/comments?post=244"}],"version-history":[{"count":6,"href":"https:\/\/portal.uern.br\/prae\/wp-json\/wp\/v2\/pages\/244\/revisions"}],"predecessor-version":[{"id":1886,"href":"https:\/\/portal.uern.br\/prae\/wp-json\/wp\/v2\/pages\/244\/revisions\/1886"}],"wp:attachment":[{"href":"https:\/\/portal.uern.br\/prae\/wp-json\/wp\/v2\/media?parent=244"}],"curies":[{"name":"wp","href":"https:\/\/api.w.org\/{rel}","templated":true}]}}