{"id":1818,"date":"2024-03-21T16:20:02","date_gmt":"2024-03-21T19:20:02","guid":{"rendered":"https:\/\/portal.uern.br\/prae\/?page_id=1818"},"modified":"2024-03-21T16:20:02","modified_gmt":"2024-03-21T19:20:02","slug":"cursos-online","status":"publish","type":"page","link":"https:\/\/portal.uern.br\/prae\/cursos-online\/","title":{"rendered":"Cursos Online"},"content":{"rendered":"<p><a href=\"https:\/\/dead.uern.br\/capacitacoes\"><img fetchpriority=\"high\" decoding=\"async\" class=\"alignnone size-medium wp-image-1819 alignleft\" src=\"https:\/\/portal.uern.br\/prae\/wp-content\/uploads\/2024\/03\/WhatsApp-Image-2024-03-21-at-16.09.45-300x189.jpeg\" alt=\"\" width=\"300\" height=\"189\" srcset=\"https:\/\/portal.uern.br\/prae\/wp-content\/uploads\/2024\/03\/WhatsApp-Image-2024-03-21-at-16.09.45-300x189.jpeg 300w, https:\/\/portal.uern.br\/prae\/wp-content\/uploads\/2024\/03\/WhatsApp-Image-2024-03-21-at-16.09.45-1024x644.jpeg 1024w, https:\/\/portal.uern.br\/prae\/wp-content\/uploads\/2024\/03\/WhatsApp-Image-2024-03-21-at-16.09.45-768x483.jpeg 768w, https:\/\/portal.uern.br\/prae\/wp-content\/uploads\/2024\/03\/WhatsApp-Image-2024-03-21-at-16.09.45.jpeg 1080w\" sizes=\"(max-width: 300px) 100vw, 300px\" \/><\/a><\/p>\n<p>Os(as) estudantes da Uern t\u00eam acesso a minicursos online que apresentam a Institui\u00e7\u00e3o e orientam o uso do Sistema Integrado de Gest\u00e3o de Atividades Acad\u00eamicas (Sigaa) e de como criar e atualizar o Curr\u00edculo Lattes.<\/p>\n<p>Os minicursos totalizam uma carga hor\u00e1ria de at\u00e9 20 horas e est\u00e3o acess\u00edveis atrav\u00e9s do endere\u00e7o <a href=\"https:\/\/dead.uern.br\/capacitacoes\">dead.uern.br\/capacitacoes<\/a>.<\/p>\n<p>No curso \u201cPor dentro do Sigaa Uern\u201d, o(a) aluno(a) aprender\u00e1 a utilizar todas as funcionalidades do Sistema relacionadas \u00e0 matr\u00edcula, incluindo a inscri\u00e7\u00e3o em disciplinas, a verifica\u00e7\u00e3o de pr\u00e9-requisitos, gera\u00e7\u00e3o de comprovantes de matr\u00edcula e atualiza\u00e7\u00e3o cadastral.<\/p>\n<p>O curso \u201cCriar e Atualizar o Curr\u00edculo Lattes\u201d foi elaborado para auxiliar o(a) discente na constru\u00e7\u00e3o de um curr\u00edculo acad\u00eamico de destaque, essencial para a jornada acad\u00eamica e profissional. O Curr\u00edculo Lattes \u00e9 uma ferramenta fundamental para todos aqueles que buscam ingressar no mundo acad\u00eamico e cient\u00edfico. Ele n\u00e3o apenas registra as realiza\u00e7\u00f5es acad\u00eamicas, mas tamb\u00e9m destaca as contribui\u00e7\u00f5es para a pesquisa e o ensino.<\/p>\n","protected":false},"excerpt":{"rendered":"<p>Os(as) estudantes da Uern t\u00eam acesso a minicursos online que apresentam a Institui\u00e7\u00e3o e orientam o uso do Sistema Integrado de Gest\u00e3o de Atividades Acad\u00eamicas (Sigaa) e de como criar e atualizar o Curr\u00edculo Lattes. Os minicursos totalizam uma carga hor\u00e1ria de at\u00e9 20 horas e est\u00e3o acess\u00edveis atrav\u00e9s do endere\u00e7o dead.uern.br\/capacitacoes. No curso \u201cPor [&hellip;]<\/p>\n","protected":false},"author":3,"featured_media":0,"parent":0,"menu_order":0,"comment_status":"closed","ping_status":"closed","template":"","meta":{"footnotes":""},"class_list":["post-1818","page","type-page","status-publish","hentry"],"_links":{"self":[{"href":"https:\/\/portal.uern.br\/prae\/wp-json\/wp\/v2\/pages\/1818","targetHints":{"allow":["GET"]}}],"collection":[{"href":"https:\/\/portal.uern.br\/prae\/wp-json\/wp\/v2\/pages"}],"about":[{"href":"https:\/\/portal.uern.br\/prae\/wp-json\/wp\/v2\/types\/page"}],"author":[{"embeddable":true,"href":"https:\/\/portal.uern.br\/prae\/wp-json\/wp\/v2\/users\/3"}],"replies":[{"embeddable":true,"href":"https:\/\/portal.uern.br\/prae\/wp-json\/wp\/v2\/comments?post=1818"}],"version-history":[{"count":1,"href":"https:\/\/portal.uern.br\/prae\/wp-json\/wp\/v2\/pages\/1818\/revisions"}],"predecessor-version":[{"id":1820,"href":"https:\/\/portal.uern.br\/prae\/wp-json\/wp\/v2\/pages\/1818\/revisions\/1820"}],"wp:attachment":[{"href":"https:\/\/portal.uern.br\/prae\/wp-json\/wp\/v2\/media?parent=1818"}],"curies":[{"name":"wp","href":"https:\/\/api.w.org\/{rel}","templated":true}]}}