{"id":981,"date":"2023-04-20T09:12:24","date_gmt":"2023-04-20T12:12:24","guid":{"rendered":"https:\/\/portal.uern.br\/paudosferros\/?page_id=981"},"modified":"2024-06-24T08:29:54","modified_gmt":"2024-06-24T11:29:54","slug":"iv-exposicao","status":"publish","type":"page","link":"https:\/\/portal.uern.br\/paudosferros\/iv-exposicao\/","title":{"rendered":"IV Exposi\u00e7\u00e3o"},"content":{"rendered":"<p>&nbsp;<\/p>\n<p><strong>IV Exposi\u00e7\u00e3o Tem\u00e1tica<\/strong><\/p>\n<p style=\"text-align: left\">\u00a0 \u00a0 \u00a0 \u00a0No ano de 2015, o MCS e o projeto de extens\u00e3o \u201cPROCULT 2\u00aa edi\u00e7\u00e3o\u201d, coordenado pela professora Ma. Secleide Alves da Silva (Departamento de Letras Vern\u00e1culas), inauguraram a IV Exposi\u00e7\u00e3o Tem\u00e1tica intitulada \u201cAndan\u00e7as e mem\u00f3rias dos vaqueiros no Alto Oeste Potiguar\u201d, que se justifica em virtude de a hist\u00f3ria da regi\u00e3o do Semi\u00e1rido nordestino ser fortemente marcada pela presen\u00e7a do vaqueiro, sujeito que foi diretamente respons\u00e1vel pelas primeiras povoa\u00e7\u00f5es no territ\u00f3rio do Alto Oeste Potiguar e, al\u00e9m disso, marcou a hist\u00f3ria da regi\u00e3o em suas primeiras atividades econ\u00f4micas. O aboio anuncia a hist\u00f3ria daqueles que foram considerados: (i) o her\u00f3i do Sert\u00e3o quando desbravavam a caatinga em busca do gado fuj\u00e3o; (ii) o cuidador e amansador; (iii) o comboeiro e andarilho por levar a boiada abrindo caminhos e fundando povoados; (iv) o cantor cuja melodia foi feita especialmente para acalmar o gado; (v) o esportista e vaqueirama; e, por fim, (vi) o sertanejo que tem orgulho de dizer que \u00e9 ou foi vaqueiro.<\/p>\n<p>&nbsp;<\/p>\n<p><strong>BANNER:<\/strong><\/p>\n<p style=\"text-align: center\"><a href=\"https:\/\/portal.uern.br\/paudosferros\/wp-content\/uploads\/2024\/06\/banner-1.png\"><img fetchpriority=\"high\" decoding=\"async\" class=\"alignnone wp-image-2154\" src=\"https:\/\/portal.uern.br\/paudosferros\/wp-content\/uploads\/2024\/06\/banner-1-300x225.png\" alt=\"\" width=\"590\" height=\"443\" srcset=\"https:\/\/portal.uern.br\/paudosferros\/wp-content\/uploads\/2024\/06\/banner-1-300x225.png 300w, https:\/\/portal.uern.br\/paudosferros\/wp-content\/uploads\/2024\/06\/banner-1-768x576.png 768w, https:\/\/portal.uern.br\/paudosferros\/wp-content\/uploads\/2024\/06\/banner-1.png 960w\" sizes=\"(max-width: 590px) 100vw, 590px\" \/><\/a><\/p>\n<p>&nbsp;<\/p>\n<p><strong>DOCUMENT\u00c1RIO: <\/strong>Vaqueiro da lida.<\/p>\n<div style=\"width: 480px;\" class=\"wp-video\"><video class=\"wp-video-shortcode\" id=\"video-981-1\" width=\"480\" height=\"270\" preload=\"metadata\" controls=\"controls\"><source type=\"video\/mp4\" src=\"https:\/\/portal.uern.br\/paudosferros\/wp-content\/uploads\/2024\/06\/Documentario-Vaqueiros-IV-EXPOSICAO-TEMATICA-3-1.mp4?_=1\" \/><a href=\"https:\/\/portal.uern.br\/paudosferros\/wp-content\/uploads\/2024\/06\/Documentario-Vaqueiros-IV-EXPOSICAO-TEMATICA-3-1.mp4\">https:\/\/portal.uern.br\/paudosferros\/wp-content\/uploads\/2024\/06\/Documentario-Vaqueiros-IV-EXPOSICAO-TEMATICA-3-1.mp4<\/a><\/video><\/div>\n<p>Assista no YouTube:\u00a0<a href=\"https:\/\/www.youtube.com\/watch?v=_FKYkq7eGlE\">https:\/\/www.youtube.com\/watch?v=_FKYkq7eGlE<\/a><\/p>\n<p>&nbsp;<\/p>\n<p><strong>V\u00cdDEO:<\/strong> Aboio do vaqueiro Joaquim de Benvina, do munic\u00edpio de Luis Gomes\/RN.<\/p>\n<div style=\"width: 800px;\" class=\"wp-video\"><video class=\"wp-video-shortcode\" id=\"video-981-2\" width=\"800\" height=\"450\" preload=\"metadata\" controls=\"controls\"><source type=\"video\/mp4\" src=\"https:\/\/portal.uern.br\/paudosferros\/wp-content\/uploads\/2024\/06\/Aboio-do-vaqueiro-Joaquim-de-Benvina-do-municipio-de-Luis-Gomes.mp4?_=2\" \/><a href=\"https:\/\/portal.uern.br\/paudosferros\/wp-content\/uploads\/2024\/06\/Aboio-do-vaqueiro-Joaquim-de-Benvina-do-municipio-de-Luis-Gomes.mp4\">https:\/\/portal.uern.br\/paudosferros\/wp-content\/uploads\/2024\/06\/Aboio-do-vaqueiro-Joaquim-de-Benvina-do-municipio-de-Luis-Gomes.mp4<\/a><\/video><\/div>\n<p>Assista no YouTube:\u00a0<a href=\"https:\/\/www.youtube.com\/watch?v=So7BFRFebc8\">https:\/\/www.youtube.com\/watch?v=So7BFRFebc8<\/a><\/p>\n","protected":false},"excerpt":{"rendered":"<p>&nbsp; IV Exposi\u00e7\u00e3o Tem\u00e1tica \u00a0 \u00a0 \u00a0 \u00a0No ano de 2015, o MCS e o projeto de extens\u00e3o \u201cPROCULT 2\u00aa edi\u00e7\u00e3o\u201d, coordenado pela professora Ma. Secleide Alves da Silva (Departamento de Letras Vern\u00e1culas), inauguraram a IV Exposi\u00e7\u00e3o Tem\u00e1tica intitulada \u201cAndan\u00e7as e mem\u00f3rias dos vaqueiros no Alto Oeste Potiguar\u201d, que se justifica em virtude de a [&hellip;]<\/p>\n","protected":false},"author":12,"featured_media":0,"parent":0,"menu_order":0,"comment_status":"closed","ping_status":"closed","template":"","meta":{"footnotes":""},"class_list":["post-981","page","type-page","status-publish","hentry"],"_links":{"self":[{"href":"https:\/\/portal.uern.br\/paudosferros\/wp-json\/wp\/v2\/pages\/981","targetHints":{"allow":["GET"]}}],"collection":[{"href":"https:\/\/portal.uern.br\/paudosferros\/wp-json\/wp\/v2\/pages"}],"about":[{"href":"https:\/\/portal.uern.br\/paudosferros\/wp-json\/wp\/v2\/types\/page"}],"author":[{"embeddable":true,"href":"https:\/\/portal.uern.br\/paudosferros\/wp-json\/wp\/v2\/users\/12"}],"replies":[{"embeddable":true,"href":"https:\/\/portal.uern.br\/paudosferros\/wp-json\/wp\/v2\/comments?post=981"}],"version-history":[{"count":10,"href":"https:\/\/portal.uern.br\/paudosferros\/wp-json\/wp\/v2\/pages\/981\/revisions"}],"predecessor-version":[{"id":2241,"href":"https:\/\/portal.uern.br\/paudosferros\/wp-json\/wp\/v2\/pages\/981\/revisions\/2241"}],"wp:attachment":[{"href":"https:\/\/portal.uern.br\/paudosferros\/wp-json\/wp\/v2\/media?parent=981"}],"curies":[{"name":"wp","href":"https:\/\/api.w.org\/{rel}","templated":true}]}}