{"id":2505,"date":"2025-02-18T10:05:29","date_gmt":"2025-02-18T13:05:29","guid":{"rendered":"https:\/\/portal.uern.br\/paudosferros\/?post_type=destaques_&#038;p=2505"},"modified":"2025-02-20T09:17:05","modified_gmt":"2025-02-20T12:17:05","slug":"uern-pau-dos-ferros-realiza-recepcao-festiva-para-calouros-do-semestre-2025-1","status":"publish","type":"destaques_","link":"https:\/\/portal.uern.br\/paudosferros\/destaques_\/uern-pau-dos-ferros-realiza-recepcao-festiva-para-calouros-do-semestre-2025-1\/","title":{"rendered":"UERN Pau dos Ferros realiza recep\u00e7\u00e3o festiva para calouros do semestre 2025.1"},"content":{"rendered":"<p data-pm-slice=\"1 1 []\">O Campus Avan\u00e7ado da UERN Pau dos Ferros deu as boas-vindas aos seus novos estudantes do semestre 2025.1 com uma recep\u00e7\u00e3o especial, marcada por m\u00fasica e aprendizado. O Evento aconteceu no dia de ontem, 17\/02\/2025, com uma programa\u00e7\u00e3o que contou com uma apresenta\u00e7\u00e3o do Quarteto de Cordas da Filarm\u00f4nica Pauferrense, e fala dos chefes de Departamentos dos cursos.<\/p>\n<p data-pm-slice=\"1 1 []\">Al\u00e9m disso, a Aula Magna foi ministrada pelo professor Dr. Lindon Fonseca Matias, da Universidade Estadual de Campinas (UNICAMP), abordando o tema &#8220;Transformando o conhecimento: compartilhando viv\u00eancias da UNICAMP com estudantes da Gradua\u00e7\u00e3o e da P\u00f3s-Gradua\u00e7\u00e3o&#8221;. A palestra trouxe reflex\u00f5es sobre a import\u00e2ncia da troca de experi\u00eancias acad\u00eamicas e o impacto do conhecimento na forma\u00e7\u00e3o profissional e pessoal dos estudantes.<\/p>\n<p data-pm-slice=\"1 1 []\">A recep\u00e7\u00e3o festiva aos calouros refor\u00e7ou o esp\u00edrito acolhedor da UERN Pau dos Ferros, marcando o in\u00edcio de uma nova etapa na vida acad\u00eamica dos ingressantes. A institui\u00e7\u00e3o segue comprometida em oferecer um ensino de qualidade, incentivando a viv\u00eancia universit\u00e1ria de forma enriquecedora e transformadora.<\/p>\n<p>Sejam todos bem-vindos e \u00f3timo semestre 2025.1!<\/p>\n","protected":false},"featured_media":2506,"parent":0,"template":"","nivel_do_destaque_":[34],"class_list":["post-2505","destaques_","type-destaques_","status-publish","has-post-thumbnail","hentry","nivel_do_destaque_-outros-destaques"],"_links":{"self":[{"href":"https:\/\/portal.uern.br\/paudosferros\/wp-json\/wp\/v2\/destaques_\/2505","targetHints":{"allow":["GET"]}}],"collection":[{"href":"https:\/\/portal.uern.br\/paudosferros\/wp-json\/wp\/v2\/destaques_"}],"about":[{"href":"https:\/\/portal.uern.br\/paudosferros\/wp-json\/wp\/v2\/types\/destaques_"}],"wp:featuredmedia":[{"embeddable":true,"href":"https:\/\/portal.uern.br\/paudosferros\/wp-json\/wp\/v2\/media\/2506"}],"wp:attachment":[{"href":"https:\/\/portal.uern.br\/paudosferros\/wp-json\/wp\/v2\/media?parent=2505"}],"wp:term":[{"taxonomy":"nivel_do_destaque_","embeddable":true,"href":"https:\/\/portal.uern.br\/paudosferros\/wp-json\/wp\/v2\/nivel_do_destaque_?post=2505"}],"curies":[{"name":"wp","href":"https:\/\/api.w.org\/{rel}","templated":true}]}}

UERN Pau dos Ferros realiza recepção festiva para calouros do semestre 2025.1

<p data-pm-slice="1 1 []">O Campus Avançado da UERN Pau dos Ferros deu as boas-vindas aos seus novos estudantes do semestre 2025.1 com uma recepção especial, marcada por música e aprendizado. O Evento aconteceu no dia de ontem, 17/02/2025, com uma programação que contou com uma apresentação do Quarteto de Cordas da Filarmônica Pauferrense, e fala dos chefes de Departamentos dos cursos.</p>
<p data-pm-slice="1 1 []">Além disso, a Aula Magna foi ministrada pelo professor Dr. Lindon Fonseca Matias, da Universidade Estadual de Campinas (UNICAMP), abordando o tema &#8220;Transformando o conhecimento: compartilhando vivências da UNICAMP com estudantes da Graduação e da Pós-Graduação&#8221;. A palestra trouxe reflexões sobre a importância da troca de experiências acadêmicas e o impacto do conhecimento na formação profissional e pessoal dos estudantes.</p>
<p data-pm-slice="1 1 []">A recepção festiva aos calouros reforçou o espírito acolhedor da UERN Pau dos Ferros, marcando o início de uma nova etapa na vida acadêmica dos ingressantes. A instituição segue comprometida em oferecer um ensino de qualidade, incentivando a vivência universitária de forma enriquecedora e transformadora.</p>
<p>Sejam todos bem-vindos e ótimo semestre 2025.1!</p>
