{"id":945,"date":"2023-11-14T08:46:29","date_gmt":"2023-11-14T11:46:29","guid":{"rendered":"https:\/\/portal.uern.br\/paudosferros\/pedagogia\/?page_id=945"},"modified":"2025-05-28T07:53:43","modified_gmt":"2025-05-28T10:53:43","slug":"programas-formativos","status":"publish","type":"page","link":"https:\/\/portal.uern.br\/paudosferros\/pedagogia\/programas-formativos\/","title":{"rendered":"Programas Formativos"},"content":{"rendered":"<p><span style=\"color: #000000\"><span style=\"font-family: Arial, serif\"><span style=\"font-size: medium\">\u00a0 \u00a0 \u00a0 \u00a0 \u00a0 \u00a0O Curso de Pedagogia participa ativamente dos programas formativos nos \u00faltimos 05 anos, tendo desenvolvida atividade no \u00e2mbito dos seguintes programas:<\/span><\/span><\/span><\/p>\n<p align=\"justify\"><span style=\"color: #000000\"><span style=\"font-family: Arial, serif\"><span style=\"font-size: medium\"><b>Plano Nacional de Forma\u00e7\u00e3o de Professores &#8211; PARFOR<\/b><\/span><\/span><\/span><\/p>\n<p align=\"justify\"><span style=\"font-family: Times New Roman, serif\"><span style=\"font-size: medium\"><span style=\"color: #000000\"><span style=\"font-family: Arial, serif\">\u00a0 \u00a0 \u00a0 \u00a0O Departamento de Educa\u00e7\u00e3o do CAPF\/UERN vem consolidando desde 2015 a Pol\u00edtica Nacional de Forma\u00e7\u00e3o de Professores (PARFOR), \u201c[&#8230;] institu\u00edda pelo Decreto 6755\/2009, que prev\u00ea um regime de colabora\u00e7\u00e3o entre Uni\u00e3o, estados e munic\u00edpios, para a elabora\u00e7\u00e3o de um plano estrat\u00e9gico de forma\u00e7\u00e3o inicial para os professores que atuam nas escolas p\u00fablicas. A a\u00e7\u00e3o faz parte do Plano de Desenvolvimento da Educa\u00e7\u00e3o (PDE), em vigor desde abril de 2007\u201d. (MEC, 2018a)<\/span><\/span><\/span><\/span><\/p>\n<p align=\"justify\"><span style=\"font-family: Times New Roman, serif\"><span style=\"font-size: medium\"><span style=\"color: #000000\"><span style=\"font-family: Arial, serif\">\u00a0 \u00a0 \u00a0 \u00a0 \u00a0O Curso j\u00e1 formou 06 turmas na gradua\u00e7\u00e3o em Pedagogia pelo PARFOR e est\u00e1 formando mais 02 turmas que tiveram in\u00edcio neste ano de 2023. No quadro a seguir, mostramos o n\u00famero de egressos.<\/span><\/span><\/span><\/span><\/p>\n<p><a name=\"_Toc164580079\"><\/a><span style=\"color: #1f497d\"><span style=\"font-size: small\"><span style=\"color: #000000\"><span style=\"font-family: Arial, serif\"><span style=\"font-size: medium\">Quadro 23 &#8211; egressos do PARFOR Pedagogia CAPF\/UERN<\/span><\/span><\/span><\/span><\/span><\/p>\n<table class=\" aligncenter\" style=\"height: 342px;width: 77.0078%;border-color: #000000;border-style: groove\" width=\"83.391%\" cellspacing=\"0\" cellpadding=\"7\">\n<tbody>\n<tr style=\"height: 39px\" valign=\"top\">\n<td style=\"width: 17.4658%;height: 77px;border-style: groove;border-color: #000000\" rowspan=\"2\" bgcolor=\"#d9e2f3\" width=\"87\" height=\"5\">\n<p align=\"justify\"><strong><span style=\"font-family: Arial, serif\">\u00a0 \u00a0 \u00a0 \u00a0<\/span><span style=\"font-family: Arial, serif\">ANO<\/span><\/strong><\/p>\n<\/td>\n<td style=\"width: 58.9041%;height: 39px;border-style: groove;border-color: #000000\" colspan=\"2\" bgcolor=\"#b4c6e7\" width=\"331\">\n<p align=\"justify\"><strong><span style=\"font-family: Arial, serif\">\u00a0 \u00a0 \u00a0 \u00a0 \u00a0 \u00a0 \u00a0 \u00a0 \u00a0 \u00a0 \u00a0 \u00a0 \u00a0 \u00a0PEDAGOGIA<\/span><\/strong><\/p>\n<\/td>\n<td style=\"width: 42.637%;height: 77px;border-style: groove;border-color: #000000\" rowspan=\"2\" bgcolor=\"#d9e2f3\" width=\"122\">\n<p align=\"justify\"><strong><span style=\"font-family: Arial, serif\">\u00a0 TOTAL NO\u00a0 \u00a0 \u00a0 \u00a0 \u00a0 \u00a0 \u00a0ANO<\/span><\/strong><\/p>\n<\/td>\n<\/tr>\n<tr style=\"height: 38px\" valign=\"top\">\n<td style=\"width: 32.0205%;height: 38px;border-style: groove;border-color: #000000\" bgcolor=\"#b4c6e7\" width=\"174\">\n<p align=\"justify\"><strong><span style=\"font-family: Arial, serif\">\u00a0 \u00a0 \u00a0 \u00a0 \u00a0 \u00a0 \u00a01\u00ba semestre<\/span><\/strong><\/p>\n<\/td>\n<td style=\"width: 26.8836%;height: 38px;border-style: groove;border-color: #000000\" bgcolor=\"#b4c6e7\" width=\"143\">\n<p align=\"justify\"><strong><span style=\"font-family: Arial, serif\">\u00a0 \u00a0 \u00a0 \u00a0 2\u00ba semestre<\/span><\/strong><\/p>\n<\/td>\n<\/tr>\n<tr style=\"height: 52px\" valign=\"top\">\n<td style=\"width: 17.4658%;height: 52px;border-style: groove;border-color: #000000\" bgcolor=\"#d9e2f3\" width=\"87\" height=\"22\">\n<p align=\"justify\"><span style=\"font-family: Arial, serif\">\u00a0 \u00a0 \u00a0 \u00a02016<\/span><\/p>\n<\/td>\n<td style=\"width: 32.0205%;height: 52px;border-style: groove;border-color: #000000\" width=\"174\">\n<p align=\"justify\"><span style=\"font-family: Arial, serif\">\u00a0 \u00a0 \u00a0 \u00a0 \u00a0 \u00a0 \u00a0 \u00a0 \u00a0 \u00a0 58<\/span><\/p>\n<\/td>\n<td style=\"width: 26.8836%;height: 52px;border-style: groove;border-color: #000000\" width=\"143\">\n<p align=\"justify\"><span style=\"font-family: Arial, serif\">\u00a0 \u00a0 \u00a0 \u00a0 \u00a0 \u00a0 \u00a0 \u00a0 \u00a00<\/span><\/p>\n<\/td>\n<td style=\"width: 42.637%;height: 52px;border-style: groove;border-color: #000000\" bgcolor=\"#d9e2f3\" width=\"122\">\n<p align=\"justify\"><span style=\"font-family: Arial, serif\">\u00a0 \u00a0 \u00a0 \u00a0 \u00a0 \u00a0 \u00a0 58<\/span><\/p>\n<\/td>\n<\/tr>\n<tr style=\"height: 52px\" valign=\"top\">\n<td style=\"width: 17.4658%;height: 52px;border-style: groove;border-color: #000000\" bgcolor=\"#d9e2f3\" width=\"87\" height=\"24\">\n<p align=\"justify\"><span style=\"font-family: Arial, serif\">\u00a0 \u00a0 \u00a0 \u00a02020<\/span><\/p>\n<\/td>\n<td style=\"width: 32.0205%;height: 52px;border-style: groove;border-color: #000000\" width=\"174\">\n<p align=\"justify\"><span style=\"font-family: Arial, serif\">\u00a0 \u00a0 \u00a0 \u00a0 \u00a0 \u00a0 \u00a0 \u00a0 \u00a0 \u00a0 0<\/span><\/p>\n<\/td>\n<td style=\"width: 26.8836%;height: 52px;border-style: groove;border-color: #000000\" width=\"143\">\n<p align=\"justify\"><span style=\"font-family: Arial, serif\">\u00a0 \u00a0 \u00a0 \u00a0 \u00a0 \u00a0 \u00a0 \u00a0 69<\/span><\/p>\n<\/td>\n<td style=\"width: 42.637%;height: 52px;border-style: groove;border-color: #000000\" bgcolor=\"#d9e2f3\" width=\"122\">\n<p align=\"justify\"><span style=\"font-family: Arial, serif\">\u00a0 \u00a0 \u00a0 \u00a0 \u00a0 \u00a0 \u00a0 69<\/span><\/p>\n<\/td>\n<\/tr>\n<tr style=\"height: 52px\" valign=\"top\">\n<td style=\"width: 17.4658%;height: 52px;border-style: groove;border-color: #000000\" width=\"87\" height=\"22\">\n<p align=\"justify\"><span style=\"font-family: Arial, serif\">\u00a0 \u00a0 \u00a0<strong>TOTAL<\/strong><\/span><\/p>\n<\/td>\n<td style=\"width: 32.0205%;height: 52px;border-style: groove;border-color: #000000\" width=\"174\">\n<p align=\"justify\"><span style=\"font-family: Arial, serif\">\u00a0 \u00a0 \u00a0 \u00a0 \u00a0 \u00a0 \u00a0 \u00a0 \u00a0 \u00a058<\/span><\/p>\n<\/td>\n<td style=\"width: 26.8836%;height: 52px;border-style: groove;border-color: #000000\" width=\"143\">\n<p align=\"justify\"><span style=\"font-family: Arial, serif\">\u00a0 \u00a0 \u00a0 \u00a0 \u00a0 \u00a0 \u00a0 \u00a0 69<\/span><\/p>\n<\/td>\n<td style=\"width: 42.637%;height: 52px;border-style: groove;border-color: #000000\" width=\"122\">\n<p align=\"justify\"><span style=\"font-family: Arial, serif\">\u00a0 \u00a0 \u00a0 \u00a0 \u00a0 \u00a0 \u00a0127<\/span><\/p>\n<\/td>\n<\/tr>\n<\/tbody>\n<\/table>\n<p align=\"center\"><span style=\"font-family: Times New Roman, serif\"><span style=\"font-size: medium\"><span style=\"color: #000000\"><span style=\"font-family: Arial, serif\"><span style=\"font-size: small\">Fonte: Elaborado por Oliveira (2022) com dados fornecidos pela DIRCA<\/span><\/span><\/span><\/span><\/span><\/p>\n<p align=\"justify\"><span style=\"color: #000000\"><span style=\"font-family: Arial, serif\"><span style=\"font-size: medium\"><b>Programa Institucional de Bolsas de Inicia\u00e7\u00e3o \u00e0 Doc\u00eancia &#8211; PIBID e Programa de Resid\u00eancia Pedag\u00f3gica &#8211; PRP <\/b><\/span><\/span><\/span><\/p>\n<p align=\"justify\"><span style=\"color: #000000\"><span style=\"font-family: Arial, serif\"><span style=\"font-size: medium\">\u00a0 \u00a0 \u00a0 \u00a0 \u00a0 O Programa Institucional de Bolsas de Inicia\u00e7\u00e3o \u00e0 Doc\u00eancia (Pibid), \u00e9 um programa do Minist\u00e9rio da Educa\u00e7\u00e3o (MEC) que \u201coferece bolsas de inicia\u00e7\u00e3o \u00e0 doc\u00eancia aos alunos de cursos presenciais que se dediquem ao est\u00e1gio nas escolas p\u00fablicas e que, quando graduados, se comprometam com o exerc\u00edcio do magist\u00e9rio na rede p\u00fablica. O objetivo \u00e9 antecipar o v\u00ednculo entre os futuros mestres e as salas de aula da rede p\u00fablica. Com essa iniciativa, o PIBID faz uma articula\u00e7\u00e3o entre a educa\u00e7\u00e3o superior (por meio das licenciaturas), a escola e os sistemas estaduais e municipais\u201d (MEC, 2018a).<\/span><\/span><\/span><\/p>\n<p align=\"justify\"><span style=\"color: #000000\"><span style=\"font-family: Arial, serif\"><span style=\"font-size: medium\">\u00a0 \u00a0 \u00a0 \u00a0 \u00a0O curso de Pedagogia do CAPF participa ativamente das edi\u00e7\u00f5es do Programa desde o ano de 2014, contando com um n\u00famero consider\u00e1vel de docentes e discentes atuando no PIBID, al\u00e9m dos docentes da Educa\u00e7\u00e3o B\u00e1sica que atuam como supervisores.<\/span><\/span><\/span><\/p>\n<p align=\"justify\"><span style=\"color: #000000\"><span style=\"font-family: Arial, serif\"><span style=\"font-size: medium\">\u00a0 \u00a0 \u00a0 \u00a0 \u00a0 O Departamento de Educa\u00e7\u00e3o aderiu ao Programa de Resid\u00eancia Pedag\u00f3gica (PRP) ou mais conhecido como o RESPED, por compreender suas altas finalidades docentes, vista que se trata de \u201cum programa da Coordena\u00e7\u00e3o de Aperfei\u00e7oamento de Pessoal de N\u00edvel Superior-CAPES, que tem por finalidade contribuir para o aperfei\u00e7oamento da forma\u00e7\u00e3o inicial de professores da educa\u00e7\u00e3o b\u00e1sica nos cursos de licenciatura\u201d (MEC, 2022).<\/span><\/span><\/span><\/p>\n<p><a name=\"_Toc164580080\"><\/a><span style=\"color: #1f497d\"><span style=\"font-size: small\"><span style=\"color: #000000\"><span style=\"font-family: Arial, serif\"><span style=\"font-size: medium\">Quadro 24 &#8211; total de envolvidos nos programas formativos nos \u00faltimos 5 anos<\/span><\/span><\/span><\/span><\/span><\/p>\n<table style=\"width: 100%;border-collapse: collapse;border-color: #000000;border-style: inset\">\n<tbody>\n<tr>\n<td style=\"width: 44.6211%;border-style: inset;border-color: #000000;text-align: center\"><span style=\"font-size: small;font-family: arial, helvetica, sans-serif\"><span style=\"color: #000000\"><b>\u00a0 Programa<\/b><\/span><\/span><\/td>\n<td style=\"width: 19.7226%;border-style: inset;border-color: #000000;text-align: center\"><span style=\"font-size: small;font-family: arial, helvetica, sans-serif\"><span style=\"color: #000000\"><b>Discentes da gradua\u00e7\u00e3o<\/b><\/span><\/span><\/td>\n<td style=\"width: 15.9337%;border-style: inset;border-color: #000000;text-align: center\"><span style=\"font-size: small;font-family: arial, helvetica, sans-serif\"><span style=\"color: #000000\"><b>Docentes da gradua\u00e7\u00e3o<\/b><\/span><\/span><\/td>\n<td style=\"width: 19.7226%;border-style: inset;border-color: #000000;text-align: center\"><span style=\"font-size: small;font-family: arial, helvetica, sans-serif\"><span style=\"color: #000000\"><b>Docentes da Educa\u00e7\u00e3o B\u00e1sica<\/b><\/span><\/span><\/td>\n<\/tr>\n<tr>\n<td style=\"width: 44.6211%;border-style: inset;border-color: #000000\"><span style=\"font-size: 12pt;font-family: arial, helvetica, sans-serif\"><span style=\"color: #000000\">Programa Institucional de Bolsas de Inicia\u00e7\u00e3o \u00e0 doc\u00eancia &#8211; PIBID<\/span><\/span><\/td>\n<td style=\"width: 19.7226%;border-style: inset;border-color: #000000;text-align: center\"><span style=\"font-family: arial, helvetica, sans-serif\">60<\/span><\/td>\n<td style=\"width: 15.9337%;border-style: inset;border-color: #000000;text-align: center\"><span style=\"font-family: arial, helvetica, sans-serif\">06<\/span><\/td>\n<td style=\"width: 19.7226%;border-style: inset;border-color: #000000;text-align: center\"><span style=\"font-family: arial, helvetica, sans-serif\">07<\/span><\/td>\n<\/tr>\n<tr>\n<td style=\"width: 44.6211%;border-style: inset;border-color: #000000\"><span style=\"font-size: 12pt;font-family: arial, helvetica, sans-serif\"><span style=\"color: #000000\">Programa de Resid\u00eancia Pedag\u00f3gica \u2013 PRP<\/span><\/span><\/td>\n<td style=\"width: 19.7226%;border-style: inset;border-color: #000000;text-align: center\"><span style=\"font-family: arial, helvetica, sans-serif\">41<\/span><\/td>\n<td style=\"width: 15.9337%;border-style: inset;border-color: #000000;text-align: center\"><span style=\"font-family: arial, helvetica, sans-serif\">04<\/span><\/td>\n<td style=\"width: 19.7226%;border-style: inset;border-color: #000000;text-align: center\"><span style=\"font-family: arial, helvetica, sans-serif\">04<\/span><\/td>\n<\/tr>\n<tr>\n<td style=\"width: 44.6211%;border-style: inset;border-color: #000000\"><span style=\"font-size: 12pt;font-family: arial, helvetica, sans-serif\"><span style=\"color: #000000\">Programa Institucional de Monitoria<\/span><\/span><\/td>\n<td style=\"width: 19.7226%;border-style: inset;border-color: #000000;text-align: center\"><span style=\"font-family: arial, helvetica, sans-serif\">01<\/span><\/td>\n<td style=\"width: 15.9337%;border-style: inset;border-color: #000000;text-align: center\"><span style=\"font-family: arial, helvetica, sans-serif\">01<\/span><\/td>\n<td style=\"width: 19.7226%;border-style: inset;border-color: #000000;text-align: center\"><span style=\"font-family: arial, helvetica, sans-serif\">&#8211;<\/span><\/td>\n<\/tr>\n<tr>\n<td style=\"width: 44.6211%;border-style: inset;border-color: #000000\"><span style=\"font-size: 12pt;font-family: arial, helvetica, sans-serif\"><span style=\"color: #000000\"><b>Total<\/b><\/span><\/span><\/td>\n<td style=\"width: 19.7226%;border-style: inset;border-color: #000000;text-align: center\"><span style=\"font-family: arial, helvetica, sans-serif\">102<\/span><\/td>\n<td style=\"width: 15.9337%;border-style: inset;border-color: #000000;text-align: center\"><span style=\"font-family: arial, helvetica, sans-serif\">11<\/span><\/td>\n<td style=\"width: 19.7226%;border-style: inset;border-color: #000000;text-align: center\"><span style=\"font-family: arial, helvetica, sans-serif\">11<\/span><\/td>\n<\/tr>\n<\/tbody>\n<\/table>\n<p align=\"center\"><span style=\"color: #000000\"><span style=\"font-family: Arial, serif\">Fonte: DE\/CAPF\/UERN<\/span><\/span><\/p>\n<p align=\"justify\"><a name=\"_heading=h.sqyw64\"><\/a>\u00a0 \u00a0 \u00a0 \u00a0 \u00a0 \u00a0 \u00a0<span style=\"color: #000000\"><span style=\"font-family: Arial, serif\"><span style=\"font-size: medium\">Al\u00e9m dos programas mencionados, o Curso de Pedagogia vem ofertando o trabalho com o PIM na gradua\u00e7\u00e3o como uma forma de articular os conhecimentos dos discentes nos diferentes momentos do curso, visando com isso fortalecer a forma\u00e7\u00e3o na gradua\u00e7\u00e3o.<\/span><\/span><\/span><\/p>\n<p align=\"justify\">Fonte: PPC 2024<\/p>\n","protected":false},"excerpt":{"rendered":"<p>\u00a0 \u00a0 \u00a0 \u00a0 \u00a0 \u00a0O Curso de Pedagogia participa ativamente dos programas formativos nos \u00faltimos 05 anos, tendo desenvolvida atividade no \u00e2mbito dos seguintes programas: Plano Nacional de Forma\u00e7\u00e3o de Professores &#8211; PARFOR \u00a0 \u00a0 \u00a0 \u00a0O Departamento de Educa\u00e7\u00e3o do CAPF\/UERN vem consolidando desde 2015 a Pol\u00edtica Nacional de Forma\u00e7\u00e3o de Professores (PARFOR), [&hellip;]<\/p>\n","protected":false},"author":6,"featured_media":0,"parent":0,"menu_order":0,"comment_status":"closed","ping_status":"closed","template":"","meta":{"footnotes":""},"class_list":["post-945","page","type-page","status-publish","hentry"],"_links":{"self":[{"href":"https:\/\/portal.uern.br\/paudosferros\/pedagogia\/wp-json\/wp\/v2\/pages\/945","targetHints":{"allow":["GET"]}}],"collection":[{"href":"https:\/\/portal.uern.br\/paudosferros\/pedagogia\/wp-json\/wp\/v2\/pages"}],"about":[{"href":"https:\/\/portal.uern.br\/paudosferros\/pedagogia\/wp-json\/wp\/v2\/types\/page"}],"author":[{"embeddable":true,"href":"https:\/\/portal.uern.br\/paudosferros\/pedagogia\/wp-json\/wp\/v2\/users\/6"}],"replies":[{"embeddable":true,"href":"https:\/\/portal.uern.br\/paudosferros\/pedagogia\/wp-json\/wp\/v2\/comments?post=945"}],"version-history":[{"count":22,"href":"https:\/\/portal.uern.br\/paudosferros\/pedagogia\/wp-json\/wp\/v2\/pages\/945\/revisions"}],"predecessor-version":[{"id":1341,"href":"https:\/\/portal.uern.br\/paudosferros\/pedagogia\/wp-json\/wp\/v2\/pages\/945\/revisions\/1341"}],"wp:attachment":[{"href":"https:\/\/portal.uern.br\/paudosferros\/pedagogia\/wp-json\/wp\/v2\/media?parent=945"}],"curies":[{"name":"wp","href":"https:\/\/api.w.org\/{rel}","templated":true}]}}