{"id":873,"date":"2023-11-07T11:51:59","date_gmt":"2023-11-07T14:51:59","guid":{"rendered":"https:\/\/portal.uern.br\/paudosferros\/pedagogia\/?page_id=873"},"modified":"2023-11-10T10:56:40","modified_gmt":"2023-11-10T13:56:40","slug":"tecnicos","status":"publish","type":"page","link":"https:\/\/portal.uern.br\/paudosferros\/pedagogia\/tecnicos\/","title":{"rendered":"T\u00e9cnicos"},"content":{"rendered":"<p><strong>DEPARTAMENTO DE EDUCA\u00c7\u00c3O &#8211; DE\/CAPF\/UERN<\/strong><\/p>\n<ul style=\"list-style-type: disc\">\n<li><strong>Secretaria do Curso de Pedagogia<\/strong><\/li>\n<\/ul>\n<p><img decoding=\"async\" class=\"alignleft\" src=\"http:\/\/servicosweb.cnpq.br\/wspessoa\/servletrecuperafoto?tipo=1&amp;id=K4411440D2\" width=\"113\" height=\"113\" \/><\/p>\n<p>&nbsp;<\/p>\n<p style=\"text-align: left\">TNS Antonia Gerlania Viana Medeiros<\/p>\n<p>&nbsp;<\/p>\n<p>&nbsp;<\/p>\n<p>TNM Francisco Lindomar C. da Silva<\/p>\n<p>&nbsp;<\/p>\n<p>&nbsp;<\/p>\n","protected":false},"excerpt":{"rendered":"<p>DEPARTAMENTO DE EDUCA\u00c7\u00c3O &#8211; DE\/CAPF\/UERN Secretaria do Curso de Pedagogia &nbsp; TNS Antonia Gerlania Viana Medeiros &nbsp; &nbsp; TNM Francisco Lindomar C. da Silva &nbsp; &nbsp;<\/p>\n","protected":false},"author":6,"featured_media":0,"parent":0,"menu_order":0,"comment_status":"closed","ping_status":"closed","template":"","meta":{"footnotes":""},"class_list":["post-873","page","type-page","status-publish","hentry"],"_links":{"self":[{"href":"https:\/\/portal.uern.br\/paudosferros\/pedagogia\/wp-json\/wp\/v2\/pages\/873","targetHints":{"allow":["GET"]}}],"collection":[{"href":"https:\/\/portal.uern.br\/paudosferros\/pedagogia\/wp-json\/wp\/v2\/pages"}],"about":[{"href":"https:\/\/portal.uern.br\/paudosferros\/pedagogia\/wp-json\/wp\/v2\/types\/page"}],"author":[{"embeddable":true,"href":"https:\/\/portal.uern.br\/paudosferros\/pedagogia\/wp-json\/wp\/v2\/users\/6"}],"replies":[{"embeddable":true,"href":"https:\/\/portal.uern.br\/paudosferros\/pedagogia\/wp-json\/wp\/v2\/comments?post=873"}],"version-history":[{"count":18,"href":"https:\/\/portal.uern.br\/paudosferros\/pedagogia\/wp-json\/wp\/v2\/pages\/873\/revisions"}],"predecessor-version":[{"id":913,"href":"https:\/\/portal.uern.br\/paudosferros\/pedagogia\/wp-json\/wp\/v2\/pages\/873\/revisions\/913"}],"wp:attachment":[{"href":"https:\/\/portal.uern.br\/paudosferros\/pedagogia\/wp-json\/wp\/v2\/media?parent=873"}],"curies":[{"name":"wp","href":"https:\/\/api.w.org\/{rel}","templated":true}]}}