{"id":688,"date":"2023-07-19T21:43:12","date_gmt":"2023-07-20T00:43:12","guid":{"rendered":"https:\/\/portal.uern.br\/paudosferros\/pedagogia\/?page_id=688"},"modified":"2023-07-19T21:43:12","modified_gmt":"2023-07-20T00:43:12","slug":"ano-2015","status":"publish","type":"page","link":"https:\/\/portal.uern.br\/paudosferros\/pedagogia\/ano-2015\/","title":{"rendered":"ANO 2015"},"content":{"rendered":"<table dir=\"ltr\">\n<tbody>\n<tr>\n<td><strong>T\u00cdTULO<\/strong><\/td>\n<td><strong>AUTOR(A)<\/strong><\/td>\n<td><strong>ORIENTADOR(A)<\/strong><\/td>\n<\/tr>\n<tr>\n<td><\/td>\n<td><\/td>\n<td><\/td>\n<\/tr>\n<tr>\n<td><a href=\"https:\/\/www.uern.br\/controledepaginas\/portal-ano-2015\/arquivos\/3031tcc_pronto_aida_3_.pdf\" target=\"_blank\" rel=\"noopener\">\u201cO processo de inclus\u00e3o no ensino regular de um aluno com S\u00edndrome de Down: principais desafios e dificuldades\u201d<\/a><\/td>\n<td>A\u00edda Maria da Costa<\/td>\n<td><\/td>\n<\/tr>\n<tr>\n<td><a href=\"https:\/\/www.uern.br\/controledepaginas\/portal-ano-2015\/arquivos\/3031monografia_final_de_amanda_brochura.pdf\" target=\"_blank\" rel=\"noopener\">\u201cA influ\u00eancia da forma\u00e7\u00e3o inicial dos professores alfabetizadores de crian\u00e7as: os desafios do ensino-aprendizagem\u201d.<\/a><\/td>\n<td>Amanda Alexandre Ferreira Silva<\/td>\n<td><\/td>\n<\/tr>\n<tr>\n<td><a href=\"https:\/\/www.uern.br\/controledepaginas\/portal-ano-2015\/arquivos\/3031manografia_amanda_versa%C6%92o_final.pdf\" target=\"_blank\" rel=\"noopener\">\u201cAs contribui\u00e7\u00f5es do uso do texto liter\u00e1rio no processo de alfabetiza\u00e7\u00e3o no primeiro ano do ensino fundamental\u201d.<\/a><\/td>\n<td>Amanda Nath\u00e1lia dos Santos Monte<\/td>\n<td><\/td>\n<\/tr>\n<tr>\n<td><a href=\"https:\/\/www.uern.br\/controledepaginas\/portal-ano-2015\/arquivos\/3031monografia__de_ana_larice_.pdf\" target=\"_blank\" rel=\"noopener\">\u201cLeitura na escola: uma an\u00e1lise do trabalho do pedagogo e suas estrat\u00e9gias para despertar o prazer de ler\u201d.<\/a><\/td>\n<td>Ana Larice Lopes de Lima<\/td>\n<td><\/td>\n<\/tr>\n<tr>\n<td><a href=\"https:\/\/www.uern.br\/controledepaginas\/portal-ano-2015\/arquivos\/3031mon._bruna_versa%C2%A3o_final.pdf\" target=\"_blank\" rel=\"noopener\">\u201cEduca\u00e7\u00e3o e invisibilidade social na obra \u2018Quarto de Despejo\u2019 de Carolina Maria de Jesus\u201d.<\/a><\/td>\n<td>Bruna Karine de Oliveira<\/td>\n<td><\/td>\n<\/tr>\n<tr>\n<td><a href=\"https:\/\/www.uern.br\/controledepaginas\/portal-ano-2015\/arquivos\/3031mono_clediana.pdf\" target=\"_blank\" rel=\"noopener\">\u201cForma\u00e7\u00e3o superior de professores em servi\u00e7o: tens\u00f5es, desafios e potencialidades\u201d.<\/a><\/td>\n<td>Clediana Galdina da Silva<\/td>\n<td><\/td>\n<\/tr>\n<tr>\n<td><a href=\"https:\/\/www.uern.br\/controledepaginas\/portal-ano-2015\/arquivos\/3031cora_monografia_brochura.pdf\" target=\"_blank\" rel=\"noopener\">\u201cConcep\u00e7\u00f5es e poss\u00edveis contribui\u00e7\u00f5es do l\u00fadico no processo de ensino aprendizagem na educa\u00e7\u00e3o infantil\u201d.<\/a><\/td>\n<td>Cora Coralina de Lima Nascimento<\/td>\n<td><\/td>\n<\/tr>\n<tr>\n<td><a href=\"https:\/\/www.uern.br\/controledepaginas\/portal-ano-2015\/arquivos\/3031monografia_daiane_cristina_da_costa_defesa.pdf\" target=\"_blank\" rel=\"noopener\">\u201cO papel da fam\u00edlia para uma gest\u00e3o democr\u00e1tica na escola\u201d.<\/a><\/td>\n<td>Daiane Cristina da Costa<\/td>\n<td><\/td>\n<\/tr>\n<tr>\n<td><a href=\"https:\/\/www.uern.br\/controledepaginas\/portal-ano-2015\/arquivos\/3031driele.pdf\" target=\"_blank\" rel=\"noopener\">\u201cO letramento e as pr\u00e1ticas de leitura: a an\u00e1lise de uma turma do segundo ano do ensino fundamental\u201d.<\/a><\/td>\n<td>Driele Felix de Oliveira<\/td>\n<td><\/td>\n<\/tr>\n<tr>\n<td><a href=\"https:\/\/www.uern.br\/controledepaginas\/portal-ano-2015\/arquivos\/3031erica.pdf\" target=\"_blank\" rel=\"noopener\">\u201cAtendimento educacional especializado: pr\u00e1ticas pedag\u00f3gicas nas salas de recursos multifuncionais\u201d.<\/a><\/td>\n<td>\u00c9rica Karen Carlos Silva<\/td>\n<td><\/td>\n<\/tr>\n<tr>\n<td><a href=\"https:\/\/www.uern.br\/controledepaginas\/portal-ano-2015\/arquivos\/3031monografia_fernanda.pdf\" target=\"_blank\" rel=\"noopener\">\u201cO PIBID do Curso de Pedagogia do CAMEAM\/UERN: contribui\u00e7\u00f5es para a forma\u00e7\u00e3o e (auto)forma\u00e7\u00e3o de leitores\u201d.<\/a><\/td>\n<td>Fernanda Marques Fernandes<\/td>\n<td><\/td>\n<\/tr>\n<tr>\n<td><a href=\"https:\/\/www.uern.br\/controledepaginas\/portal-ano-2015\/arquivos\/3031mono_rose__pronta_digital.pdf\" target=\"_blank\" rel=\"noopener\">\u201cConstitui\u00e7\u00e3o do contador de hist\u00f3rias: experi\u00eancias no \u2018Programa Biblioteca Ambulante e Literatura nas Escolas (BALE)\u2019 e no \u2018Projeto Mirins Leitores, Grandes Mediadores\u2019.<\/a><\/td>\n<td>Francisca Roseneide Gurgel Camp\u00ealo<\/td>\n<td><\/td>\n<\/tr>\n<tr>\n<td><a href=\"https:\/\/www.uern.br\/controledepaginas\/portal-ano-2015\/arquivos\/3031monografia_de_roza%E2%80%9Angela_versa%C6%92o_digital_pdf.pdf\" target=\"_blank\" rel=\"noopener\">\u201cO uso de textos liter\u00e1rios no processo de alfabetiza\u00e7\u00e3o de crian\u00e7as atrav\u00e9s do Programa PIBID\u201d.<\/a><\/td>\n<td>Francisca Roz\u00e2ngela Gurgel Camp\u00ealo<\/td>\n<td><\/td>\n<\/tr>\n<tr>\n<td><a href=\"https:\/\/www.uern.br\/controledepaginas\/portal-ano-2015\/arquivos\/3031monografia_hamaral.pdf\" target=\"_blank\" rel=\"noopener\">\u201cTrajet\u00f3ria de vida e forma\u00e7\u00e3o de educadores (as) dos anos iniciais do ensino fundamental\u201d.<\/a><\/td>\n<td>Francisco Hamaral Nunes de Freitas<\/td>\n<td><\/td>\n<\/tr>\n<tr>\n<td><a href=\"https:\/\/www.uern.br\/controledepaginas\/portal-ano-2015\/arquivos\/3031monografia_de_narinha_pronta__(1).pdf\" target=\"_blank\" rel=\"noopener\">\u201cO docente e a sua forma\u00e7\u00e3o leitora: an\u00e1lise de suas mem\u00f3rias de leitores\u201d.<\/a><\/td>\n<td>Gilnara da Silva Almiro<\/td>\n<td><\/td>\n<\/tr>\n<tr>\n<td><a href=\"https:\/\/www.uern.br\/controledepaginas\/portal-ano-2015\/arquivos\/3031monografia_kadidja.pdf\" target=\"_blank\" rel=\"noopener\">\u201cA forma\u00e7\u00e3o do professor para atuar de forma inclusiva no ambiente escolar com crian\u00e7as diagnosticadas com TDAH\u201d.<\/a><\/td>\n<td>Iasnaia Kadidja T\u00f4rres Ferro<\/td>\n<td><\/td>\n<\/tr>\n<tr>\n<td><a href=\"https:\/\/www.uern.br\/controledepaginas\/portal-ano-2015\/arquivos\/3031monografia_de_ildiva%C2%A2nia_para_o_cd.pdf\" target=\"_blank\" rel=\"noopener\">\u201c O desafio da escola na (des)constru\u00e7\u00e3o do preconceito racial\u201d.<\/a><\/td>\n<td>Ildiv\u00e2nia Dalines Ara\u00fajo<\/td>\n<td><\/td>\n<\/tr>\n<tr>\n<td><a href=\"https:\/\/www.uern.br\/controledepaginas\/portal-ano-2015\/arquivos\/3031tcc_isabella_para_cd.pdf\" target=\"_blank\" rel=\"noopener\">\u201cContribui\u00e7\u00f5es do pacto nacional pela alfabetiza\u00e7\u00e3o na idade certa para forma\u00e7\u00e3o de professores alfabetizadores\u201d.<\/a><\/td>\n<td>Isabella Cristiana Cavalcante Alves<\/td>\n<td><\/td>\n<\/tr>\n<tr>\n<td><a href=\"https:\/\/www.uern.br\/controledepaginas\/portal-ano-2015\/arquivos\/3031jocelia_pronto_p._brochura.pdf\" target=\"_blank\" rel=\"noopener\">A crian\u00e7a e os desafios do processo de leitura nos anos iniciais\u201d.<\/a><\/td>\n<td>Josefa Joc\u00e9lia da Concei\u00e7\u00e3o Torres.<\/td>\n<td><\/td>\n<\/tr>\n<tr>\n<td><a href=\"https:\/\/www.uern.br\/controledepaginas\/portal-ano-2015\/arquivos\/3031monografia_de_raul_10.07.2016.pdf\" target=\"_blank\" rel=\"noopener\">\u201cPol\u00edticas de cotas raciais: a vis\u00e3o discente sobre condi\u00e7\u00f5es de acesso na universidade\u201d.<\/a><\/td>\n<td>Jos\u00e9 Raul de Sousa<\/td>\n<td><\/td>\n<\/tr>\n<tr>\n<td><a href=\"https:\/\/www.uern.br\/controledepaginas\/portal-ano-2015\/arquivos\/3031monografia_final.pdf\" target=\"_blank\" rel=\"noopener\">\u201cA pr\u00e1tica docente diante da manifesta\u00e7\u00e3o da sexualidade na educa\u00e7\u00e3o infantil\u201d.<\/a><\/td>\n<td>Karla Pricila de Oliveira Farias<\/td>\n<td><\/td>\n<\/tr>\n<tr>\n<td><a href=\"https:\/\/www.uern.br\/controledepaginas\/portal-ano-2015\/arquivos\/3031monografia_keliane_martins_de_queiroz.pdf\" target=\"_blank\" rel=\"noopener\">\u201cInclus\u00e3o de crian\u00e7as com defici\u00eancia na educa\u00e7\u00e3o infantil: entraves, desafios e pr\u00e1ticas\u201d.<\/a><\/td>\n<td>Keliane Martins de Queiroz<\/td>\n<td><\/td>\n<\/tr>\n<tr>\n<td><a href=\"https:\/\/www.uern.br\/controledepaginas\/portal-ano-2015\/arquivos\/3031mono_lucina%C2%A1ria_para_correa%C2%A7a%C2%B5es_1.pdf\" target=\"_blank\" rel=\"noopener\">\u201cA atua\u00e7\u00e3o docente frente \u00e0s dificuldades de aprendizagem de crian\u00e7as no processo de aquisi\u00e7\u00e3o de leitura e escrita\u201d.<\/a><\/td>\n<td>Lucin\u00e1ria David Soares<\/td>\n<td><\/td>\n<\/tr>\n<tr>\n<td><a href=\"https:\/\/www.uern.br\/controledepaginas\/portal-ano-2015\/arquivos\/3031mono_final_fatima_deposito_01_f_1.pdf\" target=\"_blank\" rel=\"noopener\">\u201cA motiva\u00e7\u00e3o (ou desmotiva\u00e7\u00e3o) do futuro pedagogo para o exerc\u00edcio da carreira profissional\u201d.<\/a><\/td>\n<td>Maria de F\u00e1tima Souza<\/td>\n<td><\/td>\n<\/tr>\n<tr>\n<td><a href=\"https:\/\/www.uern.br\/controledepaginas\/portal-ano-2015\/arquivos\/3031monografia_imaculada.pdf\" target=\"_blank\" rel=\"noopener\">\u201cA forma\u00e7\u00e3o dos valores \u00e9ticos no ensino fundamental\u201d.<\/a><\/td>\n<td>Maria Imaculada da Concei\u00e7\u00e3o Aquino<\/td>\n<td><\/td>\n<\/tr>\n<tr>\n<td><a href=\"https:\/\/www.uern.br\/controledepaginas\/portal-ano-2015\/arquivos\/3031monografia_neyanne.pdf\" target=\"_blank\" rel=\"noopener\">Alfabetiza\u00e7\u00e3o de crian\u00e7as: o papel do l\u00fadico no processo de ensino-aprendizagem\u201d.<\/a><\/td>\n<td>Maria Neyanne R\u00eago Batalha<\/td>\n<td><\/td>\n<\/tr>\n<tr>\n<td><a href=\"https:\/\/www.uern.br\/controledepaginas\/portal-ano-2015\/arquivos\/3031monografia_valdete.pdf\" target=\"_blank\" rel=\"noopener\">\u201cTrajet\u00f3ria do aluno negro no\u00a0<em>Campus<\/em>\u00a0Avan\u00e7ado Prof\u00aa Maria Elisa de Albuquerque Maia: desafios e possibilidades\u201d.<\/a><\/td>\n<td>Maria Valdete da Silva<\/td>\n<td><\/td>\n<\/tr>\n<tr>\n<td><a href=\"https:\/\/www.uern.br\/controledepaginas\/portal-ano-2015\/arquivos\/3031monografia_na%C2%A1rgila_santos_01.07.pdf\" target=\"_blank\" rel=\"noopener\">\u201cO grupo de educadores Google (GEG) e o seu potencial formativo para a educa\u00e7\u00e3o\u201d.<\/a><\/td>\n<td>N\u00e1rgila de Souza Santos<\/td>\n<td><\/td>\n<\/tr>\n<tr>\n<td><a href=\"https:\/\/www.uern.br\/controledepaginas\/portal-ano-2015\/arquivos\/3031monografia_renata_paiva_de_freitas.pdf\" target=\"_blank\" rel=\"noopener\">\u201cReconto de hist\u00f3rias e autoforma\u00e7\u00e3o: refazer personagem e fazer-se leitor\u201d.<\/a><\/td>\n<td>Renata Paiva de Freitas<\/td>\n<td><\/td>\n<\/tr>\n<tr>\n<td><a href=\"https:\/\/www.uern.br\/controledepaginas\/portal-ano-2015\/arquivos\/3031sheila.pdf\" target=\"_blank\" rel=\"noopener\">\u201cA sexualidade feminina na obra o \u2018O segundo sexo\u2019 de Simone de Beauvoir\u201d.<\/a><\/td>\n<td>Sheila Danielle Fernandes de Souza<\/td>\n<td><\/td>\n<\/tr>\n<tr>\n<td><a href=\"https:\/\/www.uern.br\/controledepaginas\/portal-ano-2015\/arquivos\/3031monografia_brochura_sa%C2%B4nia_maria_do_nascimento_pedagogia.pdf\" target=\"_blank\" rel=\"noopener\">&#8220;Os jogos pedag\u00f3gicos no processo de aprendizagem de crian\u00e7as com defici\u00eancia intelectual: um estudo bibliogr\u00e1fico\u201d.<\/a><\/td>\n<td>S\u00f4nia Maria do Nascimento<\/td>\n<td><\/td>\n<\/tr>\n<tr>\n<td><a href=\"https:\/\/www.uern.br\/controledepaginas\/portal-ano-2015\/arquivos\/3031walkiria_tatiane.pdf\" target=\"_blank\" rel=\"noopener\">\u201cDa universidade ao mundo do trabalho: um estudo sobre a identidade socioprofissional dos egressos de pedagogia UERN\/CAMEAM\u201d.<\/a><\/td>\n<td>Valkiria Tatiane Pereira Bessa<\/td>\n<td><\/td>\n<\/tr>\n<tr>\n<td><a href=\"https:\/\/www.uern.br\/controledepaginas\/portal-ano-2015\/arquivos\/3031monografia_virginia.pdf\" target=\"_blank\" rel=\"noopener\">\u201cA import\u00e2ncia do jogo no processo ensino aprendizagem de matem\u00e1tica no quinto ano do ensino fundamental\u201d.<\/a><\/td>\n<td>Virginia Graciella Viana da Silva<\/td>\n<\/tr>\n<\/tbody>\n<\/table>\n","protected":false},"excerpt":{"rendered":"<p>T\u00cdTULO AUTOR(A) ORIENTADOR(A) \u201cO processo de inclus\u00e3o no ensino regular de um aluno com S\u00edndrome de Down: principais desafios e dificuldades\u201d A\u00edda Maria da Costa \u201cA influ\u00eancia da forma\u00e7\u00e3o inicial dos professores alfabetizadores de crian\u00e7as: os desafios do ensino-aprendizagem\u201d. Amanda Alexandre Ferreira Silva \u201cAs contribui\u00e7\u00f5es do uso do texto liter\u00e1rio no processo de alfabetiza\u00e7\u00e3o no [&hellip;]<\/p>\n","protected":false},"author":1,"featured_media":0,"parent":0,"menu_order":0,"comment_status":"closed","ping_status":"closed","template":"","meta":{"footnotes":""},"class_list":["post-688","page","type-page","status-publish","hentry"],"_links":{"self":[{"href":"https:\/\/portal.uern.br\/paudosferros\/pedagogia\/wp-json\/wp\/v2\/pages\/688","targetHints":{"allow":["GET"]}}],"collection":[{"href":"https:\/\/portal.uern.br\/paudosferros\/pedagogia\/wp-json\/wp\/v2\/pages"}],"about":[{"href":"https:\/\/portal.uern.br\/paudosferros\/pedagogia\/wp-json\/wp\/v2\/types\/page"}],"author":[{"embeddable":true,"href":"https:\/\/portal.uern.br\/paudosferros\/pedagogia\/wp-json\/wp\/v2\/users\/1"}],"replies":[{"embeddable":true,"href":"https:\/\/portal.uern.br\/paudosferros\/pedagogia\/wp-json\/wp\/v2\/comments?post=688"}],"version-history":[{"count":1,"href":"https:\/\/portal.uern.br\/paudosferros\/pedagogia\/wp-json\/wp\/v2\/pages\/688\/revisions"}],"predecessor-version":[{"id":689,"href":"https:\/\/portal.uern.br\/paudosferros\/pedagogia\/wp-json\/wp\/v2\/pages\/688\/revisions\/689"}],"wp:attachment":[{"href":"https:\/\/portal.uern.br\/paudosferros\/pedagogia\/wp-json\/wp\/v2\/media?parent=688"}],"curies":[{"name":"wp","href":"https:\/\/api.w.org\/{rel}","templated":true}]}}