{"id":662,"date":"2023-07-19T21:35:35","date_gmt":"2023-07-20T00:35:35","guid":{"rendered":"https:\/\/portal.uern.br\/paudosferros\/pedagogia\/?page_id=662"},"modified":"2024-12-04T12:11:27","modified_gmt":"2024-12-04T15:11:27","slug":"discentes","status":"publish","type":"page","link":"https:\/\/portal.uern.br\/paudosferros\/pedagogia\/discentes\/","title":{"rendered":"Discentes"},"content":{"rendered":"<h5 class=\"western\"><span style=\"font-family: inherit\"><b>SIGAA UERN<\/b><\/span><\/h5>\n<h5 class=\"western\"><span style=\"font-family: inherit\"><b>Procedimentos:<\/b><\/span><\/h5>\n<p>Consulte o tutorial,\u00a0clicando no link abaixo:<\/p>\n<p><a href=\"http:\/\/portal.uern.br\/wp-content\/uploads\/2023\/03\/SiGAA-Tutorial-de-cadastro-e-recuperacao-de-login-e-senha-PARA-ESTUDANTES.pdf\" target=\"_blank\" rel=\"noopener\"><span style=\"color: #cc3366\">SIGAA &#8211; UERN &#8211; Tutorial de cadastro e recupera\u00e7\u00e3o de login e senha discente<\/span><\/a><\/p>\n<p><a href=\"https:\/\/youtu.be\/ukf9Snm2U1U?si=dbtNAjX4vBGX5KLu\" target=\"_blank\" rel=\"noopener\"><span style=\"color: #cc3366\">SIGAA \u2013 UERN &#8211; Tutorial solicita\u00e7\u00e3o de matricula discente<\/span><\/a><\/p>\n<p>Para mais Tutoriais acesse:\u00a0<a href=\"http:\/\/www.youtube.com\/@PROEGSIGAA\" target=\"_blank\" rel=\"noopener\"><span style=\"color: #cc3366\">http:\/\/www.youtube.com\/@PROEGSIGAA<\/span><\/a><\/p>\n<p>&nbsp;<\/p>\n<hr \/>\n<p><strong><b>REQUERIMENTO DE 2\u00aa <\/b><\/strong><strong><b>CHAMADA \u2013 DE\/CAPF\/UERN<\/b><\/strong><\/p>\n<h5 class=\"western\"><span style=\"font-family: inherit;color: #000000\"><b>Regimento Geral da UERN<\/b><\/span><\/h5>\n<p>Aprovado pela Resolu\u00e7\u00e3o N.\u00ba 01\/2022 \u2013 Consuni, de 8 de fevereiro de 2022, e publicado no Jouern do dia 11 de fevereiro de 2022.<\/p>\n<p>(\u2026)<\/p>\n<p>Art. 141. O(A) discente que faltar ou deixar de realizar qualquer uma das avalia\u00e7\u00f5es poder\u00e1 solicitar, no prazo de dois dias \u00fateis, na secretaria do departamento que oferta o componente curricular, a oportunidade de realiz\u00e1-la em segunda chamada.<\/p>\n<p>\u00a71\u00ba O requerimento dever\u00e1 ser justificado, cabendo ao(\u00e0) professor(a) do componente emitir decis\u00e3o.<\/p>\n<p>\u00a7 2\u00ba Caso a decis\u00e3o seja favor\u00e1vel, o(a) professor(a) j\u00e1 dever\u00e1, no prazo m\u00e1ximo de cinco dias \u00fateis, informar a data de realiza\u00e7\u00e3o da segunda chamada, que poder\u00e1 ocorrer em at\u00e9 15 dias \u00fateis.<\/p>\n<p>\u00a7 3\u00ba Caso a decis\u00e3o seja desfavor\u00e1vel, o(a) discente poder\u00e1 interpor recurso ao Colegiado do Departamento, no prazo de cinco dias \u00fateis.<\/p>\n<p>(\u2026)<\/p>\n<h6 class=\"western\"><span style=\"font-family: inherit;font-size: 10pt\"><b>Link para o Formul\u00e1rio:\u00a0<a href=\"https:\/\/portal.uern.br\/paudosferros\/pedagogia\/wp-content\/uploads\/sites\/11\/2024\/08\/REQUERIMENTO-2a-Chamada-DE.pdf\" target=\"_blank\" rel=\"noopener\">REQUERIMENTO 2\u00aa CHAMADA &#8211; DE\/CAPF<\/a><\/b><\/span><\/h6>\n<hr \/>\n<h5 class=\"western\"><strong><span style=\"font-family: inherit\"><b>APROVEITAMENTO DE ESTUDO<\/b><\/span><\/strong><\/h5>\n<ul>\n<li><a href=\"https:\/\/www.uern.br\/controledepaginas\/uern-dirca-formularios-unidades-academicas\/arquivos\/4151ae_automatico.pdf\" target=\"_blank\" rel=\"noopener\"><span style=\"color: #cc3366\"><span style=\"font-size: medium\">Requerimento de aproveitamento de estudo realizado na UERN \u2013 Autom\u00e1tico\u00a0<\/span><\/span><\/a><\/li>\n<li><a href=\"https:\/\/www.uern.br\/controledepaginas\/uern-dirca-formularios-unidades-academicas\/arquivos\/4151ae_apreciacao.pdf\" target=\"_blank\" rel=\"noopener\"><span style=\"color: #cc3366\"><span style=\"font-size: medium\">Requerimento de aproveitamento de estudo realizado na UERN \u2013 Com aprecia\u00e7\u00e3o departamental<\/span><\/span><\/a><\/li>\n<li><a href=\"https:\/\/www.uern.br\/controledepaginas\/uern-dirca-formularios-unidades-academicas\/arquivos\/4151ae_outra_ies.pdf\" target=\"_blank\" rel=\"noopener\"><span style=\"color: #cc3366\"><span style=\"font-size: medium\">Requerimento de aproveitamento de estudo realizado em outra IES<\/span><\/span><\/a><\/li>\n<\/ul>\n<p>&nbsp;<\/p>\n<p>Documentos para serem anexados ao pedido:<br \/>\n\u2013 Hist\u00f3rico escolar atualizado;<br \/>\n\u2013 Programa(s) de disciplina(s) integralizada(s);<br \/>\n\u2013 Sistema de verifica\u00e7\u00e3o do rendimento escolar da IES de origem (quando o hist\u00f3rico escolar expressar a pontua\u00e7\u00e3o do rendimento, diferente de 0,0 a 10,0).<\/p>\n<hr \/>\n<p><strong><b>LINKS IMPORTANTES:<\/b><\/strong><\/p>\n<p><a href=\"https:\/\/portal.uern.br\/fad\/wp-content\/uploads\/2022\/09\/6738uern_regimento_geral_2022.pdf\" target=\"_blank\" rel=\"noopener\"><span style=\"color: #cc3366\">Regimento Geral da UERN<\/span><\/a><\/p>\n<p>Aprovado pela Resolu\u00e7\u00e3o N.\u00ba 01\/2022 \u2013 Consuni, de 8 de fevereiro de 2022, e publicado no Jouern do dia 11 de fevereiro de 2022; Alterado pela Resolu\u00e7\u00e3o N\u00ba 11\/2022 \u2013 Consuni de 29 de novembro de 2022 e publicada no Jouern do dia 13 de dezembro de 2022.<\/p>\n<hr \/>\n<p><a href=\"https:\/\/www.uern.br\/controledepaginas\/Proeg-L.Interna\/arquivos\/3129resolua%C2%A7a%C2%A3o_026_2017.consepe_novo_rcg.pdf\" target=\"_blank\" rel=\"noopener\"><span style=\"color: #cc3366\">Resolu\u00e7\u00e3o 26\/2017 \u2013 CONSEPE<\/span><\/a><\/p>\n<p>Aprova O Regulamento de Cursos de Gradua\u00e7\u00e3o da UERN.<\/p>\n<hr \/>\n<h5 class=\"western\"><span style=\"font-size: 12pt\"><strong><span style=\"font-family: inherit\"><b>SOLICITAR DOCUMENTOS E SERVI\u00c7OS \u00c0 DIRCA:<\/b><\/span><\/strong><\/span><\/h5>\n<p><a href=\"https:\/\/www.uern.br\/controledepaginas\/documentos-legislacao-ensino\/arquivos\/0065resolucao_n0_2018_18___cd___atualiza_os_valores_constantes_no_anexo_da_resolucao_n0_2017_02_a%E2%82%AC%E2%80%9C_cd.pdf\"><strong>Resolu\u00e7\u00e3o N\u00ba 18\/2018-CD UERN<\/strong><\/a> &#8211; Atualiza os crit\u00e9rios referentes a expedi\u00e7\u00e3o de documentos acad\u00eamicos.<\/p>\n<ul>\n<li><strong><b>D<\/b><\/strong><strong><b>ocumentos acad\u00eamicos<\/b><\/strong><\/li>\n<\/ul>\n<p><a href=\"https:\/\/docs.google.com\/forms\/d\/e\/1FAIpQLScpV1tjjf1QU1801Y6jKqlD-_8Iknb0C7uRt9WvuylsR1pjog\/viewform\" target=\"_blank\" rel=\"noopener\"><span style=\"color: #cc3366\">https:\/\/docs.google.com\/forms\/d\/e\/1FAIpQLScpV1tjjf1QU1801Y6jKqlD-_8Iknb0C7uRt9WvuylsR1pjog\/viewform<\/span><\/a><\/p>\n<p>Tipos de Documentos:<br \/>\n\u2013 Hist\u00f3rico;<br \/>\n\u2013 Certid\u00e3o;<br \/>\n\u2013 Declara\u00e7\u00e3o;<br \/>\n\u2013 Diploma;<br \/>\n\u2013 Outros.<\/p>\n<ul>\n<li><b>S<\/b><b>ervi\u00e7os acad\u00eamicos:<\/b><\/li>\n<\/ul>\n<p><a href=\"https:\/\/docs.google.com\/forms\/d\/e\/1FAIpQLSfN6ql2ck0ywmXwR204e3MnTdnioi8-LiwydXWELa_05AMOAQ\/viewform\" target=\"_blank\" rel=\"noopener\"><span style=\"color: #cc3366\">https:\/\/docs.google.com\/forms\/d\/e\/1FAIpQLSfN6ql2ck0ywmXwR204e3MnTdnioi8-LiwydXWELa_05AMOAQ\/viewform<\/span><\/a><\/p>\n<p>Exemplos de Servi\u00e7os:<br \/>\n\u2013 Altera\u00e7\u00e3o de Nome;<br \/>\n\u2013 Atualiza\u00e7\u00e3o de documento (RG) ou filia\u00e7\u00e3o (nome do pai ou da m\u00e3e);<br \/>\n\u2013 Cola\u00e7\u00e3o Extraordin\u00e1ria;<br \/>\n\u2013 Desligamento do Curso (j\u00e1 tendo iniciado aulas);<br \/>\n\u2013 Cancelamento no Curso (efetuado matr\u00edcula, mas n\u00e3o iniciado as aulas);<br \/>\n\u2013 etc.<\/p>\n<p>Para mais informa\u00e7\u00f5es, consulte a p\u00e1gina da <a href=\"https:\/\/portal.uern.br\/proeg\/dirca\/\" target=\"_blank\" rel=\"noopener\"><span style=\"color: #cc3366\">DIRCA<\/span><\/a><\/p>\n<p>&nbsp;<\/p>\n","protected":false},"excerpt":{"rendered":"<p>SIGAA UERN Procedimentos: Consulte o tutorial,\u00a0clicando no link abaixo: SIGAA &#8211; UERN &#8211; Tutorial de cadastro e recupera\u00e7\u00e3o de login e senha discente SIGAA \u2013 UERN &#8211; Tutorial solicita\u00e7\u00e3o de matricula discente Para mais Tutoriais acesse:\u00a0http:\/\/www.youtube.com\/@PROEGSIGAA &nbsp; REQUERIMENTO DE 2\u00aa CHAMADA \u2013 DE\/CAPF\/UERN Regimento Geral da UERN Aprovado pela Resolu\u00e7\u00e3o N.\u00ba 01\/2022 \u2013 Consuni, de [&hellip;]<\/p>\n","protected":false},"author":1,"featured_media":0,"parent":0,"menu_order":0,"comment_status":"closed","ping_status":"closed","template":"","meta":{"footnotes":""},"class_list":["post-662","page","type-page","status-publish","hentry"],"_links":{"self":[{"href":"https:\/\/portal.uern.br\/paudosferros\/pedagogia\/wp-json\/wp\/v2\/pages\/662","targetHints":{"allow":["GET"]}}],"collection":[{"href":"https:\/\/portal.uern.br\/paudosferros\/pedagogia\/wp-json\/wp\/v2\/pages"}],"about":[{"href":"https:\/\/portal.uern.br\/paudosferros\/pedagogia\/wp-json\/wp\/v2\/types\/page"}],"author":[{"embeddable":true,"href":"https:\/\/portal.uern.br\/paudosferros\/pedagogia\/wp-json\/wp\/v2\/users\/1"}],"replies":[{"embeddable":true,"href":"https:\/\/portal.uern.br\/paudosferros\/pedagogia\/wp-json\/wp\/v2\/comments?post=662"}],"version-history":[{"count":28,"href":"https:\/\/portal.uern.br\/paudosferros\/pedagogia\/wp-json\/wp\/v2\/pages\/662\/revisions"}],"predecessor-version":[{"id":1237,"href":"https:\/\/portal.uern.br\/paudosferros\/pedagogia\/wp-json\/wp\/v2\/pages\/662\/revisions\/1237"}],"wp:attachment":[{"href":"https:\/\/portal.uern.br\/paudosferros\/pedagogia\/wp-json\/wp\/v2\/media?parent=662"}],"curies":[{"name":"wp","href":"https:\/\/api.w.org\/{rel}","templated":true}]}}