{"id":163,"date":"2023-02-05T19:02:11","date_gmt":"2023-02-05T22:02:11","guid":{"rendered":"http:\/\/beta.apps.uern.br\/wordpress\/paudosferros\/geografia\/?page_id=163"},"modified":"2024-01-29T09:30:45","modified_gmt":"2024-01-29T12:30:45","slug":"apresentacao","status":"publish","type":"page","link":"https:\/\/portal.uern.br\/paudosferros\/geografia\/","title":{"rendered":"Apresenta\u00e7\u00e3o"},"content":{"rendered":"<p>Seja bem-vindo (a) \u00e0 p\u00e1gina do Curso de Licenciatura em Geografia do Campus Avan\u00e7ado de Pau dos Ferros &#8211; Universidade do Estado do Rio Grande do Norte &#8211; UERN.<\/p>\n<p>Para mais informa\u00e7\u00f5es clique no link de acesso \u00e0 p\u00e1gina do Departamento de Geografia: <a href=\"https:\/\/portal.uern.br\/paudosferros\/dge\/\">https:\/\/portal.uern.br\/paudosferros\/dge\/<\/a>.<\/p>\n","protected":false},"excerpt":{"rendered":"<p>Seja bem-vindo (a) \u00e0 p\u00e1gina do Curso de Licenciatura em Geografia do Campus Avan\u00e7ado de Pau dos Ferros &#8211; Universidade do Estado do Rio Grande do Norte &#8211; UERN. Para mais informa\u00e7\u00f5es clique no link de acesso \u00e0 p\u00e1gina do Departamento de Geografia: https:\/\/portal.uern.br\/paudosferros\/dge\/.<\/p>\n","protected":false},"author":1,"featured_media":0,"parent":0,"menu_order":0,"comment_status":"closed","ping_status":"closed","template":"","meta":{"footnotes":""},"class_list":["post-163","page","type-page","status-publish","hentry"],"_links":{"self":[{"href":"https:\/\/portal.uern.br\/paudosferros\/geografia\/wp-json\/wp\/v2\/pages\/163","targetHints":{"allow":["GET"]}}],"collection":[{"href":"https:\/\/portal.uern.br\/paudosferros\/geografia\/wp-json\/wp\/v2\/pages"}],"about":[{"href":"https:\/\/portal.uern.br\/paudosferros\/geografia\/wp-json\/wp\/v2\/types\/page"}],"author":[{"embeddable":true,"href":"https:\/\/portal.uern.br\/paudosferros\/geografia\/wp-json\/wp\/v2\/users\/1"}],"replies":[{"embeddable":true,"href":"https:\/\/portal.uern.br\/paudosferros\/geografia\/wp-json\/wp\/v2\/comments?post=163"}],"version-history":[{"count":7,"href":"https:\/\/portal.uern.br\/paudosferros\/geografia\/wp-json\/wp\/v2\/pages\/163\/revisions"}],"predecessor-version":[{"id":815,"href":"https:\/\/portal.uern.br\/paudosferros\/geografia\/wp-json\/wp\/v2\/pages\/163\/revisions\/815"}],"wp:attachment":[{"href":"https:\/\/portal.uern.br\/paudosferros\/geografia\/wp-json\/wp\/v2\/media?parent=163"}],"curies":[{"name":"wp","href":"https:\/\/api.w.org\/{rel}","templated":true}]}}